CREATE TABLE `event_block` (
  `id` int(11) NOT NULL AUTO_INCREMENT,
  `cms_headline` varchar(255) NOT NULL DEFAULT '',
  `image` varchar(255) NOT NULL,
  `title` varchar(255) NOT NULL DEFAULT '',
  `event_dates` varchar(255) NOT NULL,
  `description` text NOT NULL,
  `link` varchar(255) NOT NULL,
  `cms_active` tinyint(1) NOT NULL DEFAULT '1',
  `cms_deleted` tinyint(1) NOT NULL DEFAULT '0',
  `cms_draft` tinyint(1) NOT NULL DEFAULT '0',
  `cms_created` datetime NOT NULL,
  `cms_modified` datetime NOT NULL,
  `cms_modified_by_user` int(11) NOT NULL DEFAULT '0',
  PRIMARY KEY (`id`),
  KEY `cms_active` (`cms_active`),
  KEY `cms_deleted` (`cms_deleted`)
) ENGINE=InnoDB DEFAULT CHARSET=utf8;

INSERT INTO `event_block` (`id`, `cms_headline`, `image`, `title`, `event_dates`, `description`, `link`, `cms_active`, `cms_deleted`, `cms_draft`, `cms_created`, `cms_modified`, `cms_modified_by_user`) VALUES
(23,	'NYSCC Suppliers Day',	'/upload/news_item/23/cdae30800a53/12748027_575572582590183_5546285147648439698_o.jpg',	'NYSCC Suppliers Day',	'',	'',	'https://nyscc.org/suppliers-day',	1,	0,	0,	'2016-03-02 14:26:04',	'2016-03-02 14:26:04',	8),
(39,	'2018 NYSCC Suppliers Day',	'/upload/news_item/39/cf12814a694b/2018-nyscc-suppliers-day.jpg',	'2018 NYSCC <br> Suppliers Day',	'May 15-16, 2018',	'<p>Visit Botaneco at booth #549 at the 2018 NYSCC Suppliers Day on May 15 &amp; 16.</p>\r\n',	'https://nysuppliers18.mapyourshow.com/7_0/exhibitor/exhibitor-details.cfm?ExhID=1044',	1,	0,	0,	'2018-03-18 10:26:22',	'2018-07-30 15:29:38',	11),
(40,	'Happi\'s Anti-Aging Conference',	'/upload/news_item/40/71b2e46bf90b/cropped-header-right.jpg',	'Happi\'s Anti-Aging Conference',	'May 15-16, 2018',	'<p>Visit us at our booth at&nbsp;the Jacob Javits Convention Center, May 15 &amp; 16, 2018.</p>\r\n',	'http://conference.happi.com/',	1,	0,	0,	'2018-04-11 10:45:46',	'2018-08-01 22:10:34',	2),
(41,	'InCosmetics North America 2018',	'/upload/news_item/41/b60dc537298c/5a4341f30291e.png',	'InCosmetics <br> North America 2018',	'October 17-18, 2018',	'<p>Visit us at the InCosmetics North America exhibition on October 17-18, 2018 in NYC.</p>\r\n',	'http://northamerica.in-cosmetics.com/',	1,	0,	0,	'2018-04-11 22:50:23',	'2018-07-30 15:22:23',	11),
(42,	'NYSCC Suppliers Day 2019',	'/upload/event_block/42/d601f52ef0b4/nyscc_mailchimp600x200-01.jpg',	'NYSCC Suppliers Day 2019',	'May 7-8, 2019',	'',	'https://nysuppliers19.mapyourshow.com/7_0/exhibitor/exhibitor-details.cfm?ExhID=1044',	1,	0,	0,	'2019-02-05 08:58:51',	'2019-02-05 23:01:53',	10),
(43,	'SupplySide West 2019',	'/upload/event_block/43/f78fbbca3bdd/ssw17-blue_logo.png',	'SupplySide West 2019',	'October 15-19, 2019',	'',	'https://west.supplysideshow.com/en/home.html',	1,	0,	0,	'2019-04-08 13:59:25',	'2019-04-08 20:00:01',	10),
(44,	'FLSCC Sunscreen Symposium 2019',	'',	'FLSCC Sunscreen Symposium 2019',	'September 12-14, 2019',	'',	'https://flscc.org/sunscreen-symposium/',	1,	0,	0,	'2019-04-08 20:01:24',	'2019-04-08 20:01:24',	10),
(45,	'Banff Venture Forum',	'/upload/event_block/45/5fc3edcf6ff4/banff-venture.png',	'Banff Venture Forum',	'October 3 & 4, 2019',	'',	'https://banffventureforum.com/',	1,	0,	0,	'2019-09-09 21:29:36',	'2019-09-10 15:34:21',	14),
(46,	'SCC CA Suppliers\' Day 219',	'',	'SCC CA Suppliers\' Day 2019',	'October 2 & 3, 2019',	'',	'https://caliscc.org/suppliers-day',	1,	0,	0,	'2019-09-10 16:12:14',	'2019-09-10 16:12:14',	14),
(47,	'Bridge2Food - 3rd Plant-Based Foods Course',	'',	'Bridge2Food - 3rd Plant-Based Foods Course',	'October 14 - 16, 2019',	'',	'https://bridge2food.com/academy/plant-based-foods-course-north-america/',	1,	0,	0,	'2019-10-04 12:34:59',	'2019-10-04 18:35:44',	14),
(48,	'NYSCC Supplier\'s Day (New York)',	'',	'NYSCC Supplier\'s Day (New York)',	'May 2020',	'',	'http://nyscc.org/suppliers-day/',	1,	0,	0,	'2019-11-12 21:25:20',	'2019-11-13 18:38:11',	14),
(49,	'Sunscreen Symposium',	'',	'Sunscreen Symposium',	'July 2020',	'',	'https://flscc.org/',	1,	0,	0,	'2019-11-13 11:25:58',	'2019-11-13 18:32:02',	14),
(50,	'SCC - Supplier\'s Day (California) ',	'',	'SCC Supplier\'s Day (California) ',	'October 2020',	'',	'https://caliscc.org/',	1,	0,	0,	'2019-11-13 11:27:39',	'2019-11-13 18:35:28',	14),
(51,	'Personal Care Products Council Science Symposium',	'',	'Personal Care Products Council Science Symposium',	'November 2020',	'',	'https://www.personalcarecouncil.org/',	1,	0,	0,	'2019-11-13 11:28:33',	'2019-11-13 18:36:48',	14),
(52,	'Alberta Innovates: Food Innovation Conference',	'',	'Alberta Innovates: Food Innovation Conference',	'November 27, 2019',	'<p><strong>James Szarko, President and CEO of Botaneco</strong>&nbsp;<br />\r\nPlant Based Proteins Ingredients and the Marketing Opportunity<br />\r\n&nbsp;</p>\r\n',	'',	1,	0,	0,	'2019-11-13 23:10:10',	'2019-11-13 23:10:10',	14);

CREATE TABLE `four_column` (
  `id` int(11) NOT NULL AUTO_INCREMENT,
  `cms_headline` varchar(255) NOT NULL DEFAULT '',
  `title` varchar(255) DEFAULT '',
  `background_color` varchar(255) DEFAULT NULL,
  `text_position` varchar(255) DEFAULT NULL,
  `first_column` text,
  `second_column` text,
  `third_column` text,
  `four_column` text,
  `cms_active` tinyint(1) NOT NULL DEFAULT '1',
  `cms_deleted` tinyint(1) NOT NULL DEFAULT '0',
  `cms_draft` tinyint(1) NOT NULL DEFAULT '0',
  `cms_created` datetime NOT NULL,
  `cms_modified` datetime NOT NULL,
  `cms_modified_by_user` int(11) NOT NULL DEFAULT '0',
  PRIMARY KEY (`id`)
) ENGINE=InnoDB DEFAULT CHARSET=utf8;

INSERT INTO `four_column` (`id`, `cms_headline`, `title`, `background_color`, `text_position`, `first_column`, `second_column`, `third_column`, `four_column`, `cms_active`, `cms_deleted`, `cms_draft`, `cms_created`, `cms_modified`, `cms_modified_by_user`) VALUES
(1,	'Distrubtion Parnters',	'Distrubtion Parnters',	'',	'item-center',	'<p><img alt=\"\" src=\"/upload/body_image/attachments/6/cambrian.png\" style=\"width: 225px; height: 43px;\" /></p>\r\n',	'<p><img alt=\"\" src=\"/upload/body_image/attachments/7/Layer 11.png\" style=\"width: 95px; height: 88px;\" /></p>\r\n',	'<p><img alt=\"\" src=\"/upload/body_image/attachments/8/BLUE SUN.png\" style=\"width: 86px; height: 86px;\" /></p>\r\n',	'<p><img alt=\"\" src=\"/upload/body_image/attachments/9/ROSS organics.png\" style=\"width: 144px; height: 88px;\" /></p>\r\n',	1,	0,	0,	'2015-08-06 15:03:10',	'2015-08-10 15:41:33',	7);

CREATE TABLE `half_block` (
  `id` int(11) NOT NULL AUTO_INCREMENT,
  `cms_headline` varchar(255) NOT NULL DEFAULT '',
  `top_text` varchar(255) NOT NULL,
  `placeholder` varchar(255) NOT NULL DEFAULT '',
  `video` tinyint(1) NOT NULL,
  `youtube_link` text NOT NULL,
  `text` text NOT NULL,
  `cms_active` tinyint(1) NOT NULL DEFAULT '1',
  `cms_deleted` tinyint(1) NOT NULL DEFAULT '0',
  `cms_draft` tinyint(1) NOT NULL DEFAULT '0',
  `cms_created` datetime NOT NULL,
  `cms_modified` datetime NOT NULL,
  `cms_modified_by_user` int(11) NOT NULL DEFAULT '0',
  PRIMARY KEY (`id`),
  KEY `cms_active` (`cms_active`),
  KEY `cms_deleted` (`cms_deleted`)
) ENGINE=InnoDB DEFAULT CHARSET=utf8;

INSERT INTO `half_block` (`id`, `cms_headline`, `top_text`, `placeholder`, `video`, `youtube_link`, `text`, `cms_active`, `cms_deleted`, `cms_draft`, `cms_created`, `cms_modified`, `cms_modified_by_user`) VALUES
(1,	'About Botaneco Half Block',	'About Botaneco®',	'/upload/half_block/1/bbad05b14fb9/bubbles.jpeg',	0,	'',	'<p><span class=\"s1\">Botaneco Inc. is an innovative, solutions focused natural ingredient manufacturer with novel plant-based separation and purification technology within the personal care industry. From our head office and production facility in Calgary, Alberta our reach extends currently to safflower and canola fields to research and testing labs, and into products of leading health and beauty brands the world over.</span></p>',	1,	1,	0,	'2015-08-02 22:21:27',	'2015-11-27 22:59:04',	8);

CREATE TABLE `html_header` (
  `id` int(11) unsigned NOT NULL AUTO_INCREMENT,
  `cms_headline` varchar(255) NOT NULL DEFAULT '',
  `content` text,
  `cms_active` tinyint(1) NOT NULL DEFAULT '1',
  `cms_deleted` tinyint(1) NOT NULL DEFAULT '0',
  `cms_created` datetime NOT NULL DEFAULT '0000-00-00 00:00:00',
  `cms_modified` datetime NOT NULL DEFAULT '0000-00-00 00:00:00',
  `cms_modified_by_user` int(11) unsigned NOT NULL DEFAULT '0',
  PRIMARY KEY (`id`)
) ENGINE=InnoDB DEFAULT CHARSET=utf8;


CREATE TABLE `html_insert` (
  `id` int(11) NOT NULL AUTO_INCREMENT,
  `cms_headline` varchar(255) NOT NULL DEFAULT '',
  `html` text,
  `cms_active` tinyint(1) NOT NULL DEFAULT '1',
  `cms_deleted` tinyint(1) NOT NULL DEFAULT '0',
  `cms_draft` tinyint(1) NOT NULL DEFAULT '0',
  `cms_created` datetime NOT NULL,
  `cms_modified` datetime NOT NULL,
  `cms_modified_by_user` int(11) NOT NULL DEFAULT '0',
  PRIMARY KEY (`id`)
) ENGINE=InnoDB DEFAULT CHARSET=utf8;

INSERT INTO `html_insert` (`id`, `cms_headline`, `html`, `cms_active`, `cms_deleted`, `cms_draft`, `cms_created`, `cms_modified`, `cms_modified_by_user`) VALUES
(1,	'Salesforce HTML Form',	'<!--  NOTE: Please add the following <META> element to your page <HEAD>.      -->\r\n<!--  If necessary, please modify the charset parameter to specify the        -->\r\n<!--  character set of your HTML page.                                        -->\r\n<!--  ----------------------------------------------------------------------  -->\r\n\r\n<META HTTP-EQUIV=\"Content-type\" CONTENT=\"text/html; charset=UTF-8\">\r\n\r\n<!--  ----------------------------------------------------------------------  -->\r\n<!--  NOTE: Please add the following <FORM> element to your page.             -->\r\n<!--  ----------------------------------------------------------------------  -->\r\n\r\n<form action=\"https://www.salesforce.com/servlet/servlet.WebToLead?encoding=UTF-8\" method=\"POST\">\r\n\r\n<input type=hidden name=\"oid\" value=\"00D400000007K1v\">\r\n<input type=hidden name=\"retURL\" value=\"http://www.botaneco.com\">\r\n\r\n<!--  ----------------------------------------------------------------------  -->\r\n<!--  NOTE: These fields are optional debugging elements. Please uncomment    -->\r\n<!--  these lines if you wish to test in debug mode.                          -->\r\n<!--  <input type=\"hidden\" name=\"debug\" value=1>                              -->\r\n<!--  <input type=\"hidden\" name=\"debugEmail\" value=\"jlevine@botaneco.ca\">     -->\r\n<!--  ----------------------------------------------------------------------  -->\r\n\r\n<label for=\"first_name\">First Name</label>  <input  id=\"first_name\" maxlength=\"80\" name=\"first_name\" size=\"20\" type=\"text\" /><br><br>\r\n<label for=\"last_name\">Last Name</label>  <input  id=\"last_name\" maxlength=\"80\" name=\"last_name\" size=\"20\" type=\"text\" /><br><br>\r\n<label for=\"email\">Email</label>  <input  id=\"email\" maxlength=\"80\" name=\"email\" size=\"20\" type=\"text\" /><br><br>\r\n<label for=\"phone\">Phone</label>  <input  id=\"phone\" maxlength=\"80\" name=\"phone\" size=\"20\" type=\"text\" /><br><br>\r\n<label for=\"company\">Company</label>  <input  id=\"company\" maxlength=\"80\" name=\"company\" size=\"20\" type=\"text\" /><br><br>\r\nCompany Type:  <select  id=\"00N40000001u2zP\" multiple=\"multiple\" name=\"00N40000001u2zP\" title=\"Company Type\">  <option value=\"Finished Goods\">Finished Goods</option>\r\n<option value=\"Contract Packer\">Contract Packer</option>\r\n<option value=\"Branded\">Branded</option>\r\n<option value=\"Private Label\">Private Label</option>\r\n<option value=\"Ingredient Supplier\">Ingredient Supplier</option>\r\n<option value=\"Distributor\">Distributor</option>\r\n</select><br><br>\r\n<label for=\"street\">Street</label>  <textarea name=\"street\"></textarea><br><br>\r\n\r\n<label for=\"city\">City</label>  <input  id=\"city\" maxlength=\"80\" name=\"city\" size=\"20\" type=\"text\" /><br><br>\r\n\r\n<label for=\"state\">State/Province</label>  <input  id=\"state\" maxlength=\"20\" name=\"state\" size=\"20\" type=\"text\" /><br><br>\r\n\r\n<label for=\"zip\">Zip/Postal Code</label>  <input  id=\"zip\" maxlength=\"20\" name=\"zip\" size=\"20\" type=\"text\" /><br><br>\r\n\r\nProduct Sample Request:  <select  id=\"00N40000001voX5\" multiple=\"multiple\" name=\"00N40000001voX5\" title=\"Product Sample Request\">  <option value=\"Hydresia® G2\">Hydresia® G2</option>\r\n  <option value=\"Hydresia® SF2\">Hydresia® SF2</option>\r\n  <option value=\"Hydresia® Dulcé\">Hydresia® Dulcé</option>\r\n</select><br><br>\r\n\r\nHow did you find us?:  <select  id=\"00N400000037qDu\" multiple=\"multiple\" name=\"00N400000037qDu\" title=\"How did you find us?\">  <option value=\"Blog\">Blog</option>\r\n<option value=\"Sales Rep Contact\">Sales Rep Contact</option>\r\n  <option value=\"Social Media\">Social Media</option>\r\n  <option value=\"Technical Seminar\">Technical Seminar</option>\r\n  <option value=\"Trade Publication\">Trade Publication</option>\r\n  <option value=\"Tradeshow\">Tradeshow</option>\r\n  <option value=\"Webinar\">Webinar</option>\r\n  <option value=\"Web Search\">Web Search</option>\r\n  <option value=\"UL Prospector\">UL Prospector</option>\r\n</select><br><br>\r\n\r\nKey Application Areas:  <select  id=\"00N40000001u2zb\" multiple=\"multiple\" name=\"00N40000001u2zb\" title=\"Key Application Areas\">  <option value=\"Skincare\">Skincare</option>\r\n<option value=\"Haircare\">Haircare</option>\r\n  <option value=\"Suncare\">Suncare</option>\r\n  <option value=\"Lipcare\">Lipcare</option>\r\n  <option value=\"Cosmetics\">Cosmetics</option>\r\n  <option value=\"Active Loading &amp; Delivery\">Active Loading &amp; Delivery</option>\r\n  <option value=\"Other\">Other</option>\r\n</select><br><br>\r\n\r\nYes, I would like:  <select  id=\"00N400000037qET\" multiple=\"multiple\" name=\"00N400000037qET\" title=\"Yes, I would like:\">  <option value=\"Botaneco Monthly Newsletter\">Botaneco Monthly Newsletter</option>\r\n  <option value=\"Hydresia® System Support\">Hydresia® System Support</option>\r\n</select><br>\r\n<br><br>\r\n<div class=\"g-recaptcha\" data-sitekey=\"6LfaNw8TAAAAAJXeBTTNb4_ulqRTsEvyhlwmBSy4\"></div>\r\n<input type=\"submit\" name=\"submit\">\r\n</form>',	1,	0,	0,	'2015-10-28 03:18:21',	'2015-10-28 22:04:02',	7),
(2,	'Test Html',	'<!--  NOTE: Please add the following <META> element to your page <HEAD>.      -->\r\n<!--  If necessary, please modify the charset parameter to specify the        -->\r\n<!--  character set of your HTML page.                                        -->\r\n<!--  ----------------------------------------------------------------------  -->\r\n\r\n<META HTTP-EQUIV=\"Content-type\" CONTENT=\"text/html; charset=UTF-8\">\r\n\r\n<!--  ----------------------------------------------------------------------  -->\r\n<!--  NOTE: Please add the following <FORM> element to your page.             -->\r\n<!--  ----------------------------------------------------------------------  -->\r\n\r\n<form action=\"https://www.salesforce.com/servlet/servlet.WebToLead?encoding=UTF-8\" method=\"POST\">\r\n\r\n<input type=hidden name=\"oid\" value=\"00D400000007K1v\">\r\n<input type=hidden name=\"retURL\" value=\"http://www.botaneco.com\">\r\n\r\n<!--  ----------------------------------------------------------------------  -->\r\n<!--  NOTE: These fields are optional debugging elements. Please uncomment    -->\r\n<!--  these lines if you wish to test in debug mode.                          -->\r\n <input type=\"hidden\" name=\"debug\" value=1>                              \r\n  <input type=\"hidden\" name=\"debugEmail\" value=\"chris@nonfiction.ca\">    \r\n<!--  ----------------------------------------------------------------------  -->\r\n\r\n<label for=\"first_name\">First Name</label>  <input  id=\"first_name\" maxlength=\"80\" name=\"first_name\" size=\"20\" type=\"text\" /><br><br>\r\n<label for=\"last_name\">Last Name</label>  <input  id=\"last_name\" maxlength=\"80\" name=\"last_name\" size=\"20\" type=\"text\" /><br><br>\r\n<label for=\"email\">Email</label>  <input  id=\"email\" maxlength=\"80\" name=\"email\" size=\"20\" type=\"text\" /><br><br>\r\n<label for=\"phone\">Phone</label>  <input  id=\"phone\" maxlength=\"80\" name=\"phone\" size=\"20\" type=\"text\" /><br><br>\r\n<label for=\"company\">Company</label>  <input  id=\"company\" maxlength=\"80\" name=\"company\" size=\"20\" type=\"text\" /><br><br>\r\nCompany Type:  <select  id=\"00N40000001u2zP\" multiple=\"multiple\" name=\"00N40000001u2zP\" title=\"Company Type\">  <option value=\"Finished Goods\">Finished Goods</option>\r\n<option value=\"Contract Packer\">Contract Packer</option>\r\n<option value=\"Branded\">Branded</option>\r\n<option value=\"Private Label\">Private Label</option>\r\n<option value=\"Ingredient Supplier\">Ingredient Supplier</option>\r\n<option value=\"Distributor\">Distributor</option>\r\n</select><br><br>\r\n<label for=\"street\">Street</label>  <textarea name=\"street\"></textarea><br><br>\r\n\r\n<label for=\"city\">City</label>  <input  id=\"city\" maxlength=\"80\" name=\"city\" size=\"20\" type=\"text\" /><br><br>\r\n\r\n<label for=\"state\">State/Province</label>  <input  id=\"state\" maxlength=\"20\" name=\"state\" size=\"20\" type=\"text\" /><br><br>\r\n\r\n<label for=\"zip\">Zip/Postal Code</label>  <input  id=\"zip\" maxlength=\"20\" name=\"zip\" size=\"20\" type=\"text\" /><br><br>\r\n\r\nProduct Sample Request:  <select  id=\"00N40000001voX5\" multiple=\"multiple\" name=\"00N40000001voX5\" title=\"Product Sample Request\">  <option value=\"Hydresia® G2\">Hydresia® G2</option>\r\n  <option value=\"Hydresia® SF2\">Hydresia® SF2</option>\r\n  <option value=\"Hydresia® Dulcé\">Hydresia® Dulcé</option>\r\n</select><br><br>\r\n\r\nHow did you find us?:  <select  id=\"00N400000037qDu\" multiple=\"multiple\" name=\"00N400000037qDu\" title=\"How did you find us?\">  <option value=\"Blog\">Blog</option>\r\n<option value=\"Sales Rep Contact\">Sales Rep Contact</option>\r\n  <option value=\"Social Media\">Social Media</option>\r\n  <option value=\"Technical Seminar\">Technical Seminar</option>\r\n  <option value=\"Trade Publication\">Trade Publication</option>\r\n  <option value=\"Tradeshow\">Tradeshow</option>\r\n  <option value=\"Webinar\">Webinar</option>\r\n  <option value=\"Web Search\">Web Search</option>\r\n  <option value=\"UL Prospector\">UL Prospector</option>\r\n</select><br><br>\r\n\r\nKey Application Areas:  <select  id=\"00N40000001u2zb\" multiple=\"multiple\" name=\"00N40000001u2zb\" title=\"Key Application Areas\">  <option value=\"Skincare\">Skincare</option>\r\n<option value=\"Haircare\">Haircare</option>\r\n  <option value=\"Suncare\">Suncare</option>\r\n  <option value=\"Lipcare\">Lipcare</option>\r\n  <option value=\"Cosmetics\">Cosmetics</option>\r\n  <option value=\"Active Loading &amp; Delivery\">Active Loading &amp; Delivery</option>\r\n  <option value=\"Other\">Other</option>\r\n</select><br><br>\r\n\r\nYes, I would like:  <select  id=\"00N400000037qET\" multiple=\"multiple\" name=\"00N400000037qET\" title=\"Yes, I would like:\">  <option value=\"Botaneco Monthly Newsletter\">Botaneco Monthly Newsletter</option>\r\n  <option value=\"Hydresia® System Support\">Hydresia® System Support</option>\r\n</select><br>\r\n<br><br>\r\n<div class=\"g-recaptcha\" data-sitekey=\"6LfaNw8TAAAAAJXeBTTNb4_ulqRTsEvyhlwmBSy4\"></div>\r\n<input type=\"submit\" name=\"submit\">\r\n</form>',	1,	0,	0,	'2016-01-13 14:47:27',	'2016-01-19 21:22:28',	7);

CREATE TABLE `line_break` (
  `id` int(11) NOT NULL AUTO_INCREMENT,
  `cms_headline` varchar(255) NOT NULL DEFAULT '',
  `cms_active` tinyint(1) NOT NULL DEFAULT '1',
  `cms_deleted` tinyint(1) NOT NULL DEFAULT '0',
  `cms_draft` tinyint(1) NOT NULL DEFAULT '0',
  `cms_created` datetime NOT NULL,
  `cms_modified` datetime NOT NULL,
  `cms_modified_by_user` int(11) NOT NULL DEFAULT '0',
  PRIMARY KEY (`id`)
) ENGINE=InnoDB DEFAULT CHARSET=utf8;

INSERT INTO `line_break` (`id`, `cms_headline`, `cms_active`, `cms_deleted`, `cms_draft`, `cms_created`, `cms_modified`, `cms_modified_by_user`) VALUES
(1,	'Green Line Break',	1,	0,	0,	'2015-08-05 22:59:05',	'2015-08-05 22:59:05',	7),
(2,	'break',	1,	0,	0,	'2015-10-28 18:28:38',	'2015-10-28 18:28:38',	8);

CREATE TABLE `media_element` (
  `id` int(11) NOT NULL AUTO_INCREMENT,
  `cms_headline` varchar(255) NOT NULL DEFAULT '',
  `media_file` varchar(255) NOT NULL DEFAULT '',
  `link_title` varchar(255) NOT NULL DEFAULT '',
  `cms_active` tinyint(1) NOT NULL DEFAULT '1',
  `cms_deleted` tinyint(1) NOT NULL DEFAULT '0',
  `cms_draft` tinyint(1) NOT NULL DEFAULT '0',
  `cms_created` datetime NOT NULL,
  `cms_modified` datetime NOT NULL,
  `cms_modified_by_user` int(11) NOT NULL DEFAULT '0',
  PRIMARY KEY (`id`),
  KEY `cms_active` (`cms_active`),
  KEY `cms_deleted` (`cms_deleted`)
) ENGINE=InnoDB DEFAULT CHARSET=utf8;

INSERT INTO `media_element` (`id`, `cms_headline`, `media_file`, `link_title`, `cms_active`, `cms_deleted`, `cms_draft`, `cms_created`, `cms_modified`, `cms_modified_by_user`) VALUES
(1,	'demo-images',	'/upload/media_element/1/7ffd0789ea08/demo-images.zip',	'demo-images',	1,	0,	0,	'2014-11-25 17:58:16',	'2014-11-25 17:58:16',	5),
(2,	'Attachment:2015-09-22:161819Hand Sanitizing Lotion (TA020-040).pdf',	'/upload/media_element/attachments/0/Hand Sanitizing Lotion (TA020-040).pdf',	'',	1,	0,	0,	'0000-00-00 00:00:00',	'0000-00-00 00:00:00',	0),
(3,	'Attachment:2015-09-22:162113Hand Sanitizer (020-052).pdf',	'/upload/media_element/attachments/1/Hand Sanitizer (020-052).pdf',	'',	1,	0,	0,	'0000-00-00 00:00:00',	'0000-00-00 00:00:00',	0),
(4,	'Attachment:2015-09-22:162428Natural Baby Lotion (005-144).pdf',	'/upload/media_element/attachments/2/Natural Baby Lotion (005-144).pdf',	'',	1,	0,	0,	'0000-00-00 00:00:00',	'0000-00-00 00:00:00',	0),
(5,	'Attachment:2015-09-22:162618Natural Baby Bath (011-093).pdf',	'/upload/media_element/attachments/3/Natural Baby Bath (011-093).pdf',	'',	1,	0,	0,	'0000-00-00 00:00:00',	'0000-00-00 00:00:00',	0),
(6,	'Attachment:2015-09-22:162722Natural Baby Diaper Cream (015-049).pdf',	'/upload/media_element/attachments/4/Natural Baby Diaper Cream (015-049).pdf',	'',	1,	0,	0,	'0000-00-00 00:00:00',	'0000-00-00 00:00:00',	0),
(7,	'Attachment:2015-09-22:163238Hair Conditioner (BC-35-8-D).pdf',	'/upload/media_element/attachments/5/Hair Conditioner (BC-35-8-D).pdf',	'',	1,	0,	0,	'0000-00-00 00:00:00',	'0000-00-00 00:00:00',	0),
(8,	'Attachment:2015-09-22:163356Hair Serum (BC-35-11).pdf',	'/upload/media_element/8/46703cc03e55/hair-serum-bc-35-11.pdf',	'Hair Serum',	1,	0,	0,	'0000-00-00 00:00:00',	'2017-05-04 23:46:56',	2),
(9,	'Attachment:2015-09-22:163506Moisturizing Shampoo (BC-35-7).pdf',	'/upload/media_element/attachments/7/Moisturizing Shampoo (BC-35-7).pdf',	'',	1,	0,	0,	'0000-00-00 00:00:00',	'0000-00-00 00:00:00',	0),
(10,	'Attachment:2015-09-22:163653Natural Eye Make-Up Remover (BC-37-8-B).pdf',	'/upload/media_element/attachments/8/Natural Eye Make-Up Remover (BC-37-8-B).pdf',	'',	1,	0,	0,	'0000-00-00 00:00:00',	'0000-00-00 00:00:00',	0),
(11,	'Attachment:2015-09-22:163757Moisturizing Face Scrub (008-140).pdf',	'/upload/media_element/attachments/9/Moisturizing Face Scrub (008-140).pdf',	'',	1,	0,	0,	'0000-00-00 00:00:00',	'0000-00-00 00:00:00',	0),
(12,	'Attachment:2015-09-22:163904Nature\'s Indulgence Cream (011-003).pdf',	'/upload/media_element/attachments/10/Nature\'s Indulgence Cream (011-003).pdf',	'',	1,	0,	0,	'0000-00-00 00:00:00',	'0000-00-00 00:00:00',	0),
(13,	'Attachment:2015-09-22:164012Moisturizing Body Scrub (008-137).pdf',	'/upload/media_element/attachments/11/Moisturizing Body Scrub (008-137).pdf',	'',	1,	0,	0,	'0000-00-00 00:00:00',	'0000-00-00 00:00:00',	0),
(14,	'Attachment:2015-09-22:164102Natural Body Wash (008-103).pdf',	'/upload/media_element/attachments/12/Natural Body Wash (008-103).pdf',	'',	1,	0,	0,	'0000-00-00 00:00:00',	'0000-00-00 00:00:00',	0),
(15,	'Attachment:2015-09-22:164703Mineral Sunscreen SPF 50+ (018-111).pdf',	'/upload/media_element/attachments/13/Mineral Sunscreen SPF 50+ (018-111).pdf',	'',	1,	0,	0,	'0000-00-00 00:00:00',	'0000-00-00 00:00:00',	0),
(16,	'Attachment:2015-09-22:164842Sheer Foundation (005-043).pdf',	'/upload/media_element/attachments/14/Sheer Foundation (005-043).pdf',	'',	1,	0,	0,	'0000-00-00 00:00:00',	'0000-00-00 00:00:00',	0),
(17,	'Attachment:2015-09-22:165040Aftershave Gel (015-120).pdf',	'/upload/media_element/attachments/15/Aftershave Gel (015-120).pdf',	'',	1,	0,	0,	'0000-00-00 00:00:00',	'0000-00-00 00:00:00',	0),
(18,	'Attachment:2015-09-22:165404Natural Shaving Cream for Men (015-076).pdf',	'/upload/media_element/attachments/16/Natural Shaving Cream for Men (015-076).pdf',	'',	1,	0,	0,	'0000-00-00 00:00:00',	'0000-00-00 00:00:00',	0),
(19,	'Attachment:2015-09-22:170235Acne Treatment (013-050).pdf',	'/upload/media_element/attachments/17/Acne Treatment (013-050).pdf',	'',	1,	0,	0,	'0000-00-00 00:00:00',	'0000-00-00 00:00:00',	0),
(20,	'Attachment:2015-09-22:170334Anti-Aging Cream (YL-7-188).pdf',	'/upload/media_element/attachments/18/Anti-Aging Cream (YL-7-188).pdf',	'',	1,	0,	0,	'0000-00-00 00:00:00',	'0000-00-00 00:00:00',	0),
(21,	'Attachment:2015-09-22:170425BB Cream with Oleosomes (YL-7-98-B).pdf',	'/upload/media_element/attachments/19/BB Cream with Oleosomes (YL-7-98-B).pdf',	'',	1,	0,	0,	'0000-00-00 00:00:00',	'0000-00-00 00:00:00',	0),
(22,	'Attachment:2015-09-22:170515Exfoliating Cream Glycolic Acid (008-049).pdf',	'/upload/media_element/attachments/20/Exfoliating Cream Glycolic Acid (008-049).pdf',	'',	1,	0,	0,	'0000-00-00 00:00:00',	'0000-00-00 00:00:00',	0),
(23,	'Attachment:2015-09-22:170607Eyebrow Soothing Gel (015-136).pdf',	'/upload/media_element/attachments/21/Eyebrow Soothing Gel (015-136).pdf',	'',	1,	0,	0,	'0000-00-00 00:00:00',	'0000-00-00 00:00:00',	0),
(24,	'Attachment:2015-09-22:170659Natural Luxe Eye Cream (013-028).pdf',	'/upload/media_element/attachments/22/Natural Luxe Eye Cream (013-028).pdf',	'',	1,	0,	0,	'0000-00-00 00:00:00',	'0000-00-00 00:00:00',	0),
(25,	'Attachment:2015-09-22:170754Mass Market Traditional Moisturizing Cream (012-111).pdf',	'/upload/media_element/attachments/23/Mass Market Traditional Moisturizing Cream (012-111).pdf',	'',	1,	0,	0,	'0000-00-00 00:00:00',	'0000-00-00 00:00:00',	0),
(26,	'Attachment:2015-09-22:170902Mass Market Natural Moisturizing Cream.pdf',	'/upload/media_element/attachments/24/Mass Market Natural Moisturizing Cream.pdf',	'',	1,	0,	0,	'0000-00-00 00:00:00',	'0000-00-00 00:00:00',	0),
(27,	'Attachment:2015-09-23:121943SF2 Data Sheet.pdf',	'/upload/media_element/attachments/25/SF2 Data Sheet.pdf',	'',	1,	0,	0,	'0000-00-00 00:00:00',	'0000-00-00 00:00:00',	0),
(28,	'Attachment:2015-09-23:122004G2 Data Sheet.pdf',	'/upload/media_element/attachments/26/G2 Data Sheet.pdf',	'',	1,	0,	0,	'0000-00-00 00:00:00',	'0000-00-00 00:00:00',	0),
(29,	'Attachment:2015-09-23:122023Dulce Data Sheet.pdf',	'/upload/media_element/attachments/27/Dulce Data Sheet.pdf',	'',	1,	0,	0,	'0000-00-00 00:00:00',	'0000-00-00 00:00:00',	0),
(30,	'Attachment:2015-09-23:124038MSDS Hydresia SF2 4-004_2015-v1.0.pdf',	'/upload/media_element/attachments/28/MSDS Hydresia SF2 4-004_2015-v1.0.pdf',	'',	1,	0,	0,	'0000-00-00 00:00:00',	'0000-00-00 00:00:00',	0),
(31,	'Attachment:2015-09-23:124053MSDS Hydresia G2 2-005_2015-v1.0.pdf',	'/upload/media_element/attachments/29/MSDS Hydresia G2 2-005_2015-v1.0.pdf',	'',	1,	0,	0,	'0000-00-00 00:00:00',	'0000-00-00 00:00:00',	0),
(32,	'Attachment:2015-09-23:124111MSDS Hydresia Dulce 5-005_2015-v1.0.pdf',	'/upload/media_element/attachments/30/MSDS Hydresia Dulce 5-005_2015-v1.0.pdf',	'',	1,	0,	0,	'0000-00-00 00:00:00',	'0000-00-00 00:00:00',	0),
(33,	'Attachment:2015-09-23:124137Hair Care Technical Bulletin.pdf',	'/upload/media_element/attachments/31/Hair Care Technical Bulletin.pdf',	'',	1,	0,	0,	'0000-00-00 00:00:00',	'0000-00-00 00:00:00',	0),
(34,	'Attachment:2015-10-02:115345Botaneco Accountant Job Posting 2015.06.pdf',	'/upload/media_element/attachments/32/Botaneco Accountant Job Posting 2015.06.pdf',	'',	1,	0,	0,	'0000-00-00 00:00:00',	'0000-00-00 00:00:00',	0),
(35,	'Attachment:2015-10-02:120527Botaneco Territory Sales Manager, West-Central US Job Posting Final 2015.09.14.pdf',	'/upload/media_element/attachments/33/Botaneco Territory Sales Manager, West-Central US Job Posting Final 2015.09.14.pdf',	'',	1,	0,	0,	'0000-00-00 00:00:00',	'0000-00-00 00:00:00',	0),
(36,	'Attachment:2015-10-08:141824Hand Sanitizer (020-052).pdf',	'/upload/media_element/attachments/34/Hand Sanitizer (020-052).pdf',	'',	1,	0,	0,	'0000-00-00 00:00:00',	'0000-00-00 00:00:00',	0),
(37,	'Attachment:2015-10-08:141910Hand Sanitizing Lotion (TA020-040).pdf',	'/upload/media_element/attachments/35/Hand Sanitizing Lotion (TA020-040).pdf',	'',	1,	0,	0,	'0000-00-00 00:00:00',	'0000-00-00 00:00:00',	0),
(38,	'Attachment:2015-10-08:142051Natural Baby Bath (011-093).pdf',	'/upload/media_element/attachments/36/Natural Baby Bath (011-093).pdf',	'',	1,	0,	0,	'0000-00-00 00:00:00',	'0000-00-00 00:00:00',	0),
(39,	'Attachment:2015-10-08:142112Natural Baby Diaper Cream (015-049).pdf',	'/upload/media_element/attachments/37/Natural Baby Diaper Cream (015-049).pdf',	'',	1,	0,	0,	'0000-00-00 00:00:00',	'0000-00-00 00:00:00',	0),
(40,	'Attachment:2015-10-08:142132Natural Baby Lotion (005-144).pdf',	'/upload/media_element/attachments/38/Natural Baby Lotion (005-144).pdf',	'',	1,	0,	0,	'0000-00-00 00:00:00',	'0000-00-00 00:00:00',	0),
(41,	'Attachment:2015-10-08:142154Hair Conditioner (BC-35-8-D).pdf',	'/upload/media_element/attachments/39/Hair Conditioner (BC-35-8-D).pdf',	'',	1,	0,	0,	'0000-00-00 00:00:00',	'0000-00-00 00:00:00',	0),
(42,	'Attachment:2015-10-08:142215Hair Serum (BC-35-11).pdf',	'/upload/media_element/attachments/40/Hair Serum (BC-35-11).pdf',	'',	1,	0,	0,	'0000-00-00 00:00:00',	'0000-00-00 00:00:00',	0),
(43,	'Attachment:2015-10-08:142249Moisturizing Shampoo (BC-35-7).pdf',	'/upload/media_element/attachments/41/Moisturizing Shampoo (BC-35-7).pdf',	'',	1,	0,	0,	'0000-00-00 00:00:00',	'0000-00-00 00:00:00',	0),
(44,	'Attachment:2015-10-08:142307Natural Eye Make-Up Remover (BC-37-8-B).pdf',	'/upload/media_element/attachments/42/Natural Eye Make-Up Remover (BC-37-8-B).pdf',	'',	1,	0,	0,	'0000-00-00 00:00:00',	'0000-00-00 00:00:00',	0),
(45,	'Attachment:2015-10-08:142340Moisturizing Face Scrub (008-140).pdf',	'/upload/media_element/attachments/43/Moisturizing Face Scrub (008-140).pdf',	'',	1,	0,	0,	'0000-00-00 00:00:00',	'0000-00-00 00:00:00',	0),
(46,	'Attachment:2015-10-08:142414Nature\'s Indulgence Cream (011-003).pdf',	'/upload/media_element/attachments/44/Nature\'s Indulgence Cream (011-003).pdf',	'',	1,	0,	0,	'0000-00-00 00:00:00',	'0000-00-00 00:00:00',	0),
(47,	'Attachment:2015-10-08:142432Nature\'s Indulgence Cream (011-003).pdf',	'/upload/media_element/attachments/45/Nature\'s Indulgence Cream (011-003).pdf',	'',	1,	0,	0,	'0000-00-00 00:00:00',	'0000-00-00 00:00:00',	0),
(48,	'Attachment:2015-10-08:142445Nature\'s Indulgence Cream (011-003).pdf',	'/upload/media_element/attachments/46/Nature\'s Indulgence Cream (011-003).pdf',	'',	1,	0,	0,	'0000-00-00 00:00:00',	'0000-00-00 00:00:00',	0),
(49,	'Attachment:2015-10-08:142511Nature\'s Indulgence Cream (011-003).pdf',	'/upload/media_element/attachments/47/Nature\'s Indulgence Cream (011-003).pdf',	'',	1,	0,	0,	'0000-00-00 00:00:00',	'0000-00-00 00:00:00',	0),
(50,	'Attachment:2015-10-08:142525Moisturizing Body Scrub (008-137).pdf',	'/upload/media_element/attachments/48/Moisturizing Body Scrub (008-137).pdf',	'',	1,	0,	0,	'0000-00-00 00:00:00',	'0000-00-00 00:00:00',	0),
(51,	'Attachment:2015-10-08:142545Natural Body Wash (008-103).pdf',	'/upload/media_element/attachments/49/Natural Body Wash (008-103).pdf',	'',	1,	0,	0,	'0000-00-00 00:00:00',	'0000-00-00 00:00:00',	0),
(52,	'Attachment:2015-10-08:142621Mineral Sunscreen SPF 50+ (018-111).pdf',	'/upload/media_element/attachments/50/Mineral Sunscreen SPF 50+ (018-111).pdf',	'',	1,	1,	0,	'0000-00-00 00:00:00',	'0000-00-00 00:00:00',	0),
(53,	'Attachment:2015-10-08:142642Sheer Foundation (005-043).pdf',	'/upload/media_element/attachments/51/Sheer Foundation (005-043).pdf',	'',	1,	1,	0,	'0000-00-00 00:00:00',	'0000-00-00 00:00:00',	0),
(54,	'Attachment:2015-10-08:142721Natural Shaving Cream for Men (015-076).pdf',	'/upload/media_element/attachments/52/Natural Shaving Cream for Men (015-076).pdf',	'',	1,	1,	0,	'0000-00-00 00:00:00',	'0000-00-00 00:00:00',	0),
(55,	'Attachment:2015-10-08:142740Aftershave Gel (015-120).pdf',	'/upload/media_element/attachments/53/Aftershave Gel (015-120).pdf',	'',	1,	1,	0,	'0000-00-00 00:00:00',	'0000-00-00 00:00:00',	0),
(56,	'Attachment:2015-10-08:142759BB Cream with Oleosomes (YL-7-98-B).pdf',	'/upload/media_element/attachments/54/BB Cream with Oleosomes (YL-7-98-B).pdf',	'',	1,	1,	0,	'0000-00-00 00:00:00',	'0000-00-00 00:00:00',	0),
(57,	'Attachment:2015-10-08:142816Anti-Aging Cream (YL-7-188).pdf',	'/upload/media_element/attachments/55/Anti-Aging Cream (YL-7-188).pdf',	'',	1,	1,	0,	'0000-00-00 00:00:00',	'0000-00-00 00:00:00',	0),
(58,	'Attachment:2015-10-08:142834Acne Treatment (013-050).pdf',	'/upload/media_element/attachments/56/Acne Treatment (013-050).pdf',	'',	1,	1,	0,	'0000-00-00 00:00:00',	'0000-00-00 00:00:00',	0),
(59,	'Attachment:2015-10-08:142851Natural Luxe Eye Cream (013-028).pdf',	'/upload/media_element/attachments/57/Natural Luxe Eye Cream (013-028).pdf',	'',	1,	1,	0,	'0000-00-00 00:00:00',	'0000-00-00 00:00:00',	0),
(60,	'Attachment:2015-10-08:142909Exfoliating Cream Glycolic Acid (008-049).pdf',	'/upload/media_element/attachments/58/Exfoliating Cream Glycolic Acid (008-049).pdf',	'',	1,	1,	0,	'0000-00-00 00:00:00',	'0000-00-00 00:00:00',	0),
(61,	'Attachment:2015-10-08:142926Eyebrow Soothing Gel (015-136).pdf',	'/upload/media_element/attachments/59/Eyebrow Soothing Gel (015-136).pdf',	'',	1,	1,	0,	'0000-00-00 00:00:00',	'0000-00-00 00:00:00',	0),
(62,	'Attachment:2015-10-08:142944Mass Market Traditional Moisturizing Cream (012-111).pdf',	'/upload/media_element/attachments/60/Mass Market Traditional Moisturizing Cream (012-111).pdf',	'',	1,	1,	0,	'0000-00-00 00:00:00',	'0000-00-00 00:00:00',	0),
(63,	'Attachment:2015-10-08:143004Mass Market Natural Moisturizing Cream.pdf',	'/upload/media_element/attachments/61/Mass Market Natural Moisturizing Cream.pdf',	'',	1,	1,	0,	'0000-00-00 00:00:00',	'0000-00-00 00:00:00',	0),
(64,	'Attachment:2015-10-08:143038Nature\'s Indulgence Cream (011-003).pdf',	'/upload/media_element/attachments/62/Nature\'s Indulgence Cream (011-003).pdf',	'',	1,	1,	0,	'0000-00-00 00:00:00',	'0000-00-00 00:00:00',	0),
(65,	'Attachment:2015-10-08:143150Natures Indulgence Cream (011-003).pdf',	'/upload/media_element/attachments/63/Natures Indulgence Cream (011-003).pdf',	'',	1,	1,	0,	'0000-00-00 00:00:00',	'0000-00-00 00:00:00',	0),
(66,	'Attachment:2015-10-08:144825Natural Hand Sanitizer (BC-37-18-B).pdf',	'/upload/media_element/attachments/64/Natural Hand Sanitizer (BC-37-18-B).pdf',	'',	1,	1,	0,	'0000-00-00 00:00:00',	'0000-00-00 00:00:00',	0),
(67,	'Attachment:2015-10-08:144951Moisturizing Hand Sanitizer (011-106).pdf',	'/upload/media_element/attachments/65/Moisturizing Hand Sanitizer (011-106).pdf',	'',	1,	1,	0,	'0000-00-00 00:00:00',	'0000-00-00 00:00:00',	0),
(68,	'Attachment:2015-10-08:145100Insect Repellant (015-111).pdf',	'/upload/media_element/attachments/66/Insect Repellant (015-111).pdf',	'',	1,	1,	0,	'0000-00-00 00:00:00',	'0000-00-00 00:00:00',	0),
(69,	'Attachment:2015-10-08:151836SF2 Data Sheet.pdf',	'/upload/media_element/69/8ee327a7caf9/sf2-data-sheet.pdf',	'SF2 Technical Data Sheet',	1,	0,	0,	'0000-00-00 00:00:00',	'2016-01-05 22:12:26',	8),
(70,	'Attachment:2015-10-08:151908G2 Data Sheet.pdf',	'/upload/media_element/70/36fb6dd3d4c0/g2-data-sheet.pdf',	'G2 Technical Data Sheet',	1,	0,	0,	'0000-00-00 00:00:00',	'2016-01-05 22:16:57',	8),
(71,	'Attachment:2015-10-08:151922Dulce Data Sheet.pdf',	'/upload/media_element/71/989e1ebee32c/dulce-data-sheet.pdf',	'Dulcé Technical Data Sheet',	1,	0,	0,	'0000-00-00 00:00:00',	'2016-01-05 22:18:11',	8),
(72,	'Attachment:2015-10-08:151953Hair Care Technical Bulletin (1).pdf',	'/upload/media_element/attachments/70/Hair Care Technical Bulletin (1).pdf',	'',	1,	0,	0,	'0000-00-00 00:00:00',	'0000-00-00 00:00:00',	0),
(73,	'Attachment:2015-10-13:101147Botaneco Controller Job Posting.pdf',	'/upload/media_element/attachments/71/Botaneco Controller Job Posting.pdf',	'',	1,	0,	0,	'0000-00-00 00:00:00',	'0000-00-00 00:00:00',	0),
(74,	'Attachment:2015-10-13:101421Botaneco Office Administrator Job Posting.pdf',	'/upload/media_element/attachments/72/Botaneco Office Administrator Job Posting.pdf',	'',	1,	0,	0,	'0000-00-00 00:00:00',	'0000-00-00 00:00:00',	0),
(75,	'Hydresia SF2 MSDS',	'/upload/media_element/75/b298a999d1d6/msds-hydresia-sf2-4-004_2015-v1.0.pdf',	'SF2 MSDS',	1,	0,	0,	'2015-10-23 15:38:33',	'2015-10-23 15:38:33',	8),
(76,	'Attachment:2015-10-23:093902Sheer Foundation (005-043).pdf',	'/upload/media_element/attachments/73/Sheer Foundation (005-043).pdf',	'',	1,	0,	0,	'0000-00-00 00:00:00',	'0000-00-00 00:00:00',	0),
(77,	'Hydresia G2 MSDS',	'/upload/media_element/77/dac2399706f5/msds-hydresia-g2-2-005_2015-v1.0.pdf',	'G2 MSDS',	1,	0,	0,	'2015-10-23 15:39:11',	'2015-10-23 15:39:11',	8),
(78,	'Hydresia Dulce MSDS',	'/upload/media_element/78/17a53ceedb6f/msds-hydresia-dulce-5-005_2015-v1.0.pdf',	'Dulce MSDS',	1,	0,	0,	'2015-10-23 15:39:51',	'2015-10-23 15:39:51',	8),
(79,	'Attachment:2015-10-23:094219Natures Indulgence Cream (011-003).pdf',	'/upload/media_element/attachments/74/Natures Indulgence Cream (011-003).pdf',	'',	1,	0,	0,	'0000-00-00 00:00:00',	'0000-00-00 00:00:00',	0),
(80,	'Attachment:2015-10-23:094355Natural Luxe Eye Cream (013-028).pdf',	'/upload/media_element/attachments/75/Natural Luxe Eye Cream (013-028).pdf',	'',	1,	0,	0,	'0000-00-00 00:00:00',	'0000-00-00 00:00:00',	0),
(81,	'Attachment:2015-11-02:141852',	'/upload/media_element/attachments/76/',	'',	1,	1,	0,	'0000-00-00 00:00:00',	'0000-00-00 00:00:00',	0),
(82,	'Attachment:2015-11-02:142951Controller.pdf',	'/upload/media_element/attachments/77/Controller.pdf',	'Controller',	1,	0,	0,	'0000-00-00 00:00:00',	'2015-11-02 21:32:11',	8),
(83,	'Attachment:2015-11-02:145006Office Administrator.pdf',	'/upload/media_element/attachments/78/Office Administrator.pdf',	'',	1,	0,	0,	'0000-00-00 00:00:00',	'0000-00-00 00:00:00',	0),
(84,	'Attachment:2015-11-05:133047Controller_V2.pdf',	'/upload/media_element/attachments/79/Controller_V2.pdf',	'',	1,	0,	0,	'0000-00-00 00:00:00',	'0000-00-00 00:00:00',	0),
(85,	'Attachment:2015-11-05:133117Office Administrator_V2.pdf',	'/upload/media_element/attachments/80/Office Administrator_V2.pdf',	'',	1,	0,	0,	'0000-00-00 00:00:00',	'0000-00-00 00:00:00',	0),
(86,	'Attachment:2015-11-06:162446Controller_V2.pdf',	'/upload/media_element/attachments/81/Controller_V2.pdf',	'',	1,	0,	0,	'0000-00-00 00:00:00',	'0000-00-00 00:00:00',	0),
(87,	'Attachment:2015-11-06:162519Office Administrator_V2.pdf',	'/upload/media_element/attachments/82/Office Administrator_V2.pdf',	'',	1,	0,	0,	'0000-00-00 00:00:00',	'0000-00-00 00:00:00',	0),
(88,	'Attachment:2015-11-30:092956Sales Leader_V2.pdf',	'/upload/media_element/attachments/83/Sales Leader_V2.pdf',	'',	1,	0,	0,	'0000-00-00 00:00:00',	'0000-00-00 00:00:00',	0),
(89,	'Attachment:2015-11-30:093419Sales Leader_V2.pdf',	'/upload/media_element/attachments/84/Sales Leader_V2.pdf',	'',	1,	0,	0,	'0000-00-00 00:00:00',	'0000-00-00 00:00:00',	0),
(90,	'Attachment:2015-12-15:114955Mass Market Natural Moisturizing Cream.pdf',	'/upload/media_element/attachments/85/Mass Market Natural Moisturizing Cream.pdf',	'',	1,	0,	0,	'0000-00-00 00:00:00',	'0000-00-00 00:00:00',	0),
(91,	'Attachment:2015-12-15:115045Mass Market Traditional Moisturizing Cream (012-111).pdf',	'/upload/media_element/attachments/86/Mass Market Traditional Moisturizing Cream (012-111).pdf',	'',	1,	0,	0,	'0000-00-00 00:00:00',	'0000-00-00 00:00:00',	0),
(92,	'Attachment:2015-12-15:115134Eyebrow Soothing Gel (015-136).pdf',	'/upload/media_element/attachments/87/Eyebrow Soothing Gel (015-136).pdf',	'',	1,	0,	0,	'0000-00-00 00:00:00',	'0000-00-00 00:00:00',	0),
(93,	'Attachment:2015-12-15:115225Exfoliating Cream Glycolic Acid (008-049).pdf',	'/upload/media_element/attachments/88/Exfoliating Cream Glycolic Acid (008-049).pdf',	'',	1,	0,	0,	'0000-00-00 00:00:00',	'0000-00-00 00:00:00',	0),
(94,	'Attachment:2015-12-15:115315Natural Luxe Eye Cream (013-028).pdf',	'/upload/media_element/attachments/89/Natural Luxe Eye Cream (013-028).pdf',	'',	1,	0,	0,	'0000-00-00 00:00:00',	'0000-00-00 00:00:00',	0),
(95,	'Attachment:2015-12-15:115353Acne Treatment (013-050).pdf',	'/upload/media_element/attachments/90/Acne Treatment (013-050).pdf',	'',	1,	0,	0,	'0000-00-00 00:00:00',	'0000-00-00 00:00:00',	0),
(96,	'Attachment:2015-12-15:115434Anti-Aging Cream (YL-7-188).pdf',	'/upload/media_element/attachments/91/Anti-Aging Cream (YL-7-188).pdf',	'',	1,	0,	0,	'0000-00-00 00:00:00',	'0000-00-00 00:00:00',	0),
(97,	'Attachment:2015-12-15:115938Natural Shaving Cream for Men (015-076).pdf',	'/upload/media_element/attachments/92/Natural Shaving Cream for Men (015-076).pdf',	'',	1,	0,	0,	'0000-00-00 00:00:00',	'0000-00-00 00:00:00',	0),
(98,	'Attachment:2015-12-15:120101Moisturizing Face Scrub (008-140).pdf',	'/upload/media_element/attachments/93/Moisturizing Face Scrub (008-140).pdf',	'',	1,	0,	0,	'0000-00-00 00:00:00',	'0000-00-00 00:00:00',	0),
(99,	'Attachment:2015-12-15:133250Natural Hand Sanitizer (BC-37-18-B).pdf',	'/upload/media_element/attachments/94/Natural Hand Sanitizer (BC-37-18-B).pdf',	'',	1,	0,	0,	'0000-00-00 00:00:00',	'0000-00-00 00:00:00',	0),
(100,	'Attachment:2015-12-15:133400Aftershave Gel (015-120).pdf',	'/upload/media_element/attachments/95/Aftershave Gel (015-120).pdf',	'',	1,	0,	0,	'0000-00-00 00:00:00',	'0000-00-00 00:00:00',	0),
(101,	'Attachment:2015-12-15:134257BB Cream with Oleosomes (YL-7-98-B).pdf',	'/upload/media_element/attachments/96/BB Cream with Oleosomes (YL-7-98-B).pdf',	'',	1,	0,	0,	'0000-00-00 00:00:00',	'0000-00-00 00:00:00',	0),
(102,	'Attachment:2015-12-15:134325Sheer Foundation (005-043).pdf',	'/upload/media_element/attachments/97/Sheer Foundation (005-043).pdf',	'',	1,	0,	0,	'0000-00-00 00:00:00',	'0000-00-00 00:00:00',	0),
(103,	'Attachment:2015-12-15:135615Moisturizing Shampoo (BC-35-7).pdf',	'/upload/media_element/attachments/98/Moisturizing Shampoo (BC-35-7).pdf',	'',	1,	0,	0,	'0000-00-00 00:00:00',	'0000-00-00 00:00:00',	0),
(104,	'Attachment:2015-12-15:135649Hair Serum (BC-35-11).pdf',	'/upload/media_element/attachments/99/Hair Serum (BC-35-11).pdf',	'',	1,	0,	0,	'0000-00-00 00:00:00',	'0000-00-00 00:00:00',	0),
(105,	'Attachment:2015-12-15:135713Hair Conditioner (BC-35-8-D).pdf',	'/upload/media_element/attachments/100/Hair Conditioner (BC-35-8-D).pdf',	'',	1,	0,	0,	'0000-00-00 00:00:00',	'0000-00-00 00:00:00',	0),
(106,	'Attachment:2015-12-15:135743Moisturizing Body Scrub (008-137).pdf',	'/upload/media_element/attachments/101/Moisturizing Body Scrub (008-137).pdf',	'',	1,	0,	0,	'0000-00-00 00:00:00',	'0000-00-00 00:00:00',	0),
(107,	'Attachment:2015-12-15:135816Natural Body Wash (008-103).pdf',	'/upload/media_element/attachments/102/Natural Body Wash (008-103).pdf',	'',	1,	0,	0,	'0000-00-00 00:00:00',	'0000-00-00 00:00:00',	0),
(108,	'Attachment:2015-12-15:135848Nature\'s Indulgence Cream (011-003).pdf',	'/upload/media_element/attachments/103/Nature\'s Indulgence Cream (011-003).pdf',	'',	1,	0,	0,	'0000-00-00 00:00:00',	'0000-00-00 00:00:00',	0),
(109,	'Attachment:2015-12-15:135915Nature\'s Indulgence Cream (011-003).pdf',	'/upload/media_element/attachments/104/Nature\'s Indulgence Cream (011-003).pdf',	'',	1,	0,	0,	'0000-00-00 00:00:00',	'0000-00-00 00:00:00',	0),
(110,	'Attachment:2015-12-15:135959Nature\'s Indulgence Cream (011-003).pdf',	'/upload/media_element/attachments/105/Nature\'s Indulgence Cream (011-003).pdf',	'',	1,	0,	0,	'0000-00-00 00:00:00',	'0000-00-00 00:00:00',	0),
(111,	'Attachment:2015-12-15:140033Natures Indulgence Cream (011-003).pdf',	'/upload/media_element/attachments/106/Natures Indulgence Cream (011-003).pdf',	'',	1,	0,	0,	'0000-00-00 00:00:00',	'0000-00-00 00:00:00',	0),
(112,	'Attachment:2015-12-15:140119Natural Baby Lotion (005-144).pdf',	'/upload/media_element/attachments/107/Natural Baby Lotion (005-144).pdf',	'',	1,	0,	0,	'0000-00-00 00:00:00',	'0000-00-00 00:00:00',	0),
(113,	'Attachment:2015-12-15:140154Natural Baby Diaper Cream (015-049).pdf',	'/upload/media_element/attachments/108/Natural Baby Diaper Cream (015-049).pdf',	'',	1,	0,	0,	'0000-00-00 00:00:00',	'0000-00-00 00:00:00',	0),
(114,	'Attachment:2015-12-15:140225Natural Baby Bath (011-093).pdf',	'/upload/media_element/attachments/109/Natural Baby Bath (011-093).pdf',	'',	1,	0,	0,	'0000-00-00 00:00:00',	'0000-00-00 00:00:00',	0),
(115,	'Attachment:2016-01-05:154130Hair Care Technical Bulletin.pdf',	'/upload/media_element/attachments/110/Hair Care Technical Bulletin.pdf',	'',	1,	0,	0,	'0000-00-00 00:00:00',	'0000-00-00 00:00:00',	0),
(116,	'Hydresia Illustration',	'/upload/media_element/116/62a88824535f/hydresia-illustration.pdf',	'It All Started with a Safflower...',	1,	0,	0,	'2016-01-08 23:41:17',	'2016-01-08 23:41:17',	8),
(117,	'Hydresia Formulary Facts',	'/upload/media_element/117/300ee80c9ca5/hydresia-formulary-facts.pdf',	'Formulate with Ease',	1,	0,	0,	'2016-01-08 23:42:12',	'2016-01-08 23:42:12',	8),
(118,	'Attachment:2016-01-25:1549203056 Botaneco SkinCare F2.pdf',	'/upload/media_element/attachments/111/3056 Botaneco SkinCare F2.pdf',	'',	1,	0,	0,	'0000-00-00 00:00:00',	'0000-00-00 00:00:00',	0),
(119,	'Attachment:2016-01-25:1550563056 Botaneco HairCare P3[1].pdf',	'/upload/media_element/attachments/112/3056 Botaneco HairCare P3[1].pdf',	'',	1,	0,	0,	'0000-00-00 00:00:00',	'0000-00-00 00:00:00',	0),
(120,	'Attachment:2016-01-25:155402Hydresia Illustration.pdf',	'/upload/media_element/attachments/113/Hydresia Illustration.pdf',	'',	1,	0,	0,	'0000-00-00 00:00:00',	'0000-00-00 00:00:00',	0),
(121,	'Attachment:2016-01-26:1504553056 Botaneco SkinCare F2.pdf',	'/upload/media_element/attachments/114/3056 Botaneco SkinCare F2.pdf',	'',	1,	0,	0,	'0000-00-00 00:00:00',	'0000-00-00 00:00:00',	0),
(122,	'Attachment:2016-01-26:1505153056 Botaneco HairCare F1.pdf',	'/upload/media_element/attachments/115/3056 Botaneco HairCare F1.pdf',	'',	1,	0,	0,	'0000-00-00 00:00:00',	'0000-00-00 00:00:00',	0),
(123,	'Attachment:2016-02-09:094535Mineral Sunscreen SPF 30 (BC-37-63).pdf',	'/upload/media_element/attachments/116/Mineral Sunscreen SPF 30 (BC-37-63).pdf',	'',	1,	0,	0,	'0000-00-00 00:00:00',	'0000-00-00 00:00:00',	0),
(124,	'Attachment:2016-02-09:095250Sprayable Moisturizing Lotion (TH-51-29).pdf',	'/upload/media_element/attachments/117/Sprayable Moisturizing Lotion (TH-51-29).pdf',	'',	1,	0,	0,	'0000-00-00 00:00:00',	'0000-00-00 00:00:00',	0),
(125,	'Attachment:2016-02-11:153120Lip Treatment (BC-35-38-C).pdf',	'/upload/media_element/attachments/118/Lip Treatment (BC-35-38-C).pdf',	'',	1,	0,	0,	'0000-00-00 00:00:00',	'0000-00-00 00:00:00',	0),
(126,	'Attachment:2016-02-11:153607Lip Balm (051-02-39).pdf',	'/upload/media_element/attachments/119/Lip Balm (051-02-39).pdf',	'',	1,	0,	0,	'0000-00-00 00:00:00',	'0000-00-00 00:00:00',	0),
(127,	'Attachment:2016-03-28:144938Karmyn Protein Data Sheet.pdf',	'/upload/media_element/attachments/120/Karmyn Protein Data Sheet.pdf',	'',	1,	0,	0,	'0000-00-00 00:00:00',	'0000-00-00 00:00:00',	0),
(128,	'Attachment:2016-03-28:145026Technical Bulletin_Safflower Protein.pdf',	'/upload/media_element/attachments/121/Technical Bulletin_Safflower Protein.pdf',	'',	1,	0,	0,	'0000-00-00 00:00:00',	'0000-00-00 00:00:00',	0),
(129,	'Attachment:2016-04-06:101433Natural Shaving Cream for Men (015-076).pdf',	'/upload/media_element/attachments/122/Natural Shaving Cream for Men (015-076).pdf',	'',	1,	0,	0,	'0000-00-00 00:00:00',	'0000-00-00 00:00:00',	0),
(130,	'Attachment:2016-04-14:165250Natural Hand Sanitizer (BC-37-18-B).pdf',	'/upload/media_element/attachments/123/Natural Hand Sanitizer (BC-37-18-B).pdf',	'',	1,	0,	0,	'0000-00-00 00:00:00',	'0000-00-00 00:00:00',	0),
(131,	'Attachment:2016-04-18:180834Natural Hair Shampoo (BC-35-24).pdf',	'/upload/media_element/attachments/124/Natural Hair Shampoo (BC-35-24).pdf',	'',	1,	0,	0,	'0000-00-00 00:00:00',	'0000-00-00 00:00:00',	0),
(132,	'Attachment:2016-04-18:181404Natural Hair Conditioner (BC-35-25).pdf',	'/upload/media_element/attachments/125/Natural Hair Conditioner (BC-35-25).pdf',	'',	1,	0,	0,	'0000-00-00 00:00:00',	'0000-00-00 00:00:00',	0),
(133,	'Attachment:2016-04-18:181700Natural Shower Gel (BC-35-23).pdf',	'/upload/media_element/attachments/126/Natural Shower Gel (BC-35-23).pdf',	'',	1,	0,	0,	'0000-00-00 00:00:00',	'0000-00-00 00:00:00',	0),
(134,	'Attachment:2016-04-18:181956Sprayable Hair Conditioner (TH-51-35-44).pdf',	'/upload/media_element/attachments/127/Sprayable Hair Conditioner (TH-51-35-44).pdf',	'',	1,	0,	0,	'0000-00-00 00:00:00',	'0000-00-00 00:00:00',	0),
(135,	'Attachment:2016-04-19:072217Sprayable Hair Conditioner (TH-51-35-44).pdf',	'/upload/media_element/attachments/128/Sprayable Hair Conditioner (TH-51-35-44).pdf',	'',	1,	0,	0,	'0000-00-00 00:00:00',	'0000-00-00 00:00:00',	0),
(136,	'Attachment:2016-04-19:072437Non-quat conditioner.pdf',	'/upload/media_element/attachments/129/Non-quat conditioner.pdf',	'',	1,	0,	0,	'0000-00-00 00:00:00',	'0000-00-00 00:00:00',	0),
(137,	'Attachment:2016-04-19:072735Natural Shower Gel (BC-35-23).pdf',	'/upload/media_element/attachments/130/Natural Shower Gel (BC-35-23).pdf',	'',	1,	0,	0,	'0000-00-00 00:00:00',	'0000-00-00 00:00:00',	0),
(138,	'Attachment:2016-04-19:072953Natural Hair Shampoo (BC-35-24).pdf',	'/upload/media_element/attachments/131/Natural Hair Shampoo (BC-35-24).pdf',	'',	1,	0,	0,	'0000-00-00 00:00:00',	'0000-00-00 00:00:00',	0),
(139,	'Attachment:2016-04-19:073242Natural Hair Conditioner (BC-35-25).pdf',	'/upload/media_element/attachments/132/Natural Hair Conditioner (BC-35-25).pdf',	'',	1,	0,	0,	'0000-00-00 00:00:00',	'0000-00-00 00:00:00',	0),
(140,	'Attachment:2016-04-19:1159503061-Karmyn-Sales-Insert-F.pdf',	'/upload/media_element/attachments/133/3061-Karmyn-Sales-Insert-F.pdf',	'',	1,	0,	0,	'0000-00-00 00:00:00',	'0000-00-00 00:00:00',	0),
(141,	'Attachment:2016-04-19:121149Carmin Protein TDS.pdf',	'/upload/media_element/attachments/134/Carmin Protein TDS.pdf',	'',	1,	0,	0,	'0000-00-00 00:00:00',	'0000-00-00 00:00:00',	0),
(142,	'Attachment:2016-04-19:150103SF2 Data Sheet.pdf',	'/upload/media_element/attachments/135/SF2 Data Sheet.pdf',	'',	1,	0,	0,	'0000-00-00 00:00:00',	'0000-00-00 00:00:00',	0),
(143,	'Attachment:2016-04-19:150145G2 Data Sheet.pdf',	'/upload/media_element/attachments/136/G2 Data Sheet.pdf',	'',	1,	0,	0,	'0000-00-00 00:00:00',	'0000-00-00 00:00:00',	0),
(144,	'Attachment:2016-04-26:151746Zinc Oxide Treatment Spray 051-40-46.pdf',	'/upload/media_element/attachments/137/Zinc Oxide Treatment Spray 051-40-46.pdf',	'',	1,	0,	0,	'0000-00-00 00:00:00',	'0000-00-00 00:00:00',	0),
(145,	'Attachment:2016-05-03:113544Sprayable Mineral Sunscreen (TH-51-02-39).pdf',	'/upload/media_element/attachments/138/Sprayable Mineral Sunscreen (TH-51-02-39).pdf',	'',	1,	0,	0,	'0000-00-00 00:00:00',	'0000-00-00 00:00:00',	0),
(146,	'Attachment:2016-05-13:163130SDS Hydresia SF2 4-005 R1.pdf',	'/upload/media_element/attachments/139/SDS Hydresia SF2 4-005 R1.pdf',	'',	1,	0,	0,	'0000-00-00 00:00:00',	'0000-00-00 00:00:00',	0),
(147,	'CapSol Data Sheet',	'/upload/media_element/147/d2e5caa354f4/capsol-sales-insert.pdf',	'CapSol Data Sheet',	1,	0,	0,	'2016-10-15 03:51:38',	'2016-10-15 03:51:38',	2),
(148,	'CapSol Sales Insert',	'/upload/media_element/148/8432993e201d/capsol-sales-insert.pdf',	'CapSol Sales Insert',	1,	0,	0,	'2016-10-19 18:15:18',	'2016-10-19 18:15:18',	2),
(149,	'CapSol SPF 15',	'/upload/media_element/149/4f9ca08b866d/capsol-spf15-bc-34-18-a.pdf',	'CapSol SPF 15',	1,	0,	0,	'2016-10-19 18:21:22',	'2016-10-19 18:21:22',	2),
(150,	'CapSol SPF 30',	'/upload/media_element/150/21123c6399fb/capsol-sunscreen-spf-30-bc-34-20.pdf',	'CapSol SPF 30',	1,	0,	0,	'2016-10-19 12:26:25',	'2017-05-01 21:59:00',	2),
(151,	'CapSol SPF 50',	'/upload/media_element/151/7fda5e59172a/capsol-spf50-bc-34-19-c.pdf',	'CapSol SPF 50',	1,	0,	0,	'2016-10-19 18:28:02',	'2016-10-19 18:28:02',	2),
(152,	'CapSol SDS',	'/upload/media_element/152/7d23f3384fc4/sds-capsol-9-002.pdf',	'CapSol SDS',	1,	0,	0,	'2016-10-20 22:26:32',	'2016-10-20 22:26:32',	2),
(153,	'Attachment:2016-11-14:144734Botaneco Website Text - EDITED.docx',	'/upload/media_element/attachments/140/Botaneco Website Text - EDITED.docx',	'',	1,	0,	0,	'0000-00-00 00:00:00',	'0000-00-00 00:00:00',	0),
(154,	'Attachment:2016-11-21:105821Sprayable Mineral Sunscreen (TH-51-02-39).pdf',	'/upload/media_element/attachments/141/Sprayable Mineral Sunscreen (TH-51-02-39).pdf',	'',	1,	0,	0,	'0000-00-00 00:00:00',	'0000-00-00 00:00:00',	0),
(155,	'Attachment:2016-11-21:105957Sprayable Moisturizing Lotion (TH-51-29).pdf',	'/upload/media_element/attachments/142/Sprayable Moisturizing Lotion (TH-51-29).pdf',	'',	1,	0,	0,	'0000-00-00 00:00:00',	'0000-00-00 00:00:00',	0),
(156,	'Attachment:2016-11-21:110036Zinc Oxide Treatment Spray 051-40-46.pdf',	'/upload/media_element/attachments/143/Zinc Oxide Treatment Spray 051-40-46.pdf',	'',	1,	0,	0,	'0000-00-00 00:00:00',	'0000-00-00 00:00:00',	0),
(157,	'Attachment:2016-11-29:161404Production Operator.pdf',	'/upload/media_element/attachments/144/Production Operator.pdf',	'',	1,	0,	0,	'0000-00-00 00:00:00',	'0000-00-00 00:00:00',	0),
(158,	'Attachment:2016-11-30:135837Sprayable Mineral Sunscreen (TH-51-02-39)new.pdf',	'/upload/media_element/attachments/145/Sprayable Mineral Sunscreen (TH-51-02-39)new.pdf',	'',	1,	1,	0,	'0000-00-00 00:00:00',	'0000-00-00 00:00:00',	0),
(159,	'Attachment:2016-11-30:135910Sprayable Mineral Sunscreen (TH-51-02-39)new.pdf',	'/upload/media_element/attachments/146/Sprayable Mineral Sunscreen (TH-51-02-39)new.pdf',	'',	1,	1,	0,	'0000-00-00 00:00:00',	'0000-00-00 00:00:00',	0),
(160,	'Attachment:2016-11-30:140022Sprayable Mineral Sunscreen (TH-51-02-39).pdf',	'/upload/media_element/attachments/147/Sprayable Mineral Sunscreen (TH-51-02-39).pdf',	'',	1,	0,	0,	'0000-00-00 00:00:00',	'0000-00-00 00:00:00',	0),
(161,	'Attachment:2016-12-02:170413Botaneco R+D Team Leader.pdf',	'/upload/media_element/attachments/148/Botaneco R+D Team Leader.pdf',	'',	1,	0,	0,	'0000-00-00 00:00:00',	'0000-00-00 00:00:00',	0),
(162,	'Attachment:2016-12-02:170529Botaneco R+D Team Leader.pdf',	'/upload/media_element/attachments/149/Botaneco R+D Team Leader.pdf',	'',	1,	0,	0,	'0000-00-00 00:00:00',	'0000-00-00 00:00:00',	0),
(163,	'Attachment:2016-12-02:170831Botaneco R+D Team Leader.pdf',	'/upload/media_element/attachments/150/Botaneco R+D Team Leader.pdf',	'',	1,	0,	0,	'0000-00-00 00:00:00',	'0000-00-00 00:00:00',	0),
(164,	'Attachment:2017-03-06:153400Mineral Sunscreen SPF 30 (BC-37-43).pdf',	'/upload/media_element/attachments/151/Mineral Sunscreen SPF 30 (BC-37-43).pdf',	'',	1,	0,	0,	'0000-00-00 00:00:00',	'0000-00-00 00:00:00',	0),
(165,	'Attachment:2017-03-06:153555Mineral Sunscreen SPF 30 (BC-37-43).pdf',	'/upload/media_element/165/9471dcb97a59/mineral-sunscreen-spf-30-bc-37-43-6.pdf',	'Mineral Sunscreen',	1,	0,	0,	'0000-00-00 00:00:00',	'2017-05-04 23:48:37',	2),
(166,	'Attachment:2017-03-21:120148Botaneco Inside Sales.pdf',	'/upload/media_element/attachments/153/Botaneco Inside Sales.pdf',	'',	1,	0,	0,	'0000-00-00 00:00:00',	'0000-00-00 00:00:00',	0),
(167,	'Attachment:2017-03-22:111204Botaneco Senior Formulation Chemist.pdf',	'/upload/media_element/attachments/154/Botaneco Senior Formulation Chemist.pdf',	'',	1,	0,	0,	'0000-00-00 00:00:00',	'0000-00-00 00:00:00',	0),
(168,	'Attachment:2017-03-22:111352Botaneco Senior Formulation Chemist.pdf',	'/upload/media_element/attachments/155/Botaneco Senior Formulation Chemist.pdf',	'',	1,	0,	0,	'0000-00-00 00:00:00',	'0000-00-00 00:00:00',	0),
(169,	'Attachment:2017-03-22:132007Botaneco Quality Control Technician.pdf',	'/upload/media_element/attachments/156/Botaneco Quality Control Technician.pdf',	'',	1,	0,	0,	'0000-00-00 00:00:00',	'0000-00-00 00:00:00',	0),
(170,	'Attachment:2017-03-22:132350Botaneco Quality Control Technician.pdf',	'/upload/media_element/attachments/157/Botaneco Quality Control Technician.pdf',	'',	1,	0,	0,	'0000-00-00 00:00:00',	'0000-00-00 00:00:00',	0),
(171,	'Attachment:2017-03-23:164820Non-quat conditioner.pdf',	'/upload/media_element/attachments/158/Non-quat conditioner.pdf',	'',	1,	0,	0,	'0000-00-00 00:00:00',	'0000-00-00 00:00:00',	0),
(172,	'Attachment:2017-04-10:113842Screen Shot 2017-04-03 at 11.15.06 AM.png',	'/upload/media_element/attachments/159/Screen Shot 2017-04-03 at 11.15.06 AM.png',	'',	1,	0,	0,	'0000-00-00 00:00:00',	'0000-00-00 00:00:00',	0),
(173,	'Conditioner with 2% Karmyn',	'/upload/media_element/173/ce83d0c1a172/conditioner-with-2-karmyn-bc-37-73-a.pdf',	'Conditioner with 2% Karmyn',	1,	0,	0,	'2017-05-01 22:12:57',	'2017-05-01 22:12:57',	2),
(174,	'Lip Balm',	'/upload/media_element/174/de298ea552ff/lip-balm-bc-37-80.pdf',	'Lip Balm',	1,	0,	0,	'2017-05-01 22:19:26',	'2017-05-01 22:19:26',	2),
(175,	'Attachment:2017-06-26:173415Botaneco Research Associate.pdf',	'/upload/media_element/attachments/160/Botaneco Research Associate.pdf',	'',	1,	0,	0,	'0000-00-00 00:00:00',	'0000-00-00 00:00:00',	0),
(176,	'Attachment:2017-06-27:105151Botaneco Research Associate.pdf',	'/upload/media_element/attachments/161/Botaneco Research Associate.pdf',	'',	1,	0,	0,	'0000-00-00 00:00:00',	'0000-00-00 00:00:00',	0),
(177,	'Attachment:2017-06-28:131557capsol-spf15-bc-34-18-a_2017.pdf',	'/upload/media_element/attachments/162/capsol-spf15-bc-34-18-a_2017.pdf',	'',	1,	0,	0,	'0000-00-00 00:00:00',	'0000-00-00 00:00:00',	0),
(178,	'Attachment:2017-06-28:131633capsol-sunscreen-spf-30-bc-34-20_2017.pdf',	'/upload/media_element/attachments/163/capsol-sunscreen-spf-30-bc-34-20_2017.pdf',	'',	1,	0,	0,	'0000-00-00 00:00:00',	'0000-00-00 00:00:00',	0),
(179,	'Attachment:2017-06-28:131712capsol-spf50-bc-34-19-c_2017.pdf',	'/upload/media_element/attachments/164/capsol-spf50-bc-34-19-c_2017.pdf',	'',	1,	0,	0,	'0000-00-00 00:00:00',	'0000-00-00 00:00:00',	0),
(180,	'Attachment:2017-06-28:141100Acne Treatment (013-050)_2017.pdf',	'/upload/media_element/attachments/165/Acne Treatment (013-050)_2017.pdf',	'',	1,	0,	0,	'0000-00-00 00:00:00',	'0000-00-00 00:00:00',	0),
(181,	'Attachment:2017-06-28:141125Aftershave Gel (015-120)_2017.pdf',	'/upload/media_element/attachments/166/Aftershave Gel (015-120)_2017.pdf',	'',	1,	0,	0,	'0000-00-00 00:00:00',	'0000-00-00 00:00:00',	0),
(182,	'Attachment:2017-06-28:141205BB Cream with Oleosomes (YL-7-98-B)_2017.pdf',	'/upload/media_element/attachments/167/BB Cream with Oleosomes (YL-7-98-B)_2017.pdf',	'',	1,	0,	0,	'0000-00-00 00:00:00',	'0000-00-00 00:00:00',	0),
(183,	'Attachment:2017-06-28:141228Anti-Aging Cream (YL-7-188)_2017.pdf',	'/upload/media_element/attachments/168/Anti-Aging Cream (YL-7-188)_2017.pdf',	'',	1,	0,	0,	'0000-00-00 00:00:00',	'0000-00-00 00:00:00',	0),
(184,	'Attachment:2017-06-28:141325mineral-sunscreen-spf-30-bc-37-43-6_2017.pdf',	'/upload/media_element/attachments/169/mineral-sunscreen-spf-30-bc-37-43-6_2017.pdf',	'',	1,	0,	0,	'0000-00-00 00:00:00',	'0000-00-00 00:00:00',	0),
(185,	'Attachment:2017-06-28:141357BB Cream with Oleosomes (YL-7-98-B)_2017.pdf',	'/upload/media_element/attachments/170/BB Cream with Oleosomes (YL-7-98-B)_2017.pdf',	'',	1,	0,	0,	'0000-00-00 00:00:00',	'0000-00-00 00:00:00',	0),
(186,	'Attachment:2017-06-28:141430Exfoliating Cream Glycolic Acid (008-049)_2017.pdf',	'/upload/media_element/attachments/171/Exfoliating Cream Glycolic Acid (008-049)_2017.pdf',	'',	1,	0,	0,	'0000-00-00 00:00:00',	'0000-00-00 00:00:00',	0),
(187,	'Attachment:2017-06-28:141506Eyebrow Soothing Gel (015-136)_2017.pdf',	'/upload/media_element/attachments/172/Eyebrow Soothing Gel (015-136)_2017.pdf',	'',	1,	0,	0,	'0000-00-00 00:00:00',	'0000-00-00 00:00:00',	0),
(188,	'Attachment:2017-06-28:141543Lip Treatment (BC-35-38-C)_2017.pdf',	'/upload/media_element/attachments/173/Lip Treatment (BC-35-38-C)_2017.pdf',	'',	1,	0,	0,	'0000-00-00 00:00:00',	'0000-00-00 00:00:00',	0),
(189,	'Attachment:2017-06-28:141700lip-balm-bc-37-80_2017.pdf',	'/upload/media_element/attachments/174/lip-balm-bc-37-80_2017.pdf',	'',	1,	0,	0,	'0000-00-00 00:00:00',	'0000-00-00 00:00:00',	0),
(190,	'Attachment:2017-06-28:141750Moisturizing Face Scrub (008-140)_2017.pdf',	'/upload/media_element/attachments/175/Moisturizing Face Scrub (008-140)_2017.pdf',	'',	1,	0,	0,	'0000-00-00 00:00:00',	'0000-00-00 00:00:00',	0),
(191,	'Attachment:2017-06-28:142050Natural Hand Sanitizer (BC-37-18-B)_2017.pdf',	'/upload/media_element/attachments/176/Natural Hand Sanitizer (BC-37-18-B)_2017.pdf',	'',	1,	0,	0,	'0000-00-00 00:00:00',	'0000-00-00 00:00:00',	0),
(192,	'Attachment:2017-06-28:142204Natural Eye Make-Up Remover (BC-37-8-B)_2017.pdf',	'/upload/media_element/attachments/177/Natural Eye Make-Up Remover (BC-37-8-B)_2017.pdf',	'',	1,	0,	0,	'0000-00-00 00:00:00',	'0000-00-00 00:00:00',	0),
(193,	'Attachment:2017-06-28:142303Mass Market Natural Moisturizing Cream_2017.pdf',	'/upload/media_element/attachments/178/Mass Market Natural Moisturizing Cream_2017.pdf',	'',	1,	0,	0,	'0000-00-00 00:00:00',	'0000-00-00 00:00:00',	0),
(194,	'Attachment:2017-06-28:145356Natural Shaving Cream for Men (015-076)_2017.pdf',	'/upload/media_element/attachments/179/Natural Shaving Cream for Men (015-076)_2017.pdf',	'',	1,	0,	0,	'0000-00-00 00:00:00',	'0000-00-00 00:00:00',	0),
(195,	'Attachment:2017-06-28:145425Sheer Foundation (005-043)_2017.pdf',	'/upload/media_element/attachments/180/Sheer Foundation (005-043)_2017.pdf',	'',	1,	0,	0,	'0000-00-00 00:00:00',	'0000-00-00 00:00:00',	0),
(196,	'Attachment:2017-06-28:145509Lip Balm (051-02-39)_2017.pdf',	'/upload/media_element/attachments/181/Lip Balm (051-02-39)_2017.pdf',	'',	1,	0,	0,	'0000-00-00 00:00:00',	'0000-00-00 00:00:00',	0),
(197,	'Attachment:2017-06-28:152220Sprayable Mineral Sunscreen (TH-51-02-39)_2017.pdf',	'/upload/media_element/attachments/182/Sprayable Mineral Sunscreen (TH-51-02-39)_2017.pdf',	'',	1,	0,	0,	'0000-00-00 00:00:00',	'0000-00-00 00:00:00',	0),
(198,	'Attachment:2017-06-28:161530Mass Market Traditional Moisturizing Cream (012-111)_2017.pdf',	'/upload/media_element/attachments/183/Mass Market Traditional Moisturizing Cream (012-111)_2017.pdf',	'',	1,	0,	0,	'0000-00-00 00:00:00',	'0000-00-00 00:00:00',	0),
(199,	'Attachment:2017-06-28:161649Zinc Oxide Treatment Spray 051-40-46_2017.pdf',	'/upload/media_element/attachments/184/Zinc Oxide Treatment Spray 051-40-46_2017.pdf',	'',	1,	0,	0,	'0000-00-00 00:00:00',	'0000-00-00 00:00:00',	0),
(200,	'Attachment:2017-06-28:161714Moisturizing Shampoo (BC-35-7)_2017.pdf',	'/upload/media_element/attachments/185/Moisturizing Shampoo (BC-35-7)_2017.pdf',	'',	1,	0,	0,	'0000-00-00 00:00:00',	'0000-00-00 00:00:00',	0),
(201,	'Attachment:2017-06-28:161759hair-serum-bc-35-11_2017.pdf',	'/upload/media_element/attachments/186/hair-serum-bc-35-11_2017.pdf',	'',	1,	0,	0,	'0000-00-00 00:00:00',	'0000-00-00 00:00:00',	0),
(202,	'Attachment:2017-06-28:161830Hair Conditioner (BC-35-8-D)_2017.pdf',	'/upload/media_element/attachments/187/Hair Conditioner (BC-35-8-D)_2017.pdf',	'',	1,	0,	0,	'0000-00-00 00:00:00',	'0000-00-00 00:00:00',	0),
(203,	'Attachment:2017-06-28:162130Moisturizing Body Scrub (008-137)_2017.pdf',	'/upload/media_element/attachments/188/Moisturizing Body Scrub (008-137)_2017.pdf',	'',	1,	0,	0,	'0000-00-00 00:00:00',	'0000-00-00 00:00:00',	0),
(204,	'Attachment:2017-06-28:162303Natural Body Wash (008-103)_2017.pdf',	'/upload/media_element/attachments/189/Natural Body Wash (008-103)_2017.pdf',	'',	1,	0,	0,	'0000-00-00 00:00:00',	'0000-00-00 00:00:00',	0),
(205,	'Attachment:2017-06-28:162415Natures Indulgence Cream (011-003)_2017.pdf',	'/upload/media_element/attachments/190/Natures Indulgence Cream (011-003)_2017.pdf',	'',	1,	0,	0,	'0000-00-00 00:00:00',	'0000-00-00 00:00:00',	0),
(206,	'Attachment:2017-06-28:162438Sprayable Moisturizing Lotion (TH-51-29)_2017.pdf',	'/upload/media_element/attachments/191/Sprayable Moisturizing Lotion (TH-51-29)_2017.pdf',	'',	1,	0,	0,	'0000-00-00 00:00:00',	'0000-00-00 00:00:00',	0),
(207,	'Attachment:2017-06-28:162505Natural Baby Diaper Cream (015-049)_2017.pdf',	'/upload/media_element/attachments/192/Natural Baby Diaper Cream (015-049)_2017.pdf',	'',	1,	0,	0,	'0000-00-00 00:00:00',	'0000-00-00 00:00:00',	0),
(208,	'Attachment:2017-06-28:162810Natural Baby Bath (011-093)_2017.pdf',	'/upload/media_element/attachments/193/Natural Baby Bath (011-093)_2017.pdf',	'',	1,	0,	0,	'0000-00-00 00:00:00',	'0000-00-00 00:00:00',	0),
(209,	'Attachment:2017-06-28:163459Natural Hair Shampoo (BC-35-24)_2017.pdf',	'/upload/media_element/attachments/194/Natural Hair Shampoo (BC-35-24)_2017.pdf',	'',	1,	0,	0,	'0000-00-00 00:00:00',	'0000-00-00 00:00:00',	0),
(210,	'Attachment:2017-06-28:163528Natural Hair Conditioner (BC-35-25)_2017.pdf',	'/upload/media_element/attachments/195/Natural Hair Conditioner (BC-35-25)_2017.pdf',	'',	1,	0,	0,	'0000-00-00 00:00:00',	'0000-00-00 00:00:00',	0),
(211,	'Attachment:2017-06-28:163550conditioner-with-2-karmyn-bc-37-73-a_2017.pdf',	'/upload/media_element/attachments/196/conditioner-with-2-karmyn-bc-37-73-a_2017.pdf',	'',	1,	0,	0,	'0000-00-00 00:00:00',	'0000-00-00 00:00:00',	0),
(212,	'Attachment:2017-06-28:163629Natural Shower Gel (BC-35-23)_2017(1).pdf',	'/upload/media_element/attachments/197/Natural Shower Gel (BC-35-23)_2017(1).pdf',	'',	1,	0,	0,	'0000-00-00 00:00:00',	'0000-00-00 00:00:00',	0),
(213,	'Attachment:2017-06-28:163701Sprayable Hair Conditioner (TH-51-35-44)_2017.pdf',	'/upload/media_element/attachments/198/Sprayable Hair Conditioner (TH-51-35-44)_2017.pdf',	'',	1,	0,	0,	'0000-00-00 00:00:00',	'0000-00-00 00:00:00',	0),
(214,	'Attachment:2017-06-28:163723Non-quat conditioner_2017.pdf',	'/upload/media_element/attachments/199/Non-quat conditioner_2017.pdf',	'',	1,	0,	0,	'0000-00-00 00:00:00',	'0000-00-00 00:00:00',	0),
(215,	'Attachment:2017-06-28:164729SF2 Data Sheet_2017.pdf',	'/upload/media_element/attachments/200/SF2 Data Sheet_2017.pdf',	'',	1,	0,	0,	'0000-00-00 00:00:00',	'0000-00-00 00:00:00',	0),
(216,	'Attachment:2017-06-28:164901SDS Hydresia SF2 4-005 R1-1_2017.pdf',	'/upload/media_element/attachments/201/SDS Hydresia SF2 4-005 R1-1_2017.pdf',	'',	1,	0,	0,	'0000-00-00 00:00:00',	'0000-00-00 00:00:00',	0),
(217,	'Attachment:2017-06-28:165043Hair Care Technical Bulletin_2017.pdf',	'/upload/media_element/attachments/202/Hair Care Technical Bulletin_2017.pdf',	'',	1,	0,	0,	'0000-00-00 00:00:00',	'0000-00-00 00:00:00',	0),
(218,	'Attachment:2017-06-28:165110G2 Data Sheet_2017.pdf',	'/upload/media_element/attachments/203/G2 Data Sheet_2017.pdf',	'',	1,	0,	0,	'0000-00-00 00:00:00',	'0000-00-00 00:00:00',	0),
(219,	'Attachment:2017-06-28:165158msds-hydresia-g2-2-005_2015-v1.0-1_2017.pdf',	'/upload/media_element/attachments/204/msds-hydresia-g2-2-005_2015-v1.0-1_2017.pdf',	'',	1,	0,	0,	'0000-00-00 00:00:00',	'0000-00-00 00:00:00',	0),
(220,	'Attachment:2017-06-28:165216dulce-data-sheet_2017.pdf',	'/upload/media_element/attachments/205/dulce-data-sheet_2017.pdf',	'',	1,	0,	0,	'0000-00-00 00:00:00',	'0000-00-00 00:00:00',	0),
(221,	'Attachment:2017-06-28:165233msds-hydresia-dulce-5-005_2015-v1.0-1_2017.pdf',	'/upload/media_element/attachments/206/msds-hydresia-dulce-5-005_2015-v1.0-1_2017.pdf',	'',	1,	0,	0,	'0000-00-00 00:00:00',	'0000-00-00 00:00:00',	0),
(222,	'Attachment:2017-06-28:165334Carmin Protein TDS_2017.pdf',	'/upload/media_element/attachments/207/Carmin Protein TDS_2017.pdf',	'',	1,	0,	0,	'0000-00-00 00:00:00',	'0000-00-00 00:00:00',	0),
(223,	'Attachment:2017-06-28:1700103056_BOT-Hydresia-SkinCare-May2017-F2.pdf',	'/upload/media_element/attachments/208/3056_BOT-Hydresia-SkinCare-May2017-F2.pdf',	'',	1,	0,	0,	'0000-00-00 00:00:00',	'0000-00-00 00:00:00',	0),
(224,	'Attachment:2017-06-28:170047sds-capsol-9-002-1_2017.pdf',	'/upload/media_element/attachments/209/sds-capsol-9-002-1_2017.pdf',	'',	1,	0,	0,	'0000-00-00 00:00:00',	'0000-00-00 00:00:00',	0),
(225,	'Attachment:2017-06-28:170438Botaneco illustration_revised-june2017.pdf',	'/upload/media_element/attachments/210/Botaneco illustration_revised-june2017.pdf',	'',	1,	0,	0,	'0000-00-00 00:00:00',	'0000-00-00 00:00:00',	0),
(226,	'Attachment:2017-06-30:1147403061-BOT-Karmyn-May2017-WEB.pdf',	'/upload/media_element/attachments/211/3061-BOT-Karmyn-May2017-WEB.pdf',	'',	1,	0,	0,	'0000-00-00 00:00:00',	'0000-00-00 00:00:00',	0),
(227,	'Attachment:2017-06-30:1149083343_BOT-CapSol-May2017-WEB.pdf',	'/upload/media_element/attachments/212/3343_BOT-CapSol-May2017-WEB.pdf',	'',	1,	0,	0,	'0000-00-00 00:00:00',	'0000-00-00 00:00:00',	0),
(228,	'Attachment:2017-06-30:1205073343_BOT-CapSol-May2017-WEB.pdf',	'/upload/media_element/attachments/213/3343_BOT-CapSol-May2017-WEB.pdf',	'',	1,	0,	0,	'0000-00-00 00:00:00',	'0000-00-00 00:00:00',	0),
(229,	'Attachment:2017-08-31:082402NEW CapSol Insert-May2017-F2_print.pdf',	'/upload/media_element/attachments/214/NEW CapSol Insert-May2017-F2_print.pdf',	'',	1,	0,	0,	'0000-00-00 00:00:00',	'0000-00-00 00:00:00',	0),
(230,	'Attachment:2017-08-31:082708SDS Karmyn 10-001.pdf',	'/upload/media_element/attachments/215/SDS Karmyn 10-001.pdf',	'',	1,	0,	0,	'0000-00-00 00:00:00',	'0000-00-00 00:00:00',	0),
(231,	'Attachment:2017-09-01:154841SDS Hydresia SF2 4-007.pdf',	'/upload/media_element/attachments/216/SDS Hydresia SF2 4-007.pdf',	'',	1,	0,	0,	'0000-00-00 00:00:00',	'0000-00-00 00:00:00',	0),
(232,	'Attachment:2017-09-01:154918SDS Hydresia G2 2-009.pdf',	'/upload/media_element/attachments/217/SDS Hydresia G2 2-009.pdf',	'',	1,	0,	0,	'0000-00-00 00:00:00',	'0000-00-00 00:00:00',	0),
(233,	'Attachment:2017-09-01:155011SDS Hydresia Dulce 5-008.pdf',	'/upload/media_element/attachments/218/SDS Hydresia Dulce 5-008.pdf',	'',	1,	0,	0,	'0000-00-00 00:00:00',	'0000-00-00 00:00:00',	0),
(234,	'Attachment:2017-09-01:155117SDS Karmyn 10-002.pdf',	'/upload/media_element/attachments/219/SDS Karmyn 10-002.pdf',	'',	1,	0,	0,	'0000-00-00 00:00:00',	'0000-00-00 00:00:00',	0),
(235,	'Attachment:2017-09-01:155204SDS CapSol 9-003.pdf',	'/upload/media_element/attachments/220/SDS CapSol 9-003.pdf',	'',	1,	0,	0,	'0000-00-00 00:00:00',	'0000-00-00 00:00:00',	0),
(236,	'Attachment:2017-09-01:155346SDS Hydresia SF2 4-007.pdf',	'/upload/media_element/attachments/221/SDS Hydresia SF2 4-007.pdf',	'',	1,	0,	0,	'0000-00-00 00:00:00',	'0000-00-00 00:00:00',	0),
(237,	'Attachment:2017-09-01:155417SDS Hydresia G2 2-009.pdf',	'/upload/media_element/attachments/222/SDS Hydresia G2 2-009.pdf',	'',	1,	0,	0,	'0000-00-00 00:00:00',	'0000-00-00 00:00:00',	0),
(238,	'Attachment:2017-09-01:155440SDS Hydresia Dulce 5-008.pdf',	'/upload/media_element/attachments/223/SDS Hydresia Dulce 5-008.pdf',	'',	1,	0,	0,	'0000-00-00 00:00:00',	'0000-00-00 00:00:00',	0),
(239,	'Attachment:2017-09-05:155348CapSol SPF 15 DN-047-23-1.pdf',	'/upload/media_element/attachments/224/CapSol SPF 15 DN-047-23-1.pdf',	'',	1,	0,	0,	'0000-00-00 00:00:00',	'0000-00-00 00:00:00',	0),
(240,	'Attachment:2017-09-05:155430CapSol SPF 30 DN-047-26-1.pdf',	'/upload/media_element/attachments/225/CapSol SPF 30 DN-047-26-1.pdf',	'',	1,	0,	0,	'0000-00-00 00:00:00',	'0000-00-00 00:00:00',	0),
(241,	'Attachment:2017-09-05:155459CapSol SPF 50 DN-047-27-1.pdf',	'/upload/media_element/attachments/226/CapSol SPF 50 DN-047-27-1.pdf',	'',	1,	0,	0,	'0000-00-00 00:00:00',	'0000-00-00 00:00:00',	0),
(242,	'Attachment:2017-09-05:155907CapSol SPF 30 Lipgloss DN-047-19-1.pdf',	'/upload/media_element/attachments/227/CapSol SPF 30 Lipgloss DN-047-19-1.pdf',	'',	1,	0,	0,	'0000-00-00 00:00:00',	'0000-00-00 00:00:00',	0),
(243,	'Attachment:2017-09-05:160254CapSol SPF 30 Lipgloss DN-047-19-1.pdf',	'/upload/media_element/attachments/228/CapSol SPF 30 Lipgloss DN-047-19-1.pdf',	'',	1,	0,	0,	'0000-00-00 00:00:00',	'0000-00-00 00:00:00',	0),
(244,	'Attachment:2017-09-05:160641Lip Polishing Scrub DN-047-17-1.pdf',	'/upload/media_element/attachments/229/Lip Polishing Scrub DN-047-17-1.pdf',	'',	1,	0,	0,	'0000-00-00 00:00:00',	'0000-00-00 00:00:00',	0),
(245,	'Attachment:2017-09-05:160923Vanilla Coffee Body Exfoliator DN-047-15-1.pdf',	'/upload/media_element/attachments/230/Vanilla Coffee Body Exfoliator DN-047-15-1.pdf',	'',	1,	0,	0,	'0000-00-00 00:00:00',	'0000-00-00 00:00:00',	0),
(246,	'Attachment:2017-09-05:162043Lip Polishing Scrub DN-047-17-1.pdf',	'/upload/media_element/attachments/231/Lip Polishing Scrub DN-047-17-1.pdf',	'',	1,	0,	0,	'0000-00-00 00:00:00',	'0000-00-00 00:00:00',	0),
(247,	'Attachment:2017-09-05:162912Vanilla Coffee Body Exfoliator DN-047-15-1.pdf',	'/upload/media_element/attachments/232/Vanilla Coffee Body Exfoliator DN-047-15-1.pdf',	'',	1,	0,	0,	'0000-00-00 00:00:00',	'0000-00-00 00:00:00',	0),
(248,	'Attachment:2017-09-05:165924CapSol SPF 30 Lipgloss DN-047-19-1.pdf',	'/upload/media_element/attachments/233/CapSol SPF 30 Lipgloss DN-047-19-1.pdf',	'',	1,	0,	0,	'0000-00-00 00:00:00',	'0000-00-00 00:00:00',	0),
(249,	'Attachment:2017-09-08:064401CapSol SPF 30 Lipgloss DN-047-19-1.pdf',	'/upload/media_element/attachments/234/CapSol SPF 30 Lipgloss DN-047-19-1.pdf',	'',	1,	0,	0,	'0000-00-00 00:00:00',	'0000-00-00 00:00:00',	0),
(250,	'Attachment:2017-10-03:072849CapSol SPF 15 Sunscreen DN-047-23-1 .pdf',	'/upload/media_element/attachments/235/CapSol SPF 15 Sunscreen DN-047-23-1 .pdf',	'',	1,	0,	0,	'0000-00-00 00:00:00',	'0000-00-00 00:00:00',	0),
(251,	'Attachment:2017-10-03:073028CapSol SPF 50 Sunscreen DN-047-27-1.pdf',	'/upload/media_element/attachments/236/CapSol SPF 50 Sunscreen DN-047-27-1.pdf',	'',	1,	0,	0,	'0000-00-00 00:00:00',	'0000-00-00 00:00:00',	0),
(252,	'Attachment:2017-10-03:073117CapSol SPF 30 Sunscreen DN-047-26-1.pdf',	'/upload/media_element/attachments/237/CapSol SPF 30 Sunscreen DN-047-26-1.pdf',	'',	1,	0,	0,	'0000-00-00 00:00:00',	'0000-00-00 00:00:00',	0),
(253,	'Attachment:2017-10-03:073204CapSol SPF 30 Tinted Lip Gloss DN-047-19-1.pdf',	'/upload/media_element/attachments/238/CapSol SPF 30 Tinted Lip Gloss DN-047-19-1.pdf',	'',	1,	0,	0,	'0000-00-00 00:00:00',	'0000-00-00 00:00:00',	0),
(254,	'Attachment:2017-10-03:073424SPF 30 Mineral Sunscreen BC-37-43-G.pdf',	'/upload/media_element/attachments/239/SPF 30 Mineral Sunscreen BC-37-43-G.pdf',	'',	1,	0,	0,	'0000-00-00 00:00:00',	'0000-00-00 00:00:00',	0),
(255,	'Attachment:2017-10-10:074858Lip Polishing Scrub DN-047-17-1.pdf',	'/upload/media_element/attachments/240/Lip Polishing Scrub DN-047-17-1.pdf',	'',	1,	0,	0,	'0000-00-00 00:00:00',	'0000-00-00 00:00:00',	0),
(256,	'Attachment:2017-10-10:145613Lip Polishing Scrub DN-047-17-1.pdf',	'/upload/media_element/attachments/241/Lip Polishing Scrub DN-047-17-1.pdf',	'',	1,	0,	0,	'0000-00-00 00:00:00',	'0000-00-00 00:00:00',	0),
(257,	'Attachment:2017-10-17:084026CapSol SPF 30 Lip Balm DN-047-14-1.pdf',	'/upload/media_element/attachments/242/CapSol SPF 30 Lip Balm DN-047-14-1.pdf',	'',	1,	0,	0,	'0000-00-00 00:00:00',	'0000-00-00 00:00:00',	0),
(258,	'Attachment:2017-10-17:084528CapSol SPF 30 Lip Balm DN-047-14-1.pdf',	'/upload/media_element/attachments/243/CapSol SPF 30 Lip Balm DN-047-14-1.pdf',	'',	1,	0,	0,	'0000-00-00 00:00:00',	'0000-00-00 00:00:00',	0),
(259,	'Attachment:2017-10-31:063123Hydresia Highlighter  DN-047-24-1.pdf',	'/upload/media_element/attachments/244/Hydresia Highlighter  DN-047-24-1.pdf',	'',	1,	0,	0,	'0000-00-00 00:00:00',	'0000-00-00 00:00:00',	0),
(260,	'Attachment:2017-11-03:053656CapSol SPF 50 Sunscreen DN-047-27-1.pdf',	'/upload/media_element/attachments/245/CapSol SPF 50 Sunscreen DN-047-27-1.pdf',	'',	1,	0,	0,	'0000-00-00 00:00:00',	'0000-00-00 00:00:00',	0),
(261,	'Attachment:2017-11-03:053734CapSol SPF 30 Sunscreen DN-047-26-1.pdf',	'/upload/media_element/attachments/246/CapSol SPF 30 Sunscreen DN-047-26-1.pdf',	'',	1,	0,	0,	'0000-00-00 00:00:00',	'0000-00-00 00:00:00',	0),
(262,	'Attachment:2017-11-03:053827CapSol SPF 15 Sunscreen DN-047-23-1.pdf',	'/upload/media_element/attachments/247/CapSol SPF 15 Sunscreen DN-047-23-1.pdf',	'',	1,	0,	0,	'0000-00-00 00:00:00',	'0000-00-00 00:00:00',	0),
(263,	'Attachment:2017-11-07:094351Botaneco Hydresia Skin Care.pdf',	'/upload/media_element/attachments/248/Botaneco Hydresia Skin Care.pdf',	'',	1,	0,	0,	'0000-00-00 00:00:00',	'0000-00-00 00:00:00',	0),
(264,	'Attachment:2017-11-07:094527Botaneco Karmyn Data Sheet.pdf',	'/upload/media_element/attachments/249/Botaneco Karmyn Data Sheet.pdf',	'',	1,	0,	0,	'0000-00-00 00:00:00',	'0000-00-00 00:00:00',	0),
(265,	'Attachment:2017-11-07:094543Botaneco Karmyn SDS.pdf',	'/upload/media_element/attachments/250/Botaneco Karmyn SDS.pdf',	'',	1,	0,	0,	'0000-00-00 00:00:00',	'0000-00-00 00:00:00',	0),
(266,	'Attachment:2017-11-07:094600Botaneco Karmyn Technical Bulletin.pdf',	'/upload/media_element/attachments/251/Botaneco Karmyn Technical Bulletin.pdf',	'',	1,	0,	0,	'0000-00-00 00:00:00',	'0000-00-00 00:00:00',	0),
(267,	'Attachment:2017-11-07:094711Botaneco Hydresia It All Started With A Safflower.pdf',	'/upload/media_element/attachments/252/Botaneco Hydresia It All Started With A Safflower.pdf',	'',	1,	0,	0,	'0000-00-00 00:00:00',	'0000-00-00 00:00:00',	0),
(268,	'Attachment:2017-11-08:023031Botaneco Hydresia SF2 Data Sheet.pdf',	'/upload/media_element/attachments/253/Botaneco Hydresia SF2 Data Sheet.pdf',	'',	1,	0,	0,	'0000-00-00 00:00:00',	'0000-00-00 00:00:00',	0),
(269,	'Attachment:2017-11-08:023055Botaneco Hydresia SF2 SDS.pdf',	'/upload/media_element/attachments/254/Botaneco Hydresia SF2 SDS.pdf',	'',	1,	0,	0,	'0000-00-00 00:00:00',	'0000-00-00 00:00:00',	0),
(270,	'Attachment:2017-11-08:023131Botaneco Hydresia SF2 Hair Care Technical Bulletin.pdf',	'/upload/media_element/attachments/255/Botaneco Hydresia SF2 Hair Care Technical Bulletin.pdf',	'',	1,	0,	0,	'0000-00-00 00:00:00',	'0000-00-00 00:00:00',	0),
(271,	'Attachment:2017-11-08:023333Botaneco Hydresia G2 Data Sheet.pdf',	'/upload/media_element/attachments/256/Botaneco Hydresia G2 Data Sheet.pdf',	'',	1,	0,	0,	'0000-00-00 00:00:00',	'0000-00-00 00:00:00',	0),
(272,	'Attachment:2017-11-08:023349Botaneco Hydresia G2 SDS.pdf',	'/upload/media_element/attachments/257/Botaneco Hydresia G2 SDS.pdf',	'',	1,	0,	0,	'0000-00-00 00:00:00',	'0000-00-00 00:00:00',	0),
(273,	'Attachment:2017-11-08:023456Botaneco Hydresia Dulce Data Sheet.pdf',	'/upload/media_element/attachments/258/Botaneco Hydresia Dulce Data Sheet.pdf',	'',	1,	0,	0,	'0000-00-00 00:00:00',	'0000-00-00 00:00:00',	0),
(274,	'Attachment:2017-11-08:024145Botaneco Hydresia Dulce SDS.pdf',	'/upload/media_element/attachments/259/Botaneco Hydresia Dulce SDS.pdf',	'',	1,	0,	0,	'0000-00-00 00:00:00',	'0000-00-00 00:00:00',	0),
(275,	'Attachment:2017-11-08:024903Botaneco CapSol Data Sheet.pdf',	'/upload/media_element/attachments/260/Botaneco CapSol Data Sheet.pdf',	'',	1,	0,	0,	'0000-00-00 00:00:00',	'0000-00-00 00:00:00',	0),
(276,	'Attachment:2017-11-08:024931Botaneco CapSol SDS.pdf',	'/upload/media_element/attachments/261/Botaneco CapSol SDS.pdf',	'',	1,	0,	0,	'0000-00-00 00:00:00',	'0000-00-00 00:00:00',	0),
(277,	'Attachment:2017-11-08:025102Botaneco Hydresia SF2 Lip Polishing Scrub DN-047-17-1.pdf',	'/upload/media_element/attachments/262/Botaneco Hydresia SF2 Lip Polishing Scrub DN-047-17-1.pdf',	'',	1,	0,	0,	'0000-00-00 00:00:00',	'0000-00-00 00:00:00',	0),
(278,	'Attachment:2017-11-08:025237Botaneco Hydresia G2 Acne Treatment DN-013-050.pdf',	'/upload/media_element/attachments/263/Botaneco Hydresia G2 Acne Treatment DN-013-050.pdf',	'',	1,	0,	0,	'0000-00-00 00:00:00',	'0000-00-00 00:00:00',	0),
(279,	'Attachment:2017-11-08:025354Botaneco Hydresia SF2 Aftershave Gel DN-015-120.pdf',	'/upload/media_element/attachments/264/Botaneco Hydresia SF2 Aftershave Gel DN-015-120.pdf',	'',	1,	0,	0,	'0000-00-00 00:00:00',	'0000-00-00 00:00:00',	0),
(280,	'Attachment:2017-11-08:025503Botaneco Hydresia SF2 Anti-Aging Cream YL-7-188.pdf',	'/upload/media_element/attachments/265/Botaneco Hydresia SF2 Anti-Aging Cream YL-7-188.pdf',	'',	1,	0,	0,	'0000-00-00 00:00:00',	'0000-00-00 00:00:00',	0),
(281,	'Attachment:2017-11-08:025614Botaneco Hydresia G2 Acne Treatment 013-050.pdf',	'/upload/media_element/attachments/266/Botaneco Hydresia G2 Acne Treatment 013-050.pdf',	'',	1,	0,	0,	'0000-00-00 00:00:00',	'0000-00-00 00:00:00',	0),
(282,	'Attachment:2017-11-08:025657Botaneco Hydresia G2 Acne Treatment 013-050.pdf',	'/upload/media_element/attachments/267/Botaneco Hydresia G2 Acne Treatment 013-050.pdf',	'',	1,	0,	0,	'0000-00-00 00:00:00',	'0000-00-00 00:00:00',	0),
(283,	'Attachment:2017-11-08:025741Botaneco Hydresia SF2 Aftershave Gel 015-120.pdf',	'/upload/media_element/attachments/268/Botaneco Hydresia SF2 Aftershave Gel 015-120.pdf',	'',	1,	0,	0,	'0000-00-00 00:00:00',	'0000-00-00 00:00:00',	0),
(284,	'Attachment:2017-11-08:025904Botaneco Hydresia SF2 SPF 30 Mineral Sunscreen BC-37-43-G.pdf',	'/upload/media_element/attachments/269/Botaneco Hydresia SF2 SPF 30 Mineral Sunscreen BC-37-43-G.pdf',	'',	1,	0,	0,	'0000-00-00 00:00:00',	'0000-00-00 00:00:00',	0),
(285,	'Attachment:2017-11-08:030031Botaneco Hydresia SF2 BB Cream YL-7-98-B7.pdf',	'/upload/media_element/attachments/270/Botaneco Hydresia SF2 BB Cream YL-7-98-B7.pdf',	'',	1,	0,	0,	'0000-00-00 00:00:00',	'0000-00-00 00:00:00',	0),
(286,	'Attachment:2017-11-08:030146Botaneco Hydresia SF2 Brow Highlighter DN-047-24-1.pdf',	'/upload/media_element/attachments/271/Botaneco Hydresia SF2 Brow Highlighter DN-047-24-1.pdf',	'',	1,	0,	0,	'0000-00-00 00:00:00',	'0000-00-00 00:00:00',	0),
(287,	'Attachment:2017-11-08:030807Botaneco Hydresia G2 Natural Exfoliating Cream 008-049.pdf',	'/upload/media_element/attachments/272/Botaneco Hydresia G2 Natural Exfoliating Cream 008-049.pdf',	'',	1,	0,	0,	'0000-00-00 00:00:00',	'0000-00-00 00:00:00',	0),
(288,	'Attachment:2017-11-08:030929Botaneco Hydresia SF2 Eyebrow Soothing Gel 015-136.pdf',	'/upload/media_element/attachments/273/Botaneco Hydresia SF2 Eyebrow Soothing Gel 015-136.pdf',	'',	1,	0,	0,	'0000-00-00 00:00:00',	'0000-00-00 00:00:00',	0),
(289,	'Attachment:2017-11-08:031039Botaneco Hydresia SF2 Lip Treatment BC-35-38-C.pdf',	'/upload/media_element/attachments/274/Botaneco Hydresia SF2 Lip Treatment BC-35-38-C.pdf',	'',	1,	0,	0,	'0000-00-00 00:00:00',	'0000-00-00 00:00:00',	0),
(290,	'Attachment:2017-11-08:031215Botaneco Hydresia SF2 Lip Balm BC-37-80.pdf',	'/upload/media_element/attachments/275/Botaneco Hydresia SF2 Lip Balm BC-37-80.pdf',	'',	1,	0,	0,	'0000-00-00 00:00:00',	'0000-00-00 00:00:00',	0),
(291,	'Attachment:2017-11-08:031311Botaneco Hydresia G2 Moisturizing Face Scrub 008-140.pdf',	'/upload/media_element/attachments/276/Botaneco Hydresia G2 Moisturizing Face Scrub 008-140.pdf',	'',	1,	0,	0,	'0000-00-00 00:00:00',	'0000-00-00 00:00:00',	0),
(292,	'Attachment:2017-11-08:031424Botaneco Hydresia SF2 Natural Hand Sanitizer BC-37-18-B.pdf',	'/upload/media_element/attachments/277/Botaneco Hydresia SF2 Natural Hand Sanitizer BC-37-18-B.pdf',	'',	1,	0,	0,	'0000-00-00 00:00:00',	'0000-00-00 00:00:00',	0),
(293,	'Attachment:2017-11-08:031548Botaneco Hydresia SF2 Natural Eye Make-Up Remover BC-37-8-B.pdf',	'/upload/media_element/attachments/278/Botaneco Hydresia SF2 Natural Eye Make-Up Remover BC-37-8-B.pdf',	'',	1,	0,	0,	'0000-00-00 00:00:00',	'0000-00-00 00:00:00',	0),
(294,	'Attachment:2017-11-08:031702Botaneco Hydresia SF2 Natural Moisturizing Cream 012-122.pdf',	'/upload/media_element/attachments/279/Botaneco Hydresia SF2 Natural Moisturizing Cream 012-122.pdf',	'',	1,	0,	0,	'0000-00-00 00:00:00',	'0000-00-00 00:00:00',	0),
(295,	'Attachment:2017-11-08:032220Botaneco Hydresia G2 Natural Shaving Cream for Men 015-076.pdf',	'/upload/media_element/attachments/280/Botaneco Hydresia G2 Natural Shaving Cream for Men 015-076.pdf',	'',	1,	0,	0,	'0000-00-00 00:00:00',	'0000-00-00 00:00:00',	0),
(296,	'Attachment:2017-11-08:032347Botaneco Hydresia G2 Sheer Foundation 005-043.pdf',	'/upload/media_element/attachments/281/Botaneco Hydresia G2 Sheer Foundation 005-043.pdf',	'',	1,	0,	0,	'0000-00-00 00:00:00',	'0000-00-00 00:00:00',	0),
(297,	'Attachment:2017-11-08:032549Botaneco Hydresia SF2 SPF 15 Lip Balm BC-051-02-39.pdf',	'/upload/media_element/attachments/282/Botaneco Hydresia SF2 SPF 15 Lip Balm BC-051-02-39.pdf',	'',	1,	0,	0,	'0000-00-00 00:00:00',	'0000-00-00 00:00:00',	0),
(298,	'Attachment:2017-11-08:032724Botaneco Hydresia SF2 Traditional Moisturizing Cream 012-111.pdf',	'/upload/media_element/attachments/283/Botaneco Hydresia SF2 Traditional Moisturizing Cream 012-111.pdf',	'',	1,	0,	0,	'0000-00-00 00:00:00',	'0000-00-00 00:00:00',	0),
(299,	'Attachment:2017-11-08:032843Botaneco Hydresia G2 Zinc Oxide Treatment Spray 051-40-57.pdf',	'/upload/media_element/attachments/284/Botaneco Hydresia G2 Zinc Oxide Treatment Spray 051-40-57.pdf',	'',	1,	0,	0,	'0000-00-00 00:00:00',	'0000-00-00 00:00:00',	0),
(300,	'Attachment:2017-11-08:033518Botaneco Hydresia SF2 Hair Care Technical Bulletin.pdf',	'/upload/media_element/attachments/285/Botaneco Hydresia SF2 Hair Care Technical Bulletin.pdf',	'',	1,	0,	0,	'0000-00-00 00:00:00',	'0000-00-00 00:00:00',	0),
(301,	'Attachment:2017-11-08:033618Botaneco Hydresia SF2 Moisturizing Shampoo BC-35-7.pdf',	'/upload/media_element/attachments/286/Botaneco Hydresia SF2 Moisturizing Shampoo BC-35-7.pdf',	'',	1,	0,	0,	'0000-00-00 00:00:00',	'0000-00-00 00:00:00',	0),
(302,	'Attachment:2017-11-08:033726Botaneco Hydresia SF2 Hair Serum BC-35-11.pdf',	'/upload/media_element/attachments/287/Botaneco Hydresia SF2 Hair Serum BC-35-11.pdf',	'',	1,	0,	0,	'0000-00-00 00:00:00',	'0000-00-00 00:00:00',	0),
(303,	'Attachment:2017-11-08:033918Botaneco Hydresia SF2 Hair Conditioner BC-35-8-D.pdf',	'/upload/media_element/attachments/288/Botaneco Hydresia SF2 Hair Conditioner BC-35-8-D.pdf',	'',	1,	0,	0,	'0000-00-00 00:00:00',	'0000-00-00 00:00:00',	0),
(304,	'Attachment:2017-11-08:034148Botaneco Hydresia SF2 Vanilla Coffee Body Exfoliator DN-047-15-1.pdf',	'/upload/media_element/attachments/289/Botaneco Hydresia SF2 Vanilla Coffee Body Exfoliator DN-047-15-1.pdf',	'',	1,	0,	0,	'0000-00-00 00:00:00',	'0000-00-00 00:00:00',	0),
(305,	'Attachment:2017-11-08:034218Botaneco Hydresia SF2 Vanilla Coffee Body Exfoliator DN-047-15-1.pdf',	'/upload/media_element/attachments/290/Botaneco Hydresia SF2 Vanilla Coffee Body Exfoliator DN-047-15-1.pdf',	'',	1,	0,	0,	'0000-00-00 00:00:00',	'0000-00-00 00:00:00',	0),
(306,	'Attachment:2017-11-08:034342Botaneco Hydresia G2 Moisturizing Body Scrub 008-137.pdf',	'/upload/media_element/attachments/291/Botaneco Hydresia G2 Moisturizing Body Scrub 008-137.pdf',	'',	1,	0,	0,	'0000-00-00 00:00:00',	'0000-00-00 00:00:00',	0),
(307,	'Attachment:2017-11-08:034459Botaneco Hydresia G2 Natural Body Wash 008-103.pdf',	'/upload/media_element/attachments/292/Botaneco Hydresia G2 Natural Body Wash 008-103.pdf',	'',	1,	0,	0,	'0000-00-00 00:00:00',	'0000-00-00 00:00:00',	0),
(308,	'Attachment:2017-11-08:034628Botaneco Hydresia G2 Nature\'s Indulgence Shower Cream 011-003.pdf',	'/upload/media_element/attachments/293/Botaneco Hydresia G2 Nature\'s Indulgence Shower Cream 011-003.pdf',	'',	1,	0,	0,	'0000-00-00 00:00:00',	'0000-00-00 00:00:00',	0),
(309,	'Attachment:2017-11-08:034655Botaneco Hydresia G2 Nature\'s Indulgence Shower Cream 011-003.pdf',	'/upload/media_element/attachments/294/Botaneco Hydresia G2 Nature\'s Indulgence Shower Cream 011-003.pdf',	'',	1,	0,	0,	'0000-00-00 00:00:00',	'0000-00-00 00:00:00',	0),
(310,	'Attachment:2017-11-08:034718Botaneco Hydresia G2 Natures Indulgence Shower Cream 011-003.pdf',	'/upload/media_element/attachments/295/Botaneco Hydresia G2 Natures Indulgence Shower Cream 011-003.pdf',	'',	1,	0,	0,	'0000-00-00 00:00:00',	'0000-00-00 00:00:00',	0),
(311,	'Attachment:2017-11-08:034848Botaneco Hydresia SF2 Sprayable Moisturizing Lotion TH-51-29.pdf',	'/upload/media_element/attachments/296/Botaneco Hydresia SF2 Sprayable Moisturizing Lotion TH-51-29.pdf',	'',	1,	0,	0,	'0000-00-00 00:00:00',	'0000-00-00 00:00:00',	0),
(312,	'Attachment:2017-11-08:034956Botaneco Hydresia SF2 Natural Baby Diaper Cream 015-049.pdf',	'/upload/media_element/attachments/297/Botaneco Hydresia SF2 Natural Baby Diaper Cream 015-049.pdf',	'',	1,	0,	0,	'0000-00-00 00:00:00',	'0000-00-00 00:00:00',	0),
(313,	'Attachment:2017-11-08:035056Botaneco Hydresia G2 Natural Baby Bath 011-093.pdf',	'/upload/media_element/attachments/298/Botaneco Hydresia G2 Natural Baby Bath 011-093.pdf',	'',	1,	0,	0,	'0000-00-00 00:00:00',	'0000-00-00 00:00:00',	0),
(314,	'Attachment:2017-11-08:035412Botaneco Karmyn Natural Gentle Shampoo BC-35-24.pdf',	'/upload/media_element/attachments/299/Botaneco Karmyn Natural Gentle Shampoo BC-35-24.pdf',	'',	1,	0,	0,	'0000-00-00 00:00:00',	'0000-00-00 00:00:00',	0),
(315,	'Attachment:2017-11-08:035557Botaneco Karmyn Natural Gentle Conditioner BC-35-25.pdf',	'/upload/media_element/attachments/300/Botaneco Karmyn Natural Gentle Conditioner BC-35-25.pdf',	'',	1,	0,	0,	'0000-00-00 00:00:00',	'0000-00-00 00:00:00',	0),
(316,	'Attachment:2017-11-08:035717Botaneco Karmyn Conditioner BC-37-73-A.pdf',	'/upload/media_element/attachments/301/Botaneco Karmyn Conditioner BC-37-73-A.pdf',	'',	1,	0,	0,	'0000-00-00 00:00:00',	'0000-00-00 00:00:00',	0),
(317,	'Attachment:2017-11-08:035832Botaneco Karmyn Natural Moisturizing Body Wash BC-35-23.pdf',	'/upload/media_element/attachments/302/Botaneco Karmyn Natural Moisturizing Body Wash BC-35-23.pdf',	'',	1,	0,	0,	'0000-00-00 00:00:00',	'0000-00-00 00:00:00',	0),
(318,	'Attachment:2017-11-08:035953Botaneco Karmyn Sprayable Hair Conditioner TH-51-35-44.pdf',	'/upload/media_element/attachments/303/Botaneco Karmyn Sprayable Hair Conditioner TH-51-35-44.pdf',	'',	1,	0,	0,	'0000-00-00 00:00:00',	'0000-00-00 00:00:00',	0),
(319,	'Attachment:2017-11-08:040107Botaneco Karmyn Natural Hair Conditioner Non-Quat BC-37-58-H.pdf',	'/upload/media_element/attachments/304/Botaneco Karmyn Natural Hair Conditioner Non-Quat BC-37-58-H.pdf',	'',	1,	0,	0,	'0000-00-00 00:00:00',	'0000-00-00 00:00:00',	0),
(320,	'Attachment:2017-11-08:040241Botaneco CapSol Data Sheet.pdf',	'/upload/media_element/attachments/305/Botaneco CapSol Data Sheet.pdf',	'',	1,	0,	0,	'0000-00-00 00:00:00',	'0000-00-00 00:00:00',	0),
(321,	'Attachment:2017-11-08:040940Botaneco CapSol SPF 15 Sunscreen DN-047-23-1.pdf',	'/upload/media_element/attachments/306/Botaneco CapSol SPF 15 Sunscreen DN-047-23-1.pdf',	'',	1,	0,	0,	'0000-00-00 00:00:00',	'0000-00-00 00:00:00',	0),
(322,	'Attachment:2017-11-08:041201Botaneco CapSol SPF 30 Sunscreen DN-047-26-1.pdf',	'/upload/media_element/attachments/307/Botaneco CapSol SPF 30 Sunscreen DN-047-26-1.pdf',	'',	1,	0,	0,	'0000-00-00 00:00:00',	'0000-00-00 00:00:00',	0),
(323,	'Attachment:2017-11-08:041350Botaneco CapSol SPF 50 Sunscreen DN-047-27-1.pdf',	'/upload/media_element/attachments/308/Botaneco CapSol SPF 50 Sunscreen DN-047-27-1.pdf',	'',	1,	0,	0,	'0000-00-00 00:00:00',	'0000-00-00 00:00:00',	0),
(324,	'Attachment:2017-11-08:041422Botaneco CapSol SPF 50 Sunscreen DN-047-27-1.pdf',	'/upload/media_element/attachments/309/Botaneco CapSol SPF 50 Sunscreen DN-047-27-1.pdf',	'',	1,	0,	0,	'0000-00-00 00:00:00',	'0000-00-00 00:00:00',	0),
(325,	'Attachment:2017-11-08:041452Botaneco CapSol SPF 50 Sunscreen DN-047-27-1.pdf',	'/upload/media_element/attachments/310/Botaneco CapSol SPF 50 Sunscreen DN-047-27-1.pdf',	'',	1,	0,	0,	'0000-00-00 00:00:00',	'0000-00-00 00:00:00',	0),
(326,	'Attachment:2017-11-08:041603Botaneco CapSol SPF 30 Lip Balm DN-047-14-1.pdf',	'/upload/media_element/attachments/311/Botaneco CapSol SPF 30 Lip Balm DN-047-14-1.pdf',	'',	1,	0,	0,	'0000-00-00 00:00:00',	'0000-00-00 00:00:00',	0),
(327,	'Attachment:2017-11-08:041701Botaneco CapSol SPF 30 Tinted Lip Gloss DN-047-19-1.pdf',	'/upload/media_element/attachments/312/Botaneco CapSol SPF 30 Tinted Lip Gloss DN-047-19-1.pdf',	'',	1,	0,	0,	'0000-00-00 00:00:00',	'0000-00-00 00:00:00',	0),
(328,	'Attachment:2017-11-08:045022Botaneco CapSol Data Sheet.pdf',	'/upload/media_element/attachments/313/Botaneco CapSol Data Sheet.pdf',	'',	1,	0,	0,	'0000-00-00 00:00:00',	'0000-00-00 00:00:00',	0),
(329,	'Attachment:2017-11-11:035022Botaneco CapSol Data Sheet.pdf',	'/upload/media_element/attachments/314/Botaneco CapSol Data Sheet.pdf',	'',	1,	0,	0,	'0000-00-00 00:00:00',	'0000-00-00 00:00:00',	0),
(330,	'Attachment:2017-11-11:035413Botaneco Hydresia G2 Data Sheet.pdf',	'/upload/media_element/attachments/315/Botaneco Hydresia G2 Data Sheet.pdf',	'',	1,	0,	0,	'0000-00-00 00:00:00',	'0000-00-00 00:00:00',	0),
(331,	'Attachment:2017-11-11:035541Botaneco Hydresia SF2 Data Sheet.pdf',	'/upload/media_element/attachments/316/Botaneco Hydresia SF2 Data Sheet.pdf',	'',	1,	0,	0,	'0000-00-00 00:00:00',	'0000-00-00 00:00:00',	0),
(332,	'Attachment:2017-11-11:035714Botaneco Karmyn Data Sheet.pdf',	'/upload/media_element/attachments/317/Botaneco Karmyn Data Sheet.pdf',	'',	1,	0,	0,	'0000-00-00 00:00:00',	'0000-00-00 00:00:00',	0),
(333,	'Attachment:2017-11-11:035745Botaneco CapSol SDS.pdf',	'/upload/media_element/attachments/318/Botaneco CapSol SDS.pdf',	'',	1,	0,	0,	'0000-00-00 00:00:00',	'0000-00-00 00:00:00',	0),
(334,	'Attachment:2017-11-11:040321Botaneco Hydresia G2 SDS.pdf',	'/upload/media_element/attachments/319/Botaneco Hydresia G2 SDS.pdf',	'',	1,	0,	0,	'0000-00-00 00:00:00',	'0000-00-00 00:00:00',	0),
(335,	'Attachment:2017-11-11:040342Botaneco Hydresia SF2 SDS.pdf',	'/upload/media_element/attachments/320/Botaneco Hydresia SF2 SDS.pdf',	'',	1,	0,	0,	'0000-00-00 00:00:00',	'0000-00-00 00:00:00',	0),
(336,	'Attachment:2017-11-11:040358Botaneco Karmyn SDS.pdf',	'/upload/media_element/attachments/321/Botaneco Karmyn SDS.pdf',	'',	1,	0,	0,	'0000-00-00 00:00:00',	'0000-00-00 00:00:00',	0),
(337,	'Attachment:2017-11-11:040502Botaneco Hydresia Dulce Data Sheet.pdf',	'/upload/media_element/attachments/322/Botaneco Hydresia Dulce Data Sheet.pdf',	'',	1,	0,	0,	'0000-00-00 00:00:00',	'0000-00-00 00:00:00',	0),
(338,	'Attachment:2017-11-11:040525Botaneco Hydresia Dulce SDS.pdf',	'/upload/media_element/attachments/323/Botaneco Hydresia Dulce SDS.pdf',	'',	1,	0,	0,	'0000-00-00 00:00:00',	'0000-00-00 00:00:00',	0),
(339,	'Attachment:2017-11-14:145206Botaneco Hydresia SF2 Chocolate Raspberry Dry Treatment Scrub DN-047-50-1.pdf',	'/upload/media_element/attachments/324/Botaneco Hydresia SF2 Chocolate Raspberry Dry Treatment Scrub DN-047-50-1.pdf',	'',	1,	0,	0,	'0000-00-00 00:00:00',	'0000-00-00 00:00:00',	0),
(340,	'Attachment:2017-11-14:145242Botaneco Hydresia SF2 Chocolate Raspberry Dry Treatment Scrub DN-047-50-1.pdf',	'/upload/media_element/attachments/325/Botaneco Hydresia SF2 Chocolate Raspberry Dry Treatment Scrub DN-047-50-1.pdf',	'',	1,	0,	0,	'0000-00-00 00:00:00',	'0000-00-00 00:00:00',	0),
(341,	'Attachment:2017-11-14:145357Botaneco Hydresia SF2 Chocolate Raspberry Dry Treatment Scrub DN-047-50-1.pdf',	'/upload/media_element/attachments/326/Botaneco Hydresia SF2 Chocolate Raspberry Dry Treatment Scrub DN-047-50-1.pdf',	'',	1,	0,	0,	'0000-00-00 00:00:00',	'0000-00-00 00:00:00',	0),
(342,	'Attachment:2017-11-21:142007Botaneco Hydresia SF2 Invigorating Facial Scrub DN-047-41-3.pdf',	'/upload/media_element/attachments/327/Botaneco Hydresia SF2 Invigorating Facial Scrub DN-047-41-3.pdf',	'',	1,	0,	0,	'0000-00-00 00:00:00',	'0000-00-00 00:00:00',	0),
(343,	'Attachment:2017-12-01:111943Botaneco Hydresia SF2 SPF 40 Foundation DN-047-28-1.pdf',	'/upload/media_element/attachments/328/Botaneco Hydresia SF2 SPF 40 Foundation DN-047-28-1.pdf',	'',	1,	0,	0,	'0000-00-00 00:00:00',	'0000-00-00 00:00:00',	0),
(344,	'Attachment:2017-12-01:112005Botaneco Hydresia SF2 SPF 40 Foundation DN-047-28-1.pdf',	'/upload/media_element/attachments/329/Botaneco Hydresia SF2 SPF 40 Foundation DN-047-28-1.pdf',	'',	1,	0,	0,	'0000-00-00 00:00:00',	'0000-00-00 00:00:00',	0),
(345,	'Attachment:2017-12-04:165331Botaneco Hydresia SF2 SPF 50 Mineral Sunscreen Lotion DN-047-29-2.pdf',	'/upload/media_element/attachments/330/Botaneco Hydresia SF2 SPF 50 Mineral Sunscreen Lotion DN-047-29-2.pdf',	'',	1,	0,	0,	'0000-00-00 00:00:00',	'0000-00-00 00:00:00',	0),
(346,	'Attachment:2017-12-04:165401Botaneco Hydresia SF2 SPF 50 Mineral Sunscreen Lotion DN-047-29-2.pdf',	'/upload/media_element/attachments/331/Botaneco Hydresia SF2 SPF 50 Mineral Sunscreen Lotion DN-047-29-2.pdf',	'',	1,	0,	0,	'0000-00-00 00:00:00',	'0000-00-00 00:00:00',	0),
(347,	'Attachment:2017-12-08:055020Botaneco CapSol SPF 15 Sunscreen DN-047-23-1.pdf',	'/upload/media_element/attachments/332/Botaneco CapSol SPF 15 Sunscreen DN-047-23-1.pdf',	'',	1,	0,	0,	'0000-00-00 00:00:00',	'0000-00-00 00:00:00',	0),
(348,	'Attachment:2017-12-08:055518Botaneco CapSol SPF 30 Lip Balm DN-047-14-1.pdf',	'/upload/media_element/attachments/333/Botaneco CapSol SPF 30 Lip Balm DN-047-14-1.pdf',	'',	1,	0,	0,	'0000-00-00 00:00:00',	'0000-00-00 00:00:00',	0),
(349,	'Attachment:2017-12-08:055639Botaneco CapSol SPF 30 Sunscreen DN-047-26-1.pdf',	'/upload/media_element/attachments/334/Botaneco CapSol SPF 30 Sunscreen DN-047-26-1.pdf',	'',	1,	0,	0,	'0000-00-00 00:00:00',	'0000-00-00 00:00:00',	0),
(350,	'Attachment:2017-12-08:060428Botaneco CapSol SPF 50 Sunscreen DN-047-27-1.pdf',	'/upload/media_element/attachments/335/Botaneco CapSol SPF 50 Sunscreen DN-047-27-1.pdf',	'',	1,	0,	0,	'0000-00-00 00:00:00',	'0000-00-00 00:00:00',	0),
(351,	'Attachment:2017-12-08:060919Botaneco Hydresia G2 Acne Treatment 013-050.pdf',	'/upload/media_element/attachments/336/Botaneco Hydresia G2 Acne Treatment 013-050.pdf',	'',	1,	0,	0,	'0000-00-00 00:00:00',	'0000-00-00 00:00:00',	0),
(352,	'Attachment:2017-12-08:061111Botaneco Hydresia G2 Indulgence Shower Cream 011-003.pdf',	'/upload/media_element/attachments/337/Botaneco Hydresia G2 Indulgence Shower Cream 011-003.pdf',	'',	1,	0,	0,	'0000-00-00 00:00:00',	'0000-00-00 00:00:00',	0),
(353,	'Attachment:2017-12-08:131341Botaneco CapSol SPF 30 Tinted Lip Gloss DN-047-19-1.pdf',	'/upload/media_element/attachments/338/Botaneco CapSol SPF 30 Tinted Lip Gloss DN-047-19-1.pdf',	'',	1,	0,	0,	'0000-00-00 00:00:00',	'0000-00-00 00:00:00',	0),
(354,	'Attachment:2017-12-08:131526Botaneco Hydresia G2 Moisturizing Body Scrub 008-137.pdf',	'/upload/media_element/attachments/339/Botaneco Hydresia G2 Moisturizing Body Scrub 008-137.pdf',	'',	1,	0,	0,	'0000-00-00 00:00:00',	'0000-00-00 00:00:00',	0),
(355,	'Attachment:2017-12-08:131616Botaneco Hydresia G2 Moisturizing Face Scrub 008-140.pdf',	'/upload/media_element/attachments/340/Botaneco Hydresia G2 Moisturizing Face Scrub 008-140.pdf',	'',	1,	0,	0,	'0000-00-00 00:00:00',	'0000-00-00 00:00:00',	0),
(356,	'Attachment:2017-12-08:131658Botaneco Hydresia G2 Natural Baby Bath 011-093.pdf',	'/upload/media_element/attachments/341/Botaneco Hydresia G2 Natural Baby Bath 011-093.pdf',	'',	1,	0,	0,	'0000-00-00 00:00:00',	'0000-00-00 00:00:00',	0),
(357,	'Attachment:2017-12-09:082100Botaneco Hydresia G2 Natural Body Wash 008-103.pdf',	'/upload/media_element/attachments/342/Botaneco Hydresia G2 Natural Body Wash 008-103.pdf',	'',	1,	0,	0,	'0000-00-00 00:00:00',	'0000-00-00 00:00:00',	0),
(358,	'Attachment:2017-12-09:082238Botaneco Hydresia G2 Natural Exfoliating Cream 008-049.pdf',	'/upload/media_element/attachments/343/Botaneco Hydresia G2 Natural Exfoliating Cream 008-049.pdf',	'',	1,	0,	0,	'0000-00-00 00:00:00',	'0000-00-00 00:00:00',	0),
(359,	'Attachment:2017-12-09:082540Botaneco Hydresia G2 Natural Shaving Cream For Men 015-076.pdf',	'/upload/media_element/attachments/344/Botaneco Hydresia G2 Natural Shaving Cream For Men 015-076.pdf',	'',	1,	0,	0,	'0000-00-00 00:00:00',	'0000-00-00 00:00:00',	0),
(360,	'Attachment:2017-12-09:082712Botaneco Hydresia G2 Sheer Foundation 005-043.pdf',	'/upload/media_element/attachments/345/Botaneco Hydresia G2 Sheer Foundation 005-043.pdf',	'',	1,	0,	0,	'0000-00-00 00:00:00',	'0000-00-00 00:00:00',	0),
(361,	'Attachment:2017-12-09:083007Botaneco Hydresia SF2 After Shave Gel 015-120.pdf',	'/upload/media_element/attachments/346/Botaneco Hydresia SF2 After Shave Gel 015-120.pdf',	'',	1,	0,	0,	'0000-00-00 00:00:00',	'0000-00-00 00:00:00',	0),
(362,	'Attachment:2017-12-09:083159Botaneco Hydresia SF2 Brow Highlighter DN-047-24-1.pdf',	'/upload/media_element/attachments/347/Botaneco Hydresia SF2 Brow Highlighter DN-047-24-1.pdf',	'',	1,	0,	0,	'0000-00-00 00:00:00',	'0000-00-00 00:00:00',	0),
(363,	'Attachment:2017-12-09:083357Botaneco Hydresia SF2 Choc Rasp Dry Treatment Scrub DN-047-50-1.pdf',	'/upload/media_element/attachments/348/Botaneco Hydresia SF2 Choc Rasp Dry Treatment Scrub DN-047-50-1.pdf',	'',	1,	0,	0,	'0000-00-00 00:00:00',	'0000-00-00 00:00:00',	0),
(364,	'Attachment:2017-12-09:083500Botaneco Hydresia SF2 Eyebrow Soothing Gel 015-136.pdf',	'/upload/media_element/attachments/349/Botaneco Hydresia SF2 Eyebrow Soothing Gel 015-136.pdf',	'',	1,	0,	0,	'0000-00-00 00:00:00',	'0000-00-00 00:00:00',	0),
(365,	'Attachment:2017-12-09:083719Botaneco Hydresia SF2 Gingerbread Lip Gloss DN-047-56-1.pdf',	'/upload/media_element/attachments/350/Botaneco Hydresia SF2 Gingerbread Lip Gloss DN-047-56-1.pdf',	'',	1,	0,	0,	'0000-00-00 00:00:00',	'0000-00-00 00:00:00',	0),
(366,	'Attachment:2017-12-09:083749Botaneco Hydresia SF2 Gingerbread Lip Gloss DN-047-56-1.pdf',	'/upload/media_element/attachments/351/Botaneco Hydresia SF2 Gingerbread Lip Gloss DN-047-56-1.pdf',	'',	1,	0,	0,	'0000-00-00 00:00:00',	'0000-00-00 00:00:00',	0),
(367,	'Attachment:2017-12-09:083833Botaneco Hydresia SF2 Gingerbread Lip Gloss DN-047-56-1.pdf',	'/upload/media_element/attachments/352/Botaneco Hydresia SF2 Gingerbread Lip Gloss DN-047-56-1.pdf',	'',	1,	0,	0,	'0000-00-00 00:00:00',	'0000-00-00 00:00:00',	0),
(368,	'Attachment:2017-12-09:084114Botaneco Hydresia SF2 Gingerbread Lip Oil DN-047-53-1.pdf',	'/upload/media_element/attachments/353/Botaneco Hydresia SF2 Gingerbread Lip Oil DN-047-53-1.pdf',	'',	1,	0,	0,	'0000-00-00 00:00:00',	'0000-00-00 00:00:00',	0),
(369,	'Attachment:2017-12-09:084359Botaneco Hydresia SF2 Gingerbread Lip Scrub DN-047-57-1.pdf',	'/upload/media_element/attachments/354/Botaneco Hydresia SF2 Gingerbread Lip Scrub DN-047-57-1.pdf',	'',	1,	0,	0,	'0000-00-00 00:00:00',	'0000-00-00 00:00:00',	0),
(370,	'Attachment:2017-12-09:084518Botaneco Hydresia SF2 Hair Conditioner BC-35-8-D.pdf',	'/upload/media_element/attachments/355/Botaneco Hydresia SF2 Hair Conditioner BC-35-8-D.pdf',	'',	1,	0,	0,	'0000-00-00 00:00:00',	'0000-00-00 00:00:00',	0),
(371,	'Attachment:2017-12-09:084634Botaneco Hydresia SF2 Hair Serum BC-35-11.pdf',	'/upload/media_element/attachments/356/Botaneco Hydresia SF2 Hair Serum BC-35-11.pdf',	'',	1,	0,	0,	'0000-00-00 00:00:00',	'0000-00-00 00:00:00',	0),
(372,	'Attachment:2017-12-09:084752Botaneco Hydresia SF2 Invigorating Facial Scrub DN-047-41-3.pdf',	'/upload/media_element/attachments/357/Botaneco Hydresia SF2 Invigorating Facial Scrub DN-047-41-3.pdf',	'',	1,	0,	0,	'0000-00-00 00:00:00',	'0000-00-00 00:00:00',	0),
(373,	'Attachment:2017-12-09:085013Botaneco Hydresia SF2 Karmyn Natural Gentle Conditioner BC-35-25.pdf',	'/upload/media_element/attachments/358/Botaneco Hydresia SF2 Karmyn Natural Gentle Conditioner BC-35-25.pdf',	'',	1,	0,	0,	'0000-00-00 00:00:00',	'0000-00-00 00:00:00',	0),
(374,	'Attachment:2017-12-09:085849Botaneco Hydresia SF2 Karmyn Natural Hair Cond (Non-Quat) BC-37-58-H.pdf',	'/upload/media_element/attachments/359/Botaneco Hydresia SF2 Karmyn Natural Hair Cond (Non-Quat) BC-37-58-H.pdf',	'',	1,	0,	0,	'0000-00-00 00:00:00',	'0000-00-00 00:00:00',	0),
(375,	'Attachment:2017-12-09:090148Botaneco Hydresia SF2 Karmyn Natural Moisturizing Body Wash BC-35-23.pdf',	'/upload/media_element/attachments/360/Botaneco Hydresia SF2 Karmyn Natural Moisturizing Body Wash BC-35-23.pdf',	'',	1,	0,	0,	'0000-00-00 00:00:00',	'0000-00-00 00:00:00',	0),
(376,	'Attachment:2017-12-10:035211Botaneco Hydresia SF2 Lip Balm BC-37-80.pdf',	'/upload/media_element/attachments/361/Botaneco Hydresia SF2 Lip Balm BC-37-80.pdf',	'',	1,	0,	0,	'0000-00-00 00:00:00',	'0000-00-00 00:00:00',	0),
(377,	'Attachment:2017-12-10:035408Botaneco Hydresia SF2 Lip Polishing Scrub DN-047-17-1.pdf',	'/upload/media_element/attachments/362/Botaneco Hydresia SF2 Lip Polishing Scrub DN-047-17-1.pdf',	'',	1,	0,	0,	'0000-00-00 00:00:00',	'0000-00-00 00:00:00',	0),
(378,	'Attachment:2017-12-10:035610Botaneco Hydresia SF2 Lip Treatment BC-35-38-C.pdf',	'/upload/media_element/attachments/363/Botaneco Hydresia SF2 Lip Treatment BC-35-38-C.pdf',	'',	1,	0,	0,	'0000-00-00 00:00:00',	'0000-00-00 00:00:00',	0),
(379,	'Attachment:2017-12-10:035749Botaneco Hydresia SF2 Moisturizing Shampoo BC-35-7.pdf',	'/upload/media_element/attachments/364/Botaneco Hydresia SF2 Moisturizing Shampoo BC-35-7.pdf',	'',	1,	0,	0,	'0000-00-00 00:00:00',	'0000-00-00 00:00:00',	0),
(380,	'Attachment:2017-12-10:040003Botaneco Hydresia SF2 Natural Anti-Aging Cream YL-7-188 .pdf',	'/upload/media_element/attachments/365/Botaneco Hydresia SF2 Natural Anti-Aging Cream YL-7-188 .pdf',	'',	1,	0,	0,	'0000-00-00 00:00:00',	'0000-00-00 00:00:00',	0),
(381,	'Attachment:2017-12-10:040147Botaneco Hydresia SF2 Natural Baby Diaper Cream 015-049.pdf',	'/upload/media_element/attachments/366/Botaneco Hydresia SF2 Natural Baby Diaper Cream 015-049.pdf',	'',	1,	0,	0,	'0000-00-00 00:00:00',	'0000-00-00 00:00:00',	0),
(382,	'Attachment:2017-12-10:040412Botaneco Hydresia SF2 Natural BB Cream YL-7-98-B.pdf',	'/upload/media_element/attachments/367/Botaneco Hydresia SF2 Natural BB Cream YL-7-98-B.pdf',	'',	1,	0,	0,	'0000-00-00 00:00:00',	'0000-00-00 00:00:00',	0),
(383,	'Attachment:2017-12-10:040733Botaneco Hydresia SF2 Natural Body Cleanser DN-047-67-3.pdf',	'/upload/media_element/attachments/368/Botaneco Hydresia SF2 Natural Body Cleanser DN-047-67-3.pdf',	'',	1,	0,	0,	'0000-00-00 00:00:00',	'0000-00-00 00:00:00',	0),
(384,	'Attachment:2017-12-10:040829Botaneco Hydresia SF2 Natural Body Cleanser DN-047-67-3.pdf',	'/upload/media_element/attachments/369/Botaneco Hydresia SF2 Natural Body Cleanser DN-047-67-3.pdf',	'',	1,	0,	0,	'0000-00-00 00:00:00',	'0000-00-00 00:00:00',	0),
(385,	'Attachment:2017-12-10:040922Botaneco Hydresia SF2 Natural Body Cleanser DN-047-67-3.pdf',	'/upload/media_element/attachments/370/Botaneco Hydresia SF2 Natural Body Cleanser DN-047-67-3.pdf',	'',	1,	0,	0,	'0000-00-00 00:00:00',	'0000-00-00 00:00:00',	0),
(386,	'Attachment:2017-12-10:041054Botaneco Hydresia SF2 Natural Eye Make-Up Remover BC-37-8-B.pdf',	'/upload/media_element/attachments/371/Botaneco Hydresia SF2 Natural Eye Make-Up Remover BC-37-8-B.pdf',	'',	1,	0,	0,	'0000-00-00 00:00:00',	'0000-00-00 00:00:00',	0),
(387,	'Attachment:2017-12-10:041207Botaneco Hydresia SF2 Natural Hand Sanitizer BC-37-18-B.pdf',	'/upload/media_element/attachments/372/Botaneco Hydresia SF2 Natural Hand Sanitizer BC-37-18-B.pdf',	'',	1,	0,	0,	'0000-00-00 00:00:00',	'0000-00-00 00:00:00',	0),
(388,	'Attachment:2017-12-10:041438Botaneco Hydresia SF2 Natural Hand Sanitizer BC-37-18-B.pdf',	'/upload/media_element/attachments/373/Botaneco Hydresia SF2 Natural Hand Sanitizer BC-37-18-B.pdf',	'',	1,	0,	0,	'0000-00-00 00:00:00',	'0000-00-00 00:00:00',	0),
(389,	'Attachment:2017-12-10:041629Botaneco Hydresia SF2 Natural Moisturizing Cream 012-122.pdf',	'/upload/media_element/attachments/374/Botaneco Hydresia SF2 Natural Moisturizing Cream 012-122.pdf',	'',	1,	0,	0,	'0000-00-00 00:00:00',	'0000-00-00 00:00:00',	0),
(390,	'Attachment:2017-12-10:042115Botaneco Hydresia SF2 SPF 30 Mineral Sunscreen BC-37-43-G.pdf',	'/upload/media_element/attachments/375/Botaneco Hydresia SF2 SPF 30 Mineral Sunscreen BC-37-43-G.pdf',	'',	1,	0,	0,	'0000-00-00 00:00:00',	'0000-00-00 00:00:00',	0),
(391,	'Attachment:2017-12-10:042321Botaneco Hydresia SF2 SPF 40 Foundation DN-047-28-1.pdf',	'/upload/media_element/attachments/376/Botaneco Hydresia SF2 SPF 40 Foundation DN-047-28-1.pdf',	'',	1,	0,	0,	'0000-00-00 00:00:00',	'0000-00-00 00:00:00',	0),
(392,	'Attachment:2017-12-10:042657Botaneco Hydresia SF2 SPF 45 Foundation DN-047-45.pdf',	'/upload/media_element/attachments/377/Botaneco Hydresia SF2 SPF 45 Foundation DN-047-45.pdf',	'',	1,	0,	0,	'0000-00-00 00:00:00',	'0000-00-00 00:00:00',	0),
(393,	'Attachment:2017-12-10:042839Botaneco Hydresia SF2 SPF 50 Mineral Sunscreen Lotion DN-047-29-2.pdf',	'/upload/media_element/attachments/378/Botaneco Hydresia SF2 SPF 50 Mineral Sunscreen Lotion DN-047-29-2.pdf',	'',	1,	0,	0,	'0000-00-00 00:00:00',	'0000-00-00 00:00:00',	0),
(394,	'Attachment:2017-12-10:043048Botaneco Hydresia SF2 SPF Lip Balm BC-051-03-31.pdf',	'/upload/media_element/attachments/379/Botaneco Hydresia SF2 SPF Lip Balm BC-051-03-31.pdf',	'',	1,	0,	0,	'0000-00-00 00:00:00',	'0000-00-00 00:00:00',	0),
(395,	'Attachment:2017-12-10:043352Botaneco Hydresia SF2 Sprayable Lotion TH-051-29-53.pdf',	'/upload/media_element/attachments/380/Botaneco Hydresia SF2 Sprayable Lotion TH-051-29-53.pdf',	'',	1,	0,	0,	'0000-00-00 00:00:00',	'0000-00-00 00:00:00',	0),
(396,	'Attachment:2017-12-10:043624Botaneco Hydresia SF2 Traditional Moisturizing Cream 012-111.pdf',	'/upload/media_element/attachments/381/Botaneco Hydresia SF2 Traditional Moisturizing Cream 012-111.pdf',	'',	1,	0,	0,	'0000-00-00 00:00:00',	'0000-00-00 00:00:00',	0),
(397,	'Attachment:2017-12-10:043728Botaneco Hydresia SF2 Vanilla Coffee Body Exfoliator DN-047-15-1.pdf',	'/upload/media_element/attachments/382/Botaneco Hydresia SF2 Vanilla Coffee Body Exfoliator DN-047-15-1.pdf',	'',	1,	0,	0,	'0000-00-00 00:00:00',	'0000-00-00 00:00:00',	0),
(398,	'Attachment:2017-12-10:043851Botaneco Karmyn Conditioner With 2% Karmyn BC-35-73-A.pdf',	'/upload/media_element/attachments/383/Botaneco Karmyn Conditioner With 2% Karmyn BC-35-73-A.pdf',	'',	1,	0,	0,	'0000-00-00 00:00:00',	'0000-00-00 00:00:00',	0),
(399,	'Attachment:2017-12-10:050326Botaneco Karmyn Conditioner With 2% Karmyn BC-35-73-A.pdf',	'/upload/media_element/attachments/384/Botaneco Karmyn Conditioner With 2% Karmyn BC-35-73-A.pdf',	'',	1,	0,	0,	'0000-00-00 00:00:00',	'0000-00-00 00:00:00',	0),
(400,	'Attachment:2017-12-10:050417Botaneco Karmyn Conditioner With 2% Karmyn BC-35-73-A.pdf',	'/upload/media_element/attachments/385/Botaneco Karmyn Conditioner With 2% Karmyn BC-35-73-A.pdf',	'',	1,	0,	0,	'0000-00-00 00:00:00',	'0000-00-00 00:00:00',	0),
(401,	'Attachment:2017-12-15:075029Botaneco Hydresia SF2 Karmyn Natural Gentle Shampoo BC-35-24.pdf',	'/upload/media_element/attachments/386/Botaneco Hydresia SF2 Karmyn Natural Gentle Shampoo BC-35-24.pdf',	'',	1,	0,	0,	'0000-00-00 00:00:00',	'0000-00-00 00:00:00',	0),
(402,	'Attachment:2017-12-18:121116Botaneco Hydresia SF2 Night Lip Treatment BC-37-95.pdf',	'/upload/media_element/attachments/387/Botaneco Hydresia SF2 Night Lip Treatment BC-37-95.pdf',	'',	1,	0,	0,	'0000-00-00 00:00:00',	'0000-00-00 00:00:00',	0),
(403,	'Attachment:2017-12-18:121500Botaneco Hydresia SF2 Color Lip Treatment BC-37-54-B.pdf',	'/upload/media_element/attachments/388/Botaneco Hydresia SF2 Color Lip Treatment BC-37-54-B.pdf',	'',	1,	0,	0,	'0000-00-00 00:00:00',	'0000-00-00 00:00:00',	0),
(404,	'Attachment:2017-12-21:104444Botaneco CapSol SPF 15 Sunscreen DN-047-23-1.pdf',	'/upload/media_element/attachments/389/Botaneco CapSol SPF 15 Sunscreen DN-047-23-1.pdf',	'',	1,	0,	0,	'0000-00-00 00:00:00',	'0000-00-00 00:00:00',	0),
(405,	'Attachment:2017-12-21:104531Botaneco CapSol SPF 30 Lip Balm DN-047-14-1.pdf',	'/upload/media_element/attachments/390/Botaneco CapSol SPF 30 Lip Balm DN-047-14-1.pdf',	'',	1,	0,	0,	'0000-00-00 00:00:00',	'0000-00-00 00:00:00',	0),
(406,	'Attachment:2017-12-21:104600Botaneco CapSol SPF 30 Sunscreen DN-047-26-1.pdf',	'/upload/media_element/attachments/391/Botaneco CapSol SPF 30 Sunscreen DN-047-26-1.pdf',	'',	1,	0,	0,	'0000-00-00 00:00:00',	'0000-00-00 00:00:00',	0),
(407,	'Attachment:2017-12-21:104631Botaneco CapSol SPF 30 Tinted Lip Gloss DN-047-19-1.pdf',	'/upload/media_element/attachments/392/Botaneco CapSol SPF 30 Tinted Lip Gloss DN-047-19-1.pdf',	'',	1,	0,	0,	'0000-00-00 00:00:00',	'0000-00-00 00:00:00',	0),
(408,	'Attachment:2017-12-21:104655Botaneco CapSol SPF 50 Sunscreen DN-047-27-1.pdf',	'/upload/media_element/attachments/393/Botaneco CapSol SPF 50 Sunscreen DN-047-27-1.pdf',	'',	1,	0,	0,	'0000-00-00 00:00:00',	'0000-00-00 00:00:00',	0),
(409,	'Attachment:2018-01-23:055244Botaneco Hydresia Brochure.pdf',	'/upload/media_element/attachments/394/Botaneco Hydresia Brochure.pdf',	'',	1,	0,	0,	'0000-00-00 00:00:00',	'0000-00-00 00:00:00',	0),
(410,	'Attachment:2018-01-23:055302Botaneco Hydresia Brochure.pdf',	'/upload/media_element/attachments/395/Botaneco Hydresia Brochure.pdf',	'',	1,	0,	0,	'0000-00-00 00:00:00',	'0000-00-00 00:00:00',	0),
(411,	'Attachment:2018-01-23:055320Botaneco Hydresia Brochure.pdf',	'/upload/media_element/attachments/396/Botaneco Hydresia Brochure.pdf',	'',	1,	0,	0,	'0000-00-00 00:00:00',	'0000-00-00 00:00:00',	0),
(412,	'Attachment:2018-01-23:055353Botaneco Hydresia Brochure.pdf',	'/upload/media_element/attachments/397/Botaneco Hydresia Brochure.pdf',	'',	1,	0,	0,	'0000-00-00 00:00:00',	'0000-00-00 00:00:00',	0),
(413,	'Attachment:2018-01-30:072514Botaneco Hydresia SF2 Detox Facial Mask DN-047-66-1.pdf',	'/upload/media_element/attachments/398/Botaneco Hydresia SF2 Detox Facial Mask DN-047-66-1.pdf',	'',	1,	0,	0,	'0000-00-00 00:00:00',	'0000-00-00 00:00:00',	0),
(414,	'Attachment:2018-01-30:072842Botaneco Hydresia G2 Baby Lotion with Shea Oil and Vitamin E #005-144.pdf',	'/upload/media_element/attachments/399/Botaneco Hydresia G2 Baby Lotion with Shea Oil and Vitamin E #005-144.pdf',	'',	1,	0,	0,	'0000-00-00 00:00:00',	'0000-00-00 00:00:00',	0),
(415,	'Attachment:2018-01-30:073243Botaneco Hydresia SF2 Mineral Sunscreen Lotion DN-047-63-1.pdf',	'/upload/media_element/attachments/400/Botaneco Hydresia SF2 Mineral Sunscreen Lotion DN-047-63-1.pdf',	'',	1,	0,	0,	'0000-00-00 00:00:00',	'0000-00-00 00:00:00',	0),
(416,	'Attachment:2018-01-30:073635Botaneco Hydresia SF2 Skin Rebalancing Gel DN-047-73-2.pdf',	'/upload/media_element/attachments/401/Botaneco Hydresia SF2 Skin Rebalancing Gel DN-047-73-2.pdf',	'',	1,	0,	0,	'0000-00-00 00:00:00',	'0000-00-00 00:00:00',	0),
(417,	'Attachment:2018-01-30:073658Botaneco Hydresia SF2 Skin Rebalancing Gel DN-047-73-2.pdf',	'/upload/media_element/attachments/402/Botaneco Hydresia SF2 Skin Rebalancing Gel DN-047-73-2.pdf',	'',	1,	0,	0,	'0000-00-00 00:00:00',	'0000-00-00 00:00:00',	0),
(418,	'Attachment:2018-01-30:073754Botaneco Hydresia SF2 Skin Rebalancing Gel DN-047-73-2.pdf',	'/upload/media_element/attachments/403/Botaneco Hydresia SF2 Skin Rebalancing Gel DN-047-73-2.pdf',	'',	1,	0,	0,	'0000-00-00 00:00:00',	'0000-00-00 00:00:00',	0),
(419,	'Attachment:2018-01-30:073932Botaneco Hydresia SF2 Skin Rebalancing Gel DN-047-73-2.pdf',	'/upload/media_element/attachments/404/Botaneco Hydresia SF2 Skin Rebalancing Gel DN-047-73-2.pdf',	'',	1,	0,	0,	'0000-00-00 00:00:00',	'0000-00-00 00:00:00',	0),
(420,	'Attachment:2018-01-30:074213Botaneco Hydresia Dulce Eye Cream DN-047-72-3.pdf',	'/upload/media_element/attachments/405/Botaneco Hydresia Dulce Eye Cream DN-047-72-3.pdf',	'',	1,	0,	0,	'0000-00-00 00:00:00',	'0000-00-00 00:00:00',	0),
(421,	'Attachment:2018-01-30:074305Botaneco Hydresia G2 Baby Lotion with Shea Oil and Vitamin E #005-144.pdf',	'/upload/media_element/attachments/406/Botaneco Hydresia G2 Baby Lotion with Shea Oil and Vitamin E #005-144.pdf',	'',	1,	0,	0,	'0000-00-00 00:00:00',	'0000-00-00 00:00:00',	0),
(422,	'Attachment:2018-01-30:074406Botaneco Hydresia G2 Baby Lotion with Shea Oil and Vitamin E 005-144.pdf',	'/upload/media_element/attachments/407/Botaneco Hydresia G2 Baby Lotion with Shea Oil and Vitamin E 005-144.pdf',	'',	1,	0,	0,	'0000-00-00 00:00:00',	'0000-00-00 00:00:00',	0),
(423,	'Attachment:2018-02-08:033228Botaneco CapSol Concealer SPF30 DN-047-75-2.pdf',	'/upload/media_element/attachments/408/Botaneco CapSol Concealer SPF30 DN-047-75-2.pdf',	'',	1,	0,	0,	'0000-00-00 00:00:00',	'0000-00-00 00:00:00',	0),
(424,	'Attachment:2018-02-22:114848Botaneco CapSol SPF 30 Daily Wear DN-047-78-4.pdf',	'/upload/media_element/attachments/409/Botaneco CapSol SPF 30 Daily Wear DN-047-78-4.pdf',	'',	1,	0,	0,	'0000-00-00 00:00:00',	'0000-00-00 00:00:00',	0),
(425,	'Attachment:2018-02-22:120624Botaneco Hydresia Brochure.pdf',	'/upload/media_element/attachments/410/Botaneco Hydresia Brochure.pdf',	'',	1,	0,	0,	'0000-00-00 00:00:00',	'0000-00-00 00:00:00',	0),
(426,	'Attachment:2018-02-22:120701Botaneco Hydresia Brochure.pdf',	'/upload/media_element/attachments/411/Botaneco Hydresia Brochure.pdf',	'',	1,	0,	0,	'0000-00-00 00:00:00',	'0000-00-00 00:00:00',	0),
(427,	'Attachment:2018-02-22:120751Botaneco Hydresia Brochure.pdf',	'/upload/media_element/attachments/412/Botaneco Hydresia Brochure.pdf',	'',	1,	0,	0,	'0000-00-00 00:00:00',	'0000-00-00 00:00:00',	0),
(428,	'Attachment:2018-02-22:120823Botaneco Hydresia Brochure.pdf',	'/upload/media_element/attachments/413/Botaneco Hydresia Brochure.pdf',	'',	1,	0,	0,	'0000-00-00 00:00:00',	'0000-00-00 00:00:00',	0),
(429,	'Attachment:2018-02-22:121227Botaneco Karmyn Sellsheet.pdf',	'/upload/media_element/attachments/414/Botaneco Karmyn Sellsheet.pdf',	'',	1,	0,	0,	'0000-00-00 00:00:00',	'0000-00-00 00:00:00',	0),
(430,	'Attachment:2018-02-22:121407Botaneco CapSol Brochure.pdf',	'/upload/media_element/attachments/415/Botaneco CapSol Brochure.pdf',	'',	1,	0,	0,	'0000-00-00 00:00:00',	'0000-00-00 00:00:00',	0),
(431,	'Attachment:2018-02-27:064217Botaneco CapSol SPF 30 Gel Foundation DN-047-85-1.pdf',	'/upload/media_element/attachments/416/Botaneco CapSol SPF 30 Gel Foundation DN-047-85-1.pdf',	'',	1,	0,	0,	'0000-00-00 00:00:00',	'0000-00-00 00:00:00',	0),
(432,	'Attachment:2018-02-27:064237Botaneco CapSol SPF 30 Gel Foundation DN-047-85-1.pdf',	'/upload/media_element/attachments/417/Botaneco CapSol SPF 30 Gel Foundation DN-047-85-1.pdf',	'',	1,	0,	0,	'0000-00-00 00:00:00',	'0000-00-00 00:00:00',	0),
(433,	'Attachment:2018-02-27:064500Botaneco CapSol SPF 30 Tinted Moisturizer DN-047-82-1.pdf',	'/upload/media_element/attachments/418/Botaneco CapSol SPF 30 Tinted Moisturizer DN-047-82-1.pdf',	'',	1,	0,	0,	'0000-00-00 00:00:00',	'0000-00-00 00:00:00',	0),
(434,	'Attachment:2018-02-27:064518Botaneco CapSol SPF 30 Tinted Moisturizer DN-047-82-1.pdf',	'/upload/media_element/attachments/419/Botaneco CapSol SPF 30 Tinted Moisturizer DN-047-82-1.pdf',	'',	1,	0,	0,	'0000-00-00 00:00:00',	'0000-00-00 00:00:00',	0),
(435,	'Attachment:2018-03-20:083717Botaneco Karmyn Sellsheet.pdf',	'/upload/media_element/attachments/420/Botaneco Karmyn Sellsheet.pdf',	'',	1,	0,	0,	'0000-00-00 00:00:00',	'0000-00-00 00:00:00',	0),
(436,	'Attachment:2018-03-28:135658Botaneco Karmyn Sellsheet.pdf',	'/upload/media_element/attachments/421/Botaneco Karmyn Sellsheet.pdf',	'',	1,	0,	0,	'0000-00-00 00:00:00',	'0000-00-00 00:00:00',	0),
(437,	'Attachment:2018-04-11:054236Botaneco Hydresia SF2 SPF 50 Mineral Sunscreen BC-37-51.pdf',	'/upload/media_element/attachments/422/Botaneco Hydresia SF2 SPF 50 Mineral Sunscreen BC-37-51.pdf',	'',	1,	0,	0,	'0000-00-00 00:00:00',	'0000-00-00 00:00:00',	0),
(438,	'Attachment:2018-04-12:075245Botaneco Karmyn Sellsheet.pdf',	'/upload/media_element/attachments/423/Botaneco Karmyn Sellsheet.pdf',	'',	1,	0,	0,	'0000-00-00 00:00:00',	'0000-00-00 00:00:00',	0),
(439,	'Attachment:2018-04-12:075559SDS Karmyn 10-002.pdf',	'/upload/media_element/attachments/424/SDS Karmyn 10-002.pdf',	'',	1,	0,	0,	'0000-00-00 00:00:00',	'0000-00-00 00:00:00',	0),
(440,	'Formulations',	'/upload/media_element/440/91264b398c4b/chia-seeds.png',	'None',	1,	0,	0,	'2018-07-19 20:42:02',	'2018-07-19 20:42:02',	11),
(441,	'Attachment:2018-10-22:043752Botaneco CapSol Data Sheet Oct 2018.pdf',	'/upload/media_element/attachments/425/Botaneco CapSol Data Sheet Oct 2018.pdf',	'',	1,	0,	0,	'0000-00-00 00:00:00',	'0000-00-00 00:00:00',	0),
(442,	'Attachment:2019-01-07:131617BOT.19.01.S Moisturizing Cream with Hydresia SF2.pdf',	'/upload/media_element/attachments/426/BOT.19.01.S Moisturizing Cream with Hydresia SF2.pdf',	'',	1,	0,	0,	'0000-00-00 00:00:00',	'0000-00-00 00:00:00',	0),
(443,	'Attachment:2019-01-07:132238BOT.19.02.KS Natural Hair Conditioner.pdf',	'/upload/media_element/attachments/427/BOT.19.02.KS Natural Hair Conditioner.pdf',	'',	1,	0,	0,	'0000-00-00 00:00:00',	'0000-00-00 00:00:00',	0),
(444,	'Attachment:2019-01-07:133004BOT.19.03.C SPF 60+ Sunscreen.pdf',	'/upload/media_element/attachments/428/BOT.19.03.C SPF 60+ Sunscreen.pdf',	'',	1,	0,	0,	'0000-00-00 00:00:00',	'0000-00-00 00:00:00',	0),
(445,	'testtesttest',	'/upload/media_element/445/6e6200306c2f/demo-document.pdf',	'HELLO',	1,	0,	0,	'2019-01-09 19:56:56',	'2019-01-09 19:56:56',	4),
(446,	'Attachment:2019-01-15:104608demo-document.pdf',	'/upload/media_element/attachments/429/demo-document.pdf',	'',	1,	0,	0,	'0000-00-00 00:00:00',	'0000-00-00 00:00:00',	0),
(447,	'Attachment:2019-01-15:111404demo-document.pdf',	'/upload/media_element/attachments/430/demo-document.pdf',	'',	1,	0,	0,	'0000-00-00 00:00:00',	'0000-00-00 00:00:00',	0),
(448,	'Attachment:2019-01-24:043627BOT.19.04.C SPF 30 Daily Wear Sunscreen.pdf',	'/upload/media_element/attachments/431/BOT.19.04.C SPF 30 Daily Wear Sunscreen.pdf',	'',	1,	0,	0,	'0000-00-00 00:00:00',	'0000-00-00 00:00:00',	0),
(449,	'Attachment:2019-01-28:021233BOT.19.04.C SPF 30 Daily Wear Sunscreen.pdf',	'/upload/media_element/attachments/432/BOT.19.04.C SPF 30 Daily Wear Sunscreen.pdf',	'',	1,	0,	0,	'0000-00-00 00:00:00',	'0000-00-00 00:00:00',	0),
(450,	'Attachment:2019-06-05:142421demo-document.pdf',	'/upload/media_element/attachments/433/demo-document.pdf',	'',	1,	0,	0,	'0000-00-00 00:00:00',	'0000-00-00 00:00:00',	0),
(451,	'Demo PDF',	'/upload/media_element/451/dcebb82d5795/demo-document.pdf',	'My PDF',	1,	1,	0,	'2019-06-05 20:54:49',	'2019-06-05 20:54:49',	4),
(452,	'Attachment:2019-06-06:122330BOT.19.02.KS Natural Hair Conditioner.pdf',	'/upload/media_element/attachments/434/BOT.19.02.KS Natural Hair Conditioner.pdf',	'',	1,	0,	0,	'0000-00-00 00:00:00',	'0000-00-00 00:00:00',	0),
(453,	'Attachment:2019-06-06:122859BOT.19.03.C SPF 60+ Sunscreen.pdf',	'/upload/media_element/attachments/435/BOT.19.03.C SPF 60+ Sunscreen.pdf',	'',	1,	0,	0,	'0000-00-00 00:00:00',	'0000-00-00 00:00:00',	0),
(454,	'Attachment:2019-06-06:122936BOT.19.04.C SPF 30 Daily Wear Sunscreen.pdf',	'/upload/media_element/attachments/436/BOT.19.04.C SPF 30 Daily Wear Sunscreen.pdf',	'',	1,	0,	0,	'0000-00-00 00:00:00',	'0000-00-00 00:00:00',	0),
(455,	'Attachment:2019-06-07:101624BOT.19.06.S Lightweight SPF 30 Mineral Sunscreen.pdf',	'/upload/media_element/attachments/437/BOT.19.06.S Lightweight SPF 30 Mineral Sunscreen.pdf',	'',	1,	0,	0,	'0000-00-00 00:00:00',	'0000-00-00 00:00:00',	0),
(456,	'Attachment:2019-06-07:103916BOT.19.05.D Anti-Aging Eye Firming Creme Gel.pdf',	'/upload/media_element/attachments/438/BOT.19.05.D Anti-Aging Eye Firming Creme Gel.pdf',	'',	1,	0,	0,	'0000-00-00 00:00:00',	'0000-00-00 00:00:00',	0),
(457,	'Attachment:2019-06-07:104213BOT.19.07.S Natural Tinted Moisturizer.pdf',	'/upload/media_element/attachments/439/BOT.19.07.S Natural Tinted Moisturizer.pdf',	'',	1,	0,	0,	'0000-00-00 00:00:00',	'0000-00-00 00:00:00',	0),
(458,	'Attachment:2019-10-04:124812BOT.19.08.S Ultra Sheer SPF 30 Mineral Sunscreen.pdf',	'/upload/media_element/attachments/440/BOT.19.08.S Ultra Sheer SPF 30 Mineral Sunscreen.pdf',	'',	1,	0,	0,	'0000-00-00 00:00:00',	'0000-00-00 00:00:00',	0);

CREATE TABLE `news_item` (
  `id` int(11) NOT NULL AUTO_INCREMENT,
  `cms_headline` varchar(255) NOT NULL DEFAULT '',
  `image` varchar(255) NOT NULL,
  `category` varchar(255) NOT NULL DEFAULT '',
  `title` varchar(255) NOT NULL DEFAULT '',
  `description` text NOT NULL,
  `link` varchar(255) NOT NULL,
  `cms_active` tinyint(1) NOT NULL DEFAULT '1',
  `cms_deleted` tinyint(1) NOT NULL DEFAULT '0',
  `cms_draft` tinyint(1) NOT NULL DEFAULT '0',
  `cms_created` datetime NOT NULL,
  `cms_modified` datetime NOT NULL,
  `cms_modified_by_user` int(11) NOT NULL DEFAULT '0',
  PRIMARY KEY (`id`),
  KEY `cms_active` (`cms_active`),
  KEY `cms_deleted` (`cms_deleted`)
) ENGINE=InnoDB DEFAULT CHARSET=utf8;

INSERT INTO `news_item` (`id`, `cms_headline`, `image`, `category`, `title`, `description`, `link`, `cms_active`, `cms_deleted`, `cms_draft`, `cms_created`, `cms_modified`, `cms_modified_by_user`) VALUES
(6,	'Formulation Showcase',	'/upload/news_item/6/1aa0a615efeb/bubbles.jpg',	'whats_new',	'Formulation Showcase',	'',	'/_page31',	1,	0,	0,	'2015-09-21 15:06:30',	'2015-10-08 20:56:54',	7),
(7,	'Employee Spotlight',	'/upload/news_item/7/109b9c77f988/bubbles.jpeg',	'whats_new',	'Employee Spotlight',	'',	'/about/our-team',	1,	0,	0,	'2015-09-22 21:22:30',	'2015-09-22 21:22:30',	7),
(8,	'Botaneco Buzz ',	'/upload/news_item/8/ddbd234966cd/bubbles.jpeg',	'whats_new',	'Botaneco Buzz ',	'',	'',	1,	0,	0,	'2015-09-22 21:24:36',	'2015-09-22 21:24:36',	7),
(9,	'Hydresia™ blog coverage: Cosmetic Proof &  Beauty Reflection',	'/upload/news_item/9/19ccd453d890/blog.jpeg',	'in_the_news',	'Hydresia™ blog: Cosmetic Proof &  Beauty Reflection',	'',	'http://beautyreflectionsblog.com/2015/08/05/botaneco-hydresia/',	1,	0,	0,	'2015-09-22 03:29:20',	'2018-07-25 21:04:44',	2),
(10,	'Hydresia® highlighted in “Green  Emulsifierâ€: In-Cosmetics workshop',	'/upload/news_item/10/209e04d8e4d4/botaneco-green-leaf.jpeg',	'in_the_news',	'Hydresia™ highlighted in “Green  Emulsifierâ€: In-Cosmetics workshop',	'',	'http://www.in-cosmetics.com/en/Sessions/9122/Formulating-with-green-emulsifiers-surfactants-and-emollients',	1,	0,	0,	'2015-09-21 09:30:38',	'2018-07-27 21:35:50',	2),
(11,	'SCC California  Supplier’s Day',	'/upload/news_item/11/425a752af7a6/botaneco-green-leaf.jpeg',	'upcoming_events',	'SCC California  Supplier’s Day',	'',	'http://www.cvent.com/events/scc-california-chapter-2015-suppliers-day-exhibition/event-summary-d98204a40a0143df80077715c3ab64b9.aspx',	1,	0,	0,	'2015-09-22 15:31:42',	'2015-09-28 18:26:23',	7),
(12,	'Hydresia Formulation Breakfast',	'/upload/news_item/12/0f72fe0ee644/proud-bird.png',	'upcoming_events',	'Hydresia® Formulation Breakfast: Destination Innovation',	'',	'http://www.rossorg.com/botaneco-seminar',	1,	0,	0,	'2015-09-21 15:32:18',	'2015-10-22 17:57:27',	7),
(13,	'Cosmegram',	'/upload/news_item/13/41a17f09d1c4/adobestock_80973497.jpeg',	'whats_new',	'Helping Create a  Safer, More Sustainable Future',	'',	'http://caliscc.org/images/downloads/cosmegrams/2015-10-cosmegram.pdf',	1,	0,	0,	'2015-11-16 02:25:48',	'2018-07-27 21:35:15',	2),
(14,	'Lowens Blog',	'/upload/news_item/14/35d079af6f34/be-local-50-kb-200x150.jpg',	'whats_new',	'Why We Use Locally Sourced Ingredients In Our Products',	'',	'http://www.lowens.ca/using-locally-sourced-ingredients/?v=3e8d115eb4b3',	1,	0,	0,	'2015-11-16 16:29:23',	'2015-11-16 23:29:55',	8),
(15,	'NYSCC',	'/upload/news_item/15/d92b016944f3/annmeeting2015headerrevised.jpg',	'whats_new',	'NYSCC Technical Showcase',	'',	'http://www.scconline.org/events/',	1,	0,	0,	'2015-11-19 23:47:56',	'2015-11-19 23:47:56',	8),
(16,	'Ag Tech',	'/upload/news_item/16/2c61833f698f/verdex-our-ag-tech-legacy-canola.png',	'whats_new',	'Our Ag Tech Legacy: Botaneco',	'',	'http://www.verdexcapital.com/our-ag-tech-legacy-botaneco/',	1,	0,	0,	'2015-11-23 15:11:32',	'2018-07-27 18:00:28',	2),
(17,	'Newsletter Sign Up',	'/upload/news_item/17/7b0dec227b48/adobestock_55931481.jpg',	'whats_new',	'Sign Up for the Botaneco Newsletter',	'<!-- BEGIN: Constant Contact Email List Form Button -->\r\n<div align=\"center\"><a class=\"button\" href=\"http://visitor.r20.constantcontact.com/d.jsp?llr=zrgimpvab&amp;p=oi&amp;m=1122576374329&amp;sit=y5qilackb&amp;f=4c52c1d8-2c0e-49a9-8bc3-a6a750e4ae22\" style=\"border: 1px solid rgb(91, 91, 91); color: rgb(255, 255, 255); display: inline-block; padding: 8px 10px; text-shadow: none; border-radius: 0px; background-color: rgb(0, 129, 102);\">Join Now</a></div>\r\n',	'http://visitor.r20.constantcontact.com/d.jsp?llr=zrgimpvab&p=oi&m=1122576374329&sit=y5qilackb&f=4c52c1d8-2c0e-49a9-8bc3-a6a750e4ae22',	1,	0,	0,	'2015-11-22 18:22:31',	'2016-03-02 14:30:32',	8),
(18,	'Rooted in Nature',	'/upload/news_item/18/283c5b5ac6a8/adobestock_66244725.jpg',	'whats_new',	'Hydresia® Oleosomes: Rooted in Nature',	'<p><span class=\"center-btn\"><a href=\"http://campaign.r20.constantcontact.com/render?ca=d53e25a2-cb72-4977-9dd9-bdd6785a508d&amp;preview=true&amp;m=1122576374329&amp;id=preview\">READ</a></span></p>\r\n',	'http://campaign.r20.constantcontact.com/render?ca=d53e25a2-cb72-4977-9dd9-bdd6785a508d&preview=true&m=1122576374329&id=preview',	1,	0,	0,	'2015-12-14 13:49:07',	'2018-04-18 11:28:07',	10),
(19,	'South Carolina',	'/upload/news_item/19/8542b53b2a64/12118783_1040656192632142_7553602905040509481_n.jpg',	'whats_new',	'2016 Naturally Kiawah Symposium',	'',	'http://www.carolinascc.org/naturally-kiawah-symposium.html',	1,	0,	0,	'2016-01-18 14:51:16',	'2016-01-18 14:51:16',	8),
(20,	'CSCC January 16',	'/upload/news_item/20/37820f7de177/fotolia_7363313_l1-150x150.jpg',	'whats_new',	'Formulating Natural Cosmetics',	'',	'',	1,	0,	0,	'2016-01-18 00:56:24',	'2016-01-18 14:57:23',	8),
(21,	'January Newsletter',	'/upload/news_item/21/db4df6be3fd7/adobestock_22897265-web.jpg',	'whats_new',	'Hydresia® Oleosomes: Hero Ingredient',	'<p><span class=\"center-btn\"><a href=\"http://campaign.r20.constantcontact.com/render?ca=43674b3b-f264-4466-b231-44d85ec529bc&amp;preview=true&amp;m=1122576374329&amp;id=preview\">Read</a></span></p>\r\n',	'http://campaign.r20.constantcontact.com/render?ca=43674b3b-f264-4466-b231-44d85ec529bc&preview=true&m=1122576374329&id=preview',	1,	0,	0,	'2016-01-17 08:35:27',	'2018-07-23 23:55:36',	2),
(22,	'Lowen\'s Blog',	'/upload/news_item/22/aa561de95891/safflower-plant-hydresia.jpg',	'whats_new',	'The Many Benefits, Advantages and Uses of Hydresia™',	'',	'http://www.lowens.ca/hydresia-benefits-and-uses/?v=3e8d115eb4b3',	1,	0,	0,	'2016-01-24 19:01:42',	'2018-07-27 21:33:47',	2),
(23,	'NYSCC Suppliers Day',	'/upload/news_item/23/cdae30800a53/12748027_575572582590183_5546285147648439698_o.jpg',	'upcoming_events',	'NYSCC Suppliers Day',	'',	'https://nyscc.org/suppliers-day',	1,	0,	0,	'2016-03-02 14:26:04',	'2016-03-02 14:26:04',	8),
(24,	'Suppliers Day',	'/upload/news_item/24/da0fedad73b2/sd-promo2017-exhibitor-300x250.jpeg',	'whats_new',	'Suppliers Day',	'',	'https://nyscc.org/suppliersday/',	1,	0,	0,	'2016-02-29 20:27:32',	'2017-03-21 17:21:39',	2),
(25,	'Karmyn Protein Haircare Technology',	'/upload/news_item/25/5a0d0dec9b89/adobestock_86568218-1.jpg',	'whats_new',	'Karmyn™ Protein Haircare Technology',	'<p><span class=\"center-btn\"><a href=\"http://campaign.r20.constantcontact.com/render?ca=c0ebc347-886a-46b0-8e71-676d16b610ec&amp;preview=true&amp;m=1122576374329&amp;id=preview\">READ</a></span></p>\r\n',	'http://campaign.r20.constantcontact.com/render?ca=c0ebc347-886a-46b0-8e71-676d16b610ec&preview=true&m=1122576374329&id=preview',	1,	0,	0,	'2016-03-21 09:00:52',	'2018-07-23 23:49:42',	2),
(26,	'May Newsletter',	'/upload/news_item/26/a077d48615f9/sun-images3.jpg',	'whats_new',	'CapSol™ Oleosome Suncare Technology',	'<p><span class=\"center-btn\"><button class=\"new-button-style\" href=\"http://campaign.r20.constantcontact.com/render?ca=3a8eaf80-745b-41ac-804e-3725e1d20469&amp;preview=true&amp;m=1122576374329&amp;id=preview\">read</button></span></p>\r\n',	'http://campaign.r20.constantcontact.com/render?ca=3a8eaf80-745b-41ac-804e-3725e1d20469&preview=true&m=1122576374329&id=preview',	1,	0,	0,	'2016-05-23 08:29:07',	'2018-07-26 21:49:14',	11),
(27,	'Joe Matt',	'/upload/news_item/27/3f07c974e72c/adobestock_76305544.jpeg',	'whats_new',	'Botaneco welcomes Sales Leader, Joe Matt!',	'',	'https://indd.adobe.com/view/0a33d3ff-9777-4ed2-a0e4-f38c4cc18ec5',	1,	0,	0,	'2016-05-26 10:29:23',	'2016-05-26 22:31:59',	8),
(28,	'Botaneco Hosts Editors From Top Personal Care Magazines',	'/upload/news_item/28/78aa7ec2b186/front-entrace-1-002.jpg',	'in_the_news',	'Botaneco Hosts Editors From Top Personal Care Magazines',	'',	'',	1,	1,	0,	'2017-08-22 11:34:05',	'2017-08-22 17:50:32',	10),
(29,	'Botaneco Hosts Editors From Leading Personal Care Magazines (News Item)',	'/upload/news_item/29/fcf8875691a7/front-entrace-1-002.jpg',	'in_the_news',	'Botaneco Hosts Editors From Leading Personal Care Magazines',	'',	'/_page70',	1,	0,	0,	'2017-08-20 18:10:59',	'2018-10-31 14:58:15',	10),
(30,	'Acme Hardesty Partners with Botaneco',	'/upload/news_item/30/14b66323fff5/james-and-jeff.jpg',	'in_the_news',	'Acme Hardesty Partners With Botaneco',	'<p><span class=\"center-btn\"><a href=\"http://www.happi.com/contents/view_breaking-news/2017-08-21/acme-hardesty-partners-with-botaneco/\">read</a></span></p>\r\n',	'http://www.happi.com/contents/view_breaking-news/2017-08-21/acme-hardesty-partners-with-botaneco/',	1,	0,	0,	'2017-08-22 10:20:05',	'2017-08-22 22:22:29',	10),
(31,	'Botaneco Partners With Acme Hardesty',	'/upload/news_item/31/6a4be395fa9c/james-and-jeff.jpg',	'in_the_news',	'Acme Hardesty Partners With Botaneco',	'',	'http://www.happi.com/contents/view_breaking-news/2017-08-21/acme-hardesty-partners-with-botaneco/',	1,	0,	0,	'2017-08-21 22:23:40',	'2018-07-23 23:46:06',	2),
(32,	'Botaneco Researchers Publish Study in the Journal of Cosmetic Dermatology',	'/upload/news_item/32/30d0f70b2596/sunscreen.jpg',	'whats_new',	'Botaneco Publishes Study in the Journal of Cosmetic Dermatology',	'',	'http://onlinelibrary.wiley.com/doi/10.1111/jocd.12390/epdf',	1,	0,	0,	'2017-08-31 02:45:12',	'2018-07-27 21:31:30',	2),
(33,	'Botaneco is named \"Company of the Year\" by BioAlberta',	'/upload/news_item/33/8c7d97c554da/bioalberta-company-of-the-year-2.jpg',	'in_the_news',	'Botaneco is named \"Company of the Year\" by BioAlberta',	'',	'http://www.businesswire.com/news/home/20170922005625/en/BioAlberta-Recognizes-Alberta-Innovators-Entrepreneurs-2017-AGM',	1,	0,	0,	'2017-09-25 05:14:59',	'2018-07-27 17:59:24',	2),
(34,	'Botaneco Brings a Clean Label to Suncare',	'/upload/news_item/34/be31f0870969/adobestock_66244725201_jpeg.jpg',	'whats_new',	'Botaneco Brings a Clean Label Formula to Suncare',	'',	'https://www.happi.com/live-from-shows/cascc/2017-10-26/sunscreen-formulas-with-skin-friendly-profiles-at-botaneco/?utm_source=SilverpopMailing&utm_medium=email&utm_campaign=Live%20from%20CA%20SCC%20Suppliers%20Day%20(10-26-2017)%20(Final)&utm_content=&spM',	1,	0,	0,	'2017-10-26 14:35:48',	'2018-07-27 21:31:13',	2),
(35,	'Botaneco Amazes with Clean Label Sun Care',	'/upload/news_item/35/eff9c750c91a/botanecosunscreenformulanatural.jpg',	'whats_new',	'Botaneco Amazes with Clean Label Sun Care Formula',	'',	'https://cosmetics.specialchem.com/news/product-news/botaneco-sun-care-sunscreen-000189206',	1,	0,	0,	'2017-11-27 18:39:00',	'2018-07-27 21:30:10',	2),
(36,	'Botaneco Researchers Publish Study in Journal of Photochemistry and Photobiology B: Biology',	'/upload/news_item/36/b2124cf492af/adobestock_89062457.jpeg',	'in_the_news',	'Botaneco Publishes Study in Journal of Photochemistry',	'',	'http://www.sciencedirect.com/science/article/pii/S101113441731134X',	1,	0,	0,	'2018-01-01 10:59:22',	'2018-08-08 06:01:17',	2),
(37,	'Botaneco innovates efficacy testing to keep pace with changing personal care ingredient options ',	'/upload/news_item/37/092004820b6d/adobestock_86568218201_jpeg.jpg',	'in_the_news',	'Botaneco innovates efficacy testing to keep pace with changing personal care ingredient options ',	'',	'https://www.cosmeticsdesign.com/Article/2018/03/06/Botaneco-innovates-efficacy-testing-to-keep-pace-with-changing-personal-care-ingredient-options',	1,	0,	0,	'2018-03-07 16:08:30',	'2018-03-07 16:08:30',	10),
(38,	'Botaneco Demonstrates Reliable SPF Testing Method',	'/upload/news_item/38/9411e3f87e63/adobestock_98074060_jpeg.jpg',	'whats_new',	'Botaneco Demonstrates Reliable SPF Testing Method',	'',	'https://www.botaneco.com/news-and-events/botaneco-demonstrates-reliable-spf-testing-method.html',	1,	0,	0,	'2018-03-06 05:11:32',	'2018-08-08 06:02:17',	2),
(39,	'2018 NYSCC Suppliers Day',	'/upload/news_item/39/cf12814a694b/2018-nyscc-suppliers-day.jpg',	'upcoming_events',	'2018 NYSCC <br> Suppliers Day',	'<p>Visit Botaneco at booth #549 at the 2018 NYSCC Suppliers Day on May 15 &amp; 16.</p>\r\n',	'https://nysuppliers18.mapyourshow.com/7_0/exhibitor/exhibitor-details.cfm?ExhID=1044',	1,	0,	0,	'2018-03-18 22:26:22',	'2018-07-27 21:37:01',	2),
(40,	'Happi\'s Anti-Aging Conference',	'/upload/news_item/40/71b2e46bf90b/cropped-header-right.jpg',	'upcoming_events',	'Happi\'s Anti-Aging Conference',	'<p>Visit us at our booth at&nbsp;the Jacob Javits Convention Center, May 15 &amp; 16, 2018 (co-located with NYSCC Suppliers&rsquo; Day).</p>\r\n',	'http://conference.happi.com/',	1,	0,	0,	'2018-04-12 04:45:46',	'2018-04-12 10:47:02',	10),
(41,	'InCosmetics North America 2018',	'/upload/news_item/41/b60dc537298c/5a4341f30291e.png',	'whats_new',	'InCosmetics <br> North America 2018',	'<p>Visit us at the InCosmetics North America exhibition on October 17-18, 2018 in NYC.</p>\r\n',	'http://northamerica.in-cosmetics.com/',	1,	0,	0,	'2018-04-12 04:50:23',	'2018-07-27 21:37:20',	2),
(42,	'Botaneco is a 2018 Protein Awards Finalist',	'/upload/news_item/42/9044287bf183/2018_awards.jpg',	'in_the_news',	'Botaneco is a 2018 Protein Awards Finalist',	'',	'https://insights.bridge2food.com/bridge2food-announces-2018-protein-awards-finalists/',	1,	0,	0,	'2018-10-31 02:54:06',	'2019-04-08 08:14:51',	10),
(43,	'Botaneco sees gold in canola and other oilseed crops',	'/upload/news_item/43/24ac69f465b1/botaneco-927687446.jpg',	'in_the_news',	'Botaneco sees gold in canola and other oilseed crops',	'',	'https://ppaa.ca/botaneco-sees-gold-in-canola-and-other-oilseed-crops/',	1,	0,	0,	'2018-11-21 02:10:28',	'2019-04-08 08:12:29',	10),
(44,	'Setting up the Summit: ‘It’s all about grabbing the opportunity’',	'/upload/news_item/44/1eedf7e0f566/square-shot-of-gerard-speaking--300x280.jpg',	'whats_new',	'Setting up the Summit: ‘It’s all about grabbing the opportunity’',	'',	'https://ppaa.ca/setting-up-the-summit-its-all-about-grabbing-the-opportunity/',	1,	0,	0,	'2019-02-01 02:50:03',	'2019-04-08 08:11:06',	10),
(45,	'Protein supercluster to launch this spring',	'/upload/news_item/45/b257083767eb/protein-supercluster.png',	'whats_new',	'Protein supercluster to launch this spring',	'',	'https://www.albertafarmexpress.ca/2019/01/29/protein-supercluster-to-launch-this-spring/',	1,	0,	0,	'2019-02-24 05:13:48',	'2019-04-08 08:09:58',	10),
(46,	'Demo',	'/upload/news_item/46/d10478f1216c/demo-kittens.jpg',	'whats_new',	'Demo',	'<p>Demo</p>\r\n',	'/',	1,	0,	0,	'2019-06-05 20:39:46',	'2019-06-05 20:39:46',	4),
(47,	'Plant Protein Company, Botaneco, receives $8M in \"supercluster funding\"',	'/upload/news_item/47/f78626818e75/crop2calgaryheraldjune262019.jpg',	'whats_new',	'Plant Protein Company, Botaneco, receives $8M in \"supercluster funding\"',	'',	'https://calgaryherald.com/business/local-business/calgary-based-plant-protein-company-receives-8m-in-supercluster-funding',	1,	0,	0,	'2019-07-04 11:29:15',	'2019-09-10 15:42:02',	14),
(48,	'Building a Billion Dollar Hemp Industry',	'/upload/news_item/48/7138ec34bd2a/rowlandfarms.jpg',	'whats_new',	'Building a Billion Dollar Hemp Industry',	'',	'https://ppaa.ca/how-rowland-farms-is-helping-to-build-a-billion-dollar-hemp-industry/',	1,	0,	0,	'2019-07-05 02:34:59',	'2020-03-31 20:23:58',	14),
(49,	'Growth in Agriculture after COVID',	'/upload/news_item/49/4e8052bae886/thumbnail60up5cp0.jpg',	'whats_new',	'Growth in Agriculture after COVID',	'',	'https://www.producer.com/2020/09/ag-urged-to-pave-way-for-growth-after-covid/',	1,	0,	0,	'2019-07-04 08:51:04',	'2020-09-22 14:46:28',	14),
(50,	'Alberta Primetime - Plant Based Proteins',	'/upload/news_item/50/371be76be080/abprimetime.jpg',	'whats_new',	'Alberta Primetime - Plant Based Proteins (start video 33:44) ',	'',	'https://alberta.ctvnews.ca/video?clipId=1735952&binId=1.3892985&playlistPageNum=1',	1,	0,	0,	'2019-09-10 04:34:27',	'2019-09-10 16:46:48',	14);

CREATE TABLE `page` (
  `id` int(11) NOT NULL AUTO_INCREMENT,
  `parent_id` int(11) DEFAULT NULL,
  `path` varchar(255) NOT NULL DEFAULT '',
  `title` varchar(255) NOT NULL DEFAULT '',
  `filename` varchar(64) NOT NULL DEFAULT '',
  `page_template_id` int(11) NOT NULL DEFAULT '0',
  `visible` tinyint(1) NOT NULL DEFAULT '1',
  `active` tinyint(1) NOT NULL DEFAULT '1',
  `printable` tinyint(1) NOT NULL DEFAULT '1',
  `cache_lifetime` int(11) NOT NULL DEFAULT '0',
  `client_cache_lifetime` int(11) NOT NULL DEFAULT '3600',
  `secure_page` tinyint(1) NOT NULL DEFAULT '0',
  `permissions_id` int(11) NOT NULL DEFAULT '0',
  `sort_order` int(11) NOT NULL DEFAULT '0',
  `external_url` varchar(255) NOT NULL DEFAULT '',
  `external_url_popout` tinyint(1) NOT NULL DEFAULT '0',
  `workflow_group_id` int(11) NOT NULL DEFAULT '0',
  `workflow_recursive` tinyint(1) NOT NULL DEFAULT '1',
  `disclaimer_required` tinyint(1) NOT NULL DEFAULT '0',
  `disclaimer_recursive` tinyint(1) NOT NULL DEFAULT '0',
  `meta_keywords` varchar(255) NOT NULL DEFAULT '',
  `meta_description` varchar(255) NOT NULL DEFAULT '',
  `cms_deleted` tinyint(1) NOT NULL DEFAULT '0',
  `cms_created` datetime NOT NULL,
  `cms_modified` datetime NOT NULL,
  `cms_modified_by_user` int(11) NOT NULL DEFAULT '0',
  PRIMARY KEY (`id`)
) ENGINE=InnoDB DEFAULT CHARSET=utf8;

INSERT INTO `page` (`id`, `parent_id`, `path`, `title`, `filename`, `page_template_id`, `visible`, `active`, `printable`, `cache_lifetime`, `client_cache_lifetime`, `secure_page`, `permissions_id`, `sort_order`, `external_url`, `external_url_popout`, `workflow_group_id`, `workflow_recursive`, `disclaimer_required`, `disclaimer_recursive`, `meta_keywords`, `meta_description`, `cms_deleted`, `cms_created`, `cms_modified`, `cms_modified_by_user`) VALUES
(1,	NULL,	'',	'Home',	'home',	3,	1,	1,	1,	-1,	3600,	0,	0,	0,	'',	0,	0,	0,	0,	0,	'Botaneco is an innovative, solutions-focused natural ingredient manufacturer with novel plant-based separation and purification technology for food, feed and personal care. Learn more about Our Team, Our Approach, Our Partners and our ongoing commitment t',	'oleosome technology, Natural emulsifier, Safflower oil and water emulsion, Sweet almond oil and water emulsion, Oilseed protein isolates, Oilseed protein concentrates, Safflower protein seed extract, Hemp protein concentrate, Hemp protein isolate, Canada',	0,	'2013-07-23 09:41:17',	'2019-10-03 13:16:59',	14),
(2,	1,	'/sitemap',	'Sitemap',	'sitemap',	1,	1,	1,	1,	-1,	3600,	0,	0,	97,	'',	0,	0,	0,	0,	0,	'',	'',	1,	'2013-07-24 09:41:17',	'2013-07-24 09:41:17',	5),
(3,	1,	'/search',	'Search',	'search',	1,	0,	1,	1,	86400,	3600,	0,	0,	5,	'',	0,	0,	0,	0,	0,	'',	'',	0,	'2013-07-24 03:41:17',	'2019-09-18 16:05:59',	14),
(4,	1,	'/404_error',	'404 Error',	'404_error',	1,	0,	1,	1,	-1,	3600,	0,	0,	6,	'',	0,	0,	0,	0,	0,	'',	'',	0,	'2013-07-24 09:41:17',	'2013-07-24 09:41:17',	14),
(5,	1,	'/test-page',	'Test Page',	'test-page',	1,	1,	1,	1,	-1,	3600,	0,	0,	0,	'',	0,	0,	1,	0,	0,	'',	'',	1,	'2014-08-07 16:06:33',	'2014-08-07 16:06:33',	5),
(6,	1,	'/about',	'About',	'about',	1,	1,	1,	1,	-1,	3600,	0,	0,	0,	'',	0,	0,	1,	0,	0,	'',	'',	1,	'2014-08-11 20:10:30',	'2014-08-11 20:10:30',	7),
(7,	40,	'/about/news-and-events',	'News and Events',	'news-and-events',	6,	1,	1,	1,	-1,	3600,	0,	0,	4,	'',	0,	0,	1,	0,	0,	'',	'What is happening at Botanceo. Current news about Botaneco as well as upcoming conferences we will be attending.',	0,	'2014-08-10 08:10:53',	'2019-10-08 17:40:29',	14),
(8,	1,	'/contact',	'Contact',	'contact',	1,	1,	1,	1,	-1,	3600,	0,	0,	4,	'',	0,	0,	1,	0,	0,	'Botaneco Contact Information, Botaneco Sales Contact Information, Botaneco Calgary Canada, Botaneco Lambertville New Jersey USA, Agri-business Canada Calgary, Agriculture Manufacturer Processor oilseed, Calgary Manufacturing Facility',	'Botaneco is committed to innovating solutions to improve the natural performance of your products. Call us (403.668.6685) for more information about our products, customer service questions or to request a sample.',	0,	'2014-08-10 20:11:03',	'2019-10-08 17:43:48',	14),
(9,	1,	'/social',	'Social',	'social',	1,	0,	1,	1,	-1,	3600,	0,	0,	0,	'',	0,	0,	1,	0,	0,	'',	'',	1,	'2014-08-11 20:11:46',	'2014-08-11 20:11:46',	5),
(10,	9,	'/social/instagram',	'Instagram',	'instagram',	1,	1,	1,	1,	-1,	3600,	0,	0,	0,	'',	0,	0,	1,	0,	0,	'',	'',	1,	'2014-08-11 08:56:09',	'2014-08-12 15:59:00',	5),
(11,	9,	'/social/facebook',	'Facebook',	'facebook',	1,	1,	1,	1,	-1,	3600,	0,	0,	0,	'',	0,	0,	1,	0,	0,	'',	'',	1,	'2014-08-12 15:59:21',	'2014-08-12 15:59:21',	5),
(12,	9,	'/social/twitter',	'Twitter',	'twitter',	1,	1,	1,	1,	-1,	3600,	0,	0,	0,	'',	0,	0,	1,	0,	0,	'',	'',	1,	'2014-08-12 15:59:27',	'2014-08-12 15:59:27',	5),
(13,	1,	'/products',	'Products',	'products',	1,	1,	1,	1,	-1,	3600,	0,	0,	1,	'',	0,	0,	1,	0,	0,	'',	'',	1,	'2015-07-15 16:11:37',	'2015-07-15 16:11:37',	7),
(14,	1,	'/resources',	'Resources',	'resources',	1,	1,	1,	1,	-1,	3600,	0,	0,	2,	'',	0,	0,	1,	0,	0,	'',	'',	1,	'2015-07-15 16:11:50',	'2015-07-15 16:11:50',	7),
(15,	1,	'/blog',	'Blog',	'blog',	1,	1,	1,	1,	-1,	3600,	0,	0,	3,	'',	0,	0,	1,	0,	0,	'',	'',	1,	'2015-07-15 16:12:03',	'2015-07-15 16:12:03',	7),
(16,	6,	'/about/our-story',	'Our Story',	'our-story',	1,	1,	1,	1,	-1,	3600,	0,	0,	0,	'',	0,	0,	1,	0,	0,	'',	'',	0,	'2015-07-15 16:15:29',	'2015-07-15 16:15:29',	7),
(17,	6,	'/about/our-team',	'Our Team',	'our-team',	1,	1,	1,	1,	-1,	3600,	0,	0,	0,	'',	0,	0,	1,	0,	0,	'',	'',	0,	'2015-07-15 16:15:47',	'2015-07-15 16:15:47',	7),
(18,	6,	'/about/news-and-events',	'News and Events',	'news-and-events',	1,	1,	1,	1,	-1,	3600,	0,	0,	0,	'',	0,	0,	1,	0,	0,	'',	'',	0,	'2015-07-15 16:16:00',	'2015-07-15 16:16:00',	7),
(19,	13,	'/products/hydresia',	'Hydresia',	'hydresia',	1,	1,	1,	1,	-1,	3600,	0,	0,	0,	'',	0,	0,	1,	0,	0,	'',	'',	0,	'2015-07-15 16:16:26',	'2015-07-15 16:16:26',	7),
(20,	13,	'/products/spv',	'SPV',	'spv',	1,	1,	1,	1,	-1,	3600,	0,	0,	0,	'',	0,	0,	1,	0,	0,	'',	'',	0,	'2015-07-15 16:16:44',	'2015-07-15 16:16:44',	7),
(21,	13,	'/products/request-product-sample',	'Request Product Sample',	'request-product-sample',	1,	1,	1,	1,	-1,	3600,	0,	0,	0,	'',	0,	0,	1,	0,	0,	'',	'',	0,	'2015-07-15 16:17:04',	'2015-07-15 16:17:04',	7),
(22,	19,	'/products/hydresia/hydresia-technology',	'Hydresia Technology',	'hydresia-technology',	1,	1,	1,	1,	-1,	3600,	0,	0,	0,	'',	0,	0,	1,	0,	0,	'',	'',	0,	'2015-07-15 16:17:51',	'2015-07-15 16:17:51',	7),
(23,	19,	'/products/hydresia/success-stories',	'Success Stories',	'success-stories',	1,	1,	1,	1,	-1,	3600,	0,	0,	0,	'',	0,	0,	1,	0,	0,	'',	'',	0,	'2015-07-15 16:18:04',	'2015-07-15 16:18:04',	7),
(24,	19,	'/products/hydresia/faqs',	'FAQs',	'faqs',	1,	1,	1,	1,	-1,	3600,	0,	0,	0,	'',	0,	0,	1,	0,	0,	'',	'',	0,	'2015-07-15 16:18:15',	'2015-07-15 16:18:15',	7),
(25,	19,	'/products/hydresia/distributors',	'Distributors',	'distributors',	1,	1,	1,	1,	-1,	3600,	0,	0,	0,	'',	0,	0,	1,	0,	0,	'',	'',	0,	'2015-07-15 16:18:31',	'2015-07-15 16:18:31',	7),
(26,	56,	'/personal-care/hydresia-oleosomes',	'Hydresia® Oleosomes',	'hydresia-oleosomes',	7,	1,	1,	1,	-1,	3600,	0,	0,	0,	'',	0,	0,	1,	0,	0,	'',	'',	0,	'2015-07-14 21:20:52',	'2016-04-18 20:11:00',	14),
(27,	26,	'/personal-care/hydresia-oleosomes/hydresia-oleosome-technology',	'Hydresia® Oleosome Technology',	'hydresia-oleosome-technology',	1,	1,	1,	1,	-1,	3600,	0,	0,	0,	'',	0,	0,	1,	0,	0,	'',	'Hydresia is a sole emulsifier and emulsion stabilizer. Oleosome technology provides powerful skin hydration in unique moisture delivery system that is sustainable and a natural, plant-based alternative to chemical emulsifiers.',	0,	'2015-08-27 04:46:46',	'2019-10-08 17:33:02',	14),
(28,	26,	'/personal-care/hydresia-oleosomes/technical-literature',	'Technical Literature',	'technical-literature',	1,	1,	1,	1,	-1,	3600,	0,	0,	1,	'',	0,	0,	1,	0,	0,	'',	'Subset of publishing material related to Botaneco’s products including product datasheets, SDS and sample request forms.',	0,	'2015-08-28 10:47:35',	'2019-10-08 17:34:47',	14),
(29,	26,	'/personal-care/hydresia-oleosomes/hydresia-oleosome-technical-support',	'Technical Support',	'hydresia-oleosome-technical-support',	1,	1,	1,	1,	-1,	3600,	0,	0,	2,	'',	0,	0,	1,	0,	0,	'',	'Information about getting started with Hydresia oleosomes, Hydresia oleosomes as a primary emulsifier and Hydresia oleosomes in surfactant systems, information is meant to guide and provide a general approach for formulators in using Hydresia oleosomes',	0,	'2015-08-26 04:47:54',	'2019-10-08 17:34:55',	14),
(30,	26,	'/personal-care/hydresia-oleosomes/request-sample',	'Request Sample',	'request-sample',	1,	0,	0,	1,	-1,	3600,	0,	0,	3,	'/_page48',	0,	0,	1,	0,	0,	'',	'',	0,	'2015-08-27 10:49:38',	'2017-12-15 14:55:06',	14),
(31,	1,	'/formulations',	'Formulations',	'formulations',	9,	1,	1,	1,	-1,	3600,	0,	0,	2,	'',	0,	0,	1,	0,	0,	'Formulation customer support, Formulation chemist support,Organic and inorganic sunscreen formulation, Sunscreen Active ingredients, homosalate, octocrylene, avobenzone, zinc oxide, Anti-aging agents, Formulation hydration, emulsification applications, Su',	'Botaneco is committed to supporting customers in their effort to integrate high performing, quality natural ingredients in their products, we don’t just offer formulations, we back it up with testing and knowledge to make out ingredients work for you.',	0,	'2015-08-26 22:50:05',	'2019-10-08 17:42:10',	14),
(32,	31,	'/formulations/formulation-showcase',	'Formulation Showcase',	'formulation-showcase',	1,	1,	1,	1,	-1,	3600,	0,	0,	0,	'',	0,	0,	1,	0,	0,	'',	'',	1,	'2015-08-28 16:50:49',	'2015-08-28 16:50:49',	7),
(33,	31,	'/formulations/skincare',	'Skincare',	'skincare',	1,	1,	1,	1,	-1,	3600,	0,	0,	0,	'',	0,	0,	1,	0,	0,	'',	'',	1,	'2015-08-28 16:51:37',	'2015-08-28 16:51:37',	7),
(34,	31,	'/formulations/mens-care',	'Men\'s Care',	'mens-care',	1,	1,	1,	1,	-1,	3600,	0,	0,	0,	'',	0,	0,	1,	0,	0,	'',	'',	1,	'2015-08-28 16:51:46',	'2015-08-28 16:51:46',	7),
(35,	31,	'/formulations/color-cosmetics',	'Color Cosmetics',	'color-cosmetics',	1,	1,	1,	1,	-1,	3600,	0,	0,	0,	'',	0,	0,	1,	0,	0,	'',	'',	1,	'2015-08-28 16:52:03',	'2015-08-28 16:52:03',	7),
(36,	31,	'/formulations/sun-care',	'Sun Care',	'sun-care',	1,	1,	1,	1,	-1,	3600,	0,	0,	0,	'',	0,	0,	1,	0,	0,	'',	'',	1,	'2015-08-28 16:52:11',	'2015-08-28 16:52:11',	7),
(37,	31,	'/formulations/cleansers-and-haircare',	'Cleansers & Haircare',	'cleansers-and-haircare',	1,	1,	1,	1,	-1,	3600,	0,	0,	0,	'',	0,	0,	1,	0,	0,	'',	'',	1,	'2015-08-28 10:52:45',	'2015-08-28 16:53:03',	7),
(38,	31,	'/formulations/baby-care',	'Baby Care',	'baby-care',	1,	1,	1,	1,	-1,	3600,	0,	0,	0,	'',	0,	0,	1,	0,	0,	'',	'',	1,	'2015-08-28 16:53:30',	'2015-08-28 16:53:30',	7),
(39,	31,	'/formulations/hand-sanitizers',	'Hand Sanitizers',	'hand-sanitizers',	1,	1,	1,	1,	-1,	3600,	0,	0,	0,	'',	0,	0,	1,	0,	0,	'',	'',	1,	'2015-08-28 16:53:51',	'2015-08-28 16:53:51',	7),
(40,	1,	'/about',	'About Botaneco®',	'about',	9,	1,	1,	1,	-1,	3600,	0,	0,	3,	'',	0,	0,	1,	0,	0,	'James Szarko, David Dave Dzisiak, Protein Industries Canada, Bioalberta Company of the Year, Agri-business Calgary based Canada, Research and Development Calgary Alberta, Bio-based chemistry and technology, Agrotechnology and Food Sciences, Food chemistry',	'Botaneco is an innovative, solutions-focused natural ingredient manufacturer with novel plant-based separation and purification technology for food, feed and personal care. Learn more about Our Team, Our Approach, Our Partners and our ongoing commitment t',	0,	'2015-08-26 04:54:07',	'2019-10-08 17:42:58',	14),
(41,	40,	'/about/our-story',	'Our Story',	'our-story',	1,	1,	1,	1,	-1,	3600,	0,	0,	0,	'',	0,	0,	1,	0,	0,	'',	'',	1,	'2015-08-28 16:54:52',	'2015-08-28 16:54:52',	7),
(42,	40,	'/about/our-team',	'Our Team',	'our-team',	1,	1,	1,	1,	-1,	3600,	0,	0,	0,	'',	0,	0,	1,	0,	0,	'',	'Botaneco’s leadership team, proven execution.',	0,	'2015-08-28 10:55:00',	'2019-10-08 17:37:01',	14),
(43,	40,	'/about/our-approach',	'Our Approach',	'our-approach',	1,	1,	1,	1,	-1,	3600,	0,	0,	1,	'',	0,	0,	1,	0,	0,	'',	'At Botaneco we believe in possibilities. From our novel process, our innovative products, and our consultative solutions-selling approach, every member of the Botaneco team is invested in the success of our customers. That\'s why we put the upmost consider',	0,	'2015-08-27 10:55:10',	'2019-10-08 17:39:53',	14),
(44,	40,	'/about/our-partners',	'Our Partners',	'our-partners',	1,	1,	1,	1,	-1,	3600,	0,	0,	2,	'',	0,	0,	1,	0,	0,	'',	'',	0,	'2015-08-28 04:55:21',	'2019-09-19 23:03:31',	14),
(45,	7,	'/news-and-events/whats-new',	'What\'s New',	'whats-new',	1,	1,	1,	1,	-1,	3600,	0,	0,	0,	'',	0,	0,	1,	0,	0,	'',	'',	1,	'2015-08-28 16:55:45',	'2015-08-28 16:55:45',	7),
(46,	7,	'/news-and-events/in-the-news',	'In The News',	'in-the-news',	1,	1,	1,	1,	-1,	3600,	0,	0,	0,	'',	0,	0,	1,	0,	0,	'',	'',	1,	'2015-08-28 16:55:55',	'2015-08-28 16:55:55',	7),
(47,	7,	'/news-and-events/upcoming-events',	'Upcoming Events',	'upcoming-events',	1,	1,	1,	1,	-1,	3600,	0,	0,	0,	'',	0,	0,	1,	0,	0,	'',	'',	1,	'2015-08-28 16:56:04',	'2015-08-28 16:56:04',	7),
(48,	8,	'/contact/request-sample1',	'Request Sample',	'request-sample1',	1,	1,	1,	1,	-1,	3600,	0,	0,	0,	'',	0,	0,	1,	0,	0,	'',	'Thank you for your interest in Botaneco. Our samples are made available to professionals within the Personal Care and Cosmetic Science Industry. These samples are not for individual consumer purposes.',	0,	'2015-08-27 04:58:18',	'2019-10-08 17:41:07',	14),
(49,	8,	'/contact/customer-service',	'Customer Service',	'customer-service',	1,	1,	1,	1,	-1,	3600,	0,	0,	0,	'',	0,	0,	1,	0,	0,	'',	'',	1,	'2015-08-28 16:58:28',	'2015-08-28 16:58:28',	7),
(50,	1,	'/sitemap',	'Sitemap',	'sitemap',	1,	0,	1,	1,	-1,	3600,	0,	0,	7,	'',	0,	0,	1,	0,	0,	'',	'',	0,	'2015-09-01 16:15:37',	'2015-09-01 16:15:37',	14),
(51,	1,	'/privacy',	'Privacy',	'privacy',	1,	0,	1,	1,	-1,	3600,	0,	0,	8,	'',	0,	0,	1,	0,	0,	'',	'',	0,	'2015-09-01 17:29:40',	'2015-09-01 17:29:40',	14),
(52,	40,	'/about/careers',	'Careers',	'careers',	1,	1,	1,	1,	-1,	3600,	0,	0,	4,	'',	0,	0,	1,	0,	0,	'',	'At Botaneco, we believe in order to achieve our vision we must hire, develop and promote a team that shows initiative, courage, passion, pride, drive and altruism. We are looking for teammates who push boundaries to drive success. Look here for career opp',	0,	'2015-09-26 23:46:20',	'2019-10-08 17:40:43',	14),
(53,	8,	'/contact/test',	'Test',	'test',	1,	0,	1,	1,	-1,	0,	0,	0,	0,	'',	0,	0,	1,	0,	0,	'',	'',	1,	'2015-10-20 14:40:12',	'2015-10-20 20:43:54',	7),
(54,	56,	'/personal-care/karmyn-protein',	'Karmyn™ Protein',	'karmyn-protein',	7,	1,	1,	1,	-1,	3600,	0,	0,	1,	'',	0,	0,	1,	0,	0,	'',	'A natural plant-based protein with a non-hydrolysed and unique amino-acid profile offers a non-allergenic and sustainable formula with substantial strengthening and protective benefits for skin and nourishing and color protective properties for hair.',	0,	'2015-10-17 21:03:13',	'2019-10-08 17:33:59',	14),
(55,	1,	'/thank-you',	'Thank You',	'thank-you',	1,	0,	1,	1,	-1,	3600,	0,	0,	9,	'',	0,	0,	1,	0,	0,	'',	'',	0,	'2016-01-20 03:35:24',	'2016-01-20 03:35:24',	14),
(56,	1,	'/personal-care',	'Personal Care',	'personal-care',	8,	1,	1,	1,	-1,	3600,	0,	0,	1,	'',	0,	0,	1,	0,	0,	'Clean Label value added products, Non GMO products emulsifiers, Chemical free plant based products, Emulsifying Agent Structuring, Polysorbate, creammaker, stearyl alcohol, Emulsifier Emulsifying Agent alternatives options, International Personal Care (So',	'Inspired by nature, Botaneco utilizes novel plant-based technologies to create innovative natural ingredients for leading health and beauty brands all over the world. Sourced from sustainable safflower crops our products offer a natural ingredient for you',	0,	'2016-03-23 02:50:50',	'2019-10-08 17:31:14',	14),
(57,	54,	'/personal-care/karmyn-protein/properties-and-benefits',	'Properties and Benefits',	'properties-and-benefits',	1,	1,	1,	1,	-1,	3600,	0,	0,	0,	'',	0,	0,	1,	0,	0,	'',	'Karmyn™ protein, a native high molecular weight safflower storage protein, plays an important role in equipping a seed for survival and preventing denaturation. Using a patented process, Karmyn™ protein is extracted from the seed in its whole, undamag',	0,	'2016-03-27 05:04:23',	'2019-10-08 17:35:15',	14),
(58,	54,	'/personal-care/karmyn-protein/technical-literature',	'Technical Literature',	'technical-literature',	1,	1,	1,	1,	-1,	3600,	0,	0,	1,	'',	0,	0,	1,	0,	0,	'',	'Subset of publishing material related to Botaneco’s products including product datasheets, SDS and sample request forms.',	0,	'2016-03-27 20:40:24',	'2019-10-08 17:34:33',	14),
(59,	54,	'/personal-care/karmyn-protein/technical-support',	'Technical Support',	'technical-support',	1,	1,	1,	1,	-1,	3600,	0,	0,	2,	'',	0,	0,	1,	0,	0,	'',	'Information relating to getting started with Karmyn protein, mean to guide and provide a general approach for formulators in using Karmyn.',	0,	'2016-04-12 17:39:58',	'2019-10-08 17:35:30',	14),
(60,	56,	'/personal-care/capsol',	'CapSol™ Sun Care',	'capsol',	7,	1,	1,	1,	-1,	3600,	0,	0,	2,	'',	0,	0,	1,	0,	0,	'',	'A breakthrough in sun formulation technology that delivers superior product aesthetics, environmental safety, ingredient sustainability and formulation cost reduction while dramatically reducing UV filter levels required for target SPF levels.',	0,	'2016-10-13 20:40:03',	'2019-10-08 17:35:56',	14),
(61,	60,	'/personal-care/capsol/properties-and-benefits',	'Properties and Benefits',	'properties-and-benefits',	1,	1,	1,	1,	-1,	3600,	0,	0,	0,	'',	0,	0,	1,	0,	0,	'',	'CapSol™ allows for a significant reduction in the UV actives required to achieve targeted SPF levels. CapSol™ technology has initially demonstrated success with the popular SPF sunscreen filters octyl methoxycinnamate (OMC – a UVB absorber) and avob',	0,	'2016-10-14 21:22:45',	'2019-10-08 17:36:13',	14),
(62,	60,	'/personal-care/capsol/technical-literature',	'Technical Literature',	'technical-literature',	1,	1,	1,	1,	-1,	3600,	0,	0,	0,	'',	0,	0,	1,	0,	0,	'',	'Subset of publishing material related to Botaneco’s products including product datasheets, SDS and sample request forms.',	0,	'2016-10-14 15:22:59',	'2019-10-08 17:36:24',	14),
(63,	60,	'/products/capsol/formulation-showcase',	'Formulation Showcase',	'formulation-showcase',	1,	1,	1,	1,	-1,	3600,	0,	0,	0,	'',	0,	0,	1,	0,	0,	'',	'',	1,	'2016-10-15 03:23:39',	'2016-10-15 03:23:39',	2),
(64,	8,	'/contact/test-page',	'Test Page',	'test-page',	1,	0,	1,	1,	-1,	3600,	0,	0,	2,	'',	0,	0,	1,	0,	0,	'',	'',	0,	'2017-04-10 17:56:52',	'2017-04-10 17:56:52',	14),
(65,	7,	'/news-and-events/botaneco-hosts-editors-from-leading-personal-care-magazines',	'Botaneco Hosts Editors From Leading Personal Care Magazines',	'botaneco-hosts-editors-from-leading-personal-care-magazines',	6,	0,	1,	1,	-1,	3600,	0,	0,	0,	'',	0,	0,	1,	0,	0,	'',	'',	1,	'2017-08-22 18:12:31',	'2017-08-22 18:12:31',	10),
(66,	7,	'/news-and-events/botaneco-hosts-editors-from-leading-personal-care-magazines',	'Botaneco Hosts Editors From Leading Personal Care Magazines',	'botaneco-hosts-editors-from-leading-personal-care-magazines',	4,	0,	1,	1,	-1,	3600,	0,	0,	0,	'',	0,	0,	1,	0,	0,	'',	'',	1,	'2017-08-22 20:19:53',	'2017-08-22 20:19:53',	10),
(67,	7,	'/news-and-events/botaneco-hosts-editors-from-leading-personal-care-magazines',	'Botaneco Hosts Editors From Leading Personal Care Magazines',	'botaneco-hosts-editors-from-leading-personal-care-magazines',	1,	0,	1,	1,	-1,	3600,	0,	0,	0,	'',	0,	0,	1,	0,	0,	'',	'',	1,	'2017-08-22 20:20:53',	'2017-08-22 20:20:53',	10),
(68,	7,	'/news-and-events/botaneco-hosts-editors-from-leading-personal-care-magazines',	'Botaneco Hosts Editors From Leading Personal Care Magazines',	'botaneco-hosts-editors-from-leading-personal-care-magazines',	1,	0,	1,	1,	-1,	3600,	0,	0,	0,	'',	0,	0,	1,	0,	0,	'',	'',	1,	'2017-08-22 08:22:28',	'2017-08-22 20:39:00',	10),
(69,	7,	'/news-and-events/botaneco-hosts-editors-from-leading-personal-care-magazines',	'Botaneco Hosts Editors From Leading Personal Care Magazines',	'botaneco-hosts-editors-from-leading-personal-care-magazines',	8,	1,	1,	1,	-1,	3600,	0,	0,	0,	'',	0,	0,	1,	0,	0,	'',	'',	1,	'2017-08-22 09:43:34',	'2017-08-22 21:45:41',	10),
(70,	7,	'/about/news-and-events/botaneco-hosts-editors-from-leading-personal-care-magazines',	'Botaneco Hosts Editors From Leading Personal Care Magazines',	'botaneco-hosts-editors-from-leading-personal-care-magazines',	1,	0,	1,	1,	-1,	3600,	0,	0,	0,	'',	0,	0,	1,	0,	0,	'',	'',	0,	'2017-08-24 16:34:17',	'2017-08-24 16:34:17',	14),
(71,	56,	'/products/technical-literature',	'Technical Literature',	'technical-literature',	8,	0,	0,	1,	-1,	3600,	0,	0,	0,	'',	0,	0,	1,	0,	0,	'',	'',	1,	'2017-11-09 13:20:00',	'2017-11-11 11:41:03',	10),
(72,	40,	'/about/sustainability',	'Sustainability',	'sustainability',	1,	1,	1,	1,	-1,	3600,	0,	0,	3,	'',	0,	0,	1,	0,	0,	'',	'At Botaneco, we know that strong business does not have to sacrifice a healthy environment. It is our commitment to operate in a way that protects the wellbeing of people and the planet, while maintaining the integrity of our products and process that we',	0,	'2017-11-21 14:13:26',	'2019-10-08 17:40:15',	14),
(73,	7,	'/about/news-and-events/botaneco-demonstrates-reliable-spf-testing-method',	'Botaneco Demonstrates Reliable SPF Testing Method',	'botaneco-demonstrates-reliable-spf-testing-method',	1,	0,	1,	1,	-1,	3600,	0,	0,	1,	'',	0,	0,	1,	0,	0,	'',	'',	0,	'2018-03-08 06:41:49',	'2018-10-31 14:57:06',	14),
(74,	7,	'/about/news-and-events/botaneco-is-a-2018-protein-awards-finalist',	'Botaneco is a 2018 Protein Awards Finalist',	'botaneco-is-a-2018-protein-awards-finalist',	1,	0,	1,	1,	-1,	3600,	0,	0,	2,	'',	0,	0,	1,	0,	0,	'',	'',	0,	'2018-10-31 08:56:52',	'2018-10-31 14:57:31',	14),
(75,	1,	'/test',	'Test',	'test',	8,	0,	0,	1,	-1,	3600,	0,	0,	0,	'',	0,	0,	1,	0,	0,	'',	'',	1,	'2019-01-10 14:41:50',	'2019-01-10 14:41:50',	10),
(76,	8,	'/contact/demo',	'Demo Page Fun Times',	'demo',	1,	0,	1,	1,	-1,	3600,	0,	0,	1,	'',	0,	0,	1,	0,	0,	'',	'',	0,	'2019-01-15 11:04:58',	'2019-06-05 20:19:18',	14),
(77,	40,	'/about/for-investors',	'For Investors',	'for-investors',	1,	0,	0,	1,	-1,	3600,	0,	0,	0,	'',	0,	0,	1,	0,	0,	'',	'',	0,	'2019-01-24 15:09:44',	'2019-01-24 15:09:44',	14),
(78,	1,	'/food-and-feed',	'Food and Feed',	'food-and-feed',	8,	1,	1,	1,	300,	3600,	0,	0,	0,	'',	0,	0,	1,	0,	0,	'PIC, Protein Industries Canada, Plant based proteins Canadian, Meatless proteins, Canola protein concentrates Canadian, Value Added products, Sustainable aquaculture, Rowland Farms Seeds, Corteva Agri-science, Rowland Farms Taber Alberta Canada, Bridge2Fo',	'Botaneco’s highly functional natural ingredients provide alternative plant-based products for food and feed. Our ingredients have the potential to replace undesirable options and create healthy, clean-label and sustainable foods.',	0,	'2019-01-27 03:09:54',	'2019-10-08 17:32:28',	14),
(79,	56,	'/personal-care/demo-page',	'Demo Page',	'demo-page',	1,	0,	1,	1,	-1,	3600,	0,	0,	0,	'',	0,	0,	1,	0,	0,	'',	'',	1,	'2019-06-05 14:45:29',	'2019-06-05 20:46:39',	4),
(80,	79,	'/personal-care/demo-page/child-demo-page',	'Child Demo Page',	'child-demo-page',	1,	1,	1,	1,	-1,	3600,	0,	0,	0,	'',	0,	0,	1,	0,	0,	'',	'',	1,	'2019-06-05 20:46:21',	'2019-06-05 20:46:21',	4),
(81,	1,	'/investors',	'Investors',	'investors',	1,	1,	1,	1,	-1,	3600,	0,	0,	0,	'https://www.botaneco.com/investors',	0,	0,	1,	0,	0,	'',	'',	0,	'2020-07-20 16:25:04',	'2020-07-20 16:25:04',	14);

CREATE TABLE `page_content` (
  `id` int(11) NOT NULL AUTO_INCREMENT,
  `page_id` int(11) NOT NULL DEFAULT '0',
  `page_template_container_id` int(11) NOT NULL DEFAULT '0',
  `content_asset` varchar(255) NOT NULL DEFAULT '',
  `content_asset_id` int(11) NOT NULL DEFAULT '0',
  `content_order` smallint(6) NOT NULL DEFAULT '0',
  `timed_start` datetime DEFAULT NULL,
  `timed_end` datetime DEFAULT NULL,
  `cms_workflow` int(11) NOT NULL DEFAULT '0',
  `cms_created` datetime NOT NULL,
  `cms_modified` datetime NOT NULL,
  `cms_modified_by_user` int(11) NOT NULL DEFAULT '0',
  PRIMARY KEY (`id`)
) ENGINE=InnoDB DEFAULT CHARSET=utf8;

INSERT INTO `page_content` (`id`, `page_id`, `page_template_container_id`, `content_asset`, `content_asset_id`, `content_order`, `timed_start`, `timed_end`, `cms_workflow`, `cms_created`, `cms_modified`, `cms_modified_by_user`) VALUES
(2,	3,	1,	'code_caller',	2,	0,	NULL,	NULL,	0,	'2013-07-24 09:41:17',	'2013-07-24 09:41:17',	0),
(5,	1,	1,	'text',	1,	0,	NULL,	NULL,	0,	'2014-08-11 21:36:54',	'2014-08-11 21:36:54',	5),
(20,	1,	2,	'code_caller',	4,	9,	'0000-00-00 00:00:00',	'0000-00-00 00:00:00',	0,	'2014-09-10 23:13:40',	'2014-09-10 23:13:40',	5),
(22,	1,	5,	'body_image',	4,	10,	NULL,	NULL,	0,	'2014-11-24 20:51:50',	'2014-11-24 20:51:50',	5),
(24,	7,	5,	'body_image',	6,	16,	'0000-00-00 00:00:00',	'0000-00-00 00:00:00',	0,	'2014-11-24 21:02:06',	'2014-11-24 21:02:06',	5),
(37,	1,	2,	'text',	11,	11,	'0000-00-00 00:00:00',	'0000-00-00 00:00:00',	0,	'2014-11-25 00:01:25',	'2014-11-25 00:01:25',	5),
(38,	8,	1,	'text',	12,	0,	'2015-02-02 19:00:00',	'0000-00-00 00:00:00',	0,	'2014-11-25 20:34:29',	'2014-11-25 20:34:29',	5),
(39,	1,	6,	'banner',	1,	12,	NULL,	NULL,	0,	'2015-08-05 20:28:53',	'2015-08-05 20:28:53',	7),
(40,	1,	7,	'sample',	1,	13,	NULL,	NULL,	0,	'2015-08-05 20:47:26',	'2015-08-05 20:47:26',	7),
(43,	1,	9,	'half_block',	1,	3,	NULL,	NULL,	0,	'2015-08-05 22:21:27',	'2015-08-05 22:21:27',	7),
(50,	26,	17,	'three_column',	2,	3,	NULL,	NULL,	0,	'2015-08-06 20:43:55',	'2015-08-06 20:43:55',	7),
(55,	1,	8,	'quick_links',	1,	4,	NULL,	NULL,	0,	'2015-08-28 17:17:49',	'2015-08-28 17:17:49',	7),
(58,	42,	1,	'bio',	5,	1,	NULL,	NULL,	0,	'2015-08-28 20:11:33',	'2015-08-28 20:11:33',	7),
(62,	42,	1,	'bio',	9,	6,	NULL,	NULL,	0,	'2015-08-28 20:23:57',	'2015-08-28 20:23:57',	7),
(67,	27,	1,	'text',	16,	0,	NULL,	NULL,	0,	'2015-08-28 21:15:44',	'2015-08-28 21:15:44',	7),
(68,	29,	1,	'text',	17,	0,	NULL,	NULL,	0,	'2015-08-28 21:19:49',	'2015-08-28 21:19:49',	7),
(70,	29,	1,	'collapsible',	1,	2,	NULL,	NULL,	0,	'2015-08-31 22:11:52',	'2015-08-31 22:11:52',	7),
(72,	29,	1,	'collapsible',	3,	5,	NULL,	NULL,	0,	'2015-08-31 22:12:45',	'2015-08-31 22:12:45',	7),
(73,	29,	1,	'collapsible',	4,	4,	NULL,	NULL,	0,	'2015-08-31 22:13:07',	'2015-08-31 22:13:07',	7),
(80,	44,	1,	'partner',	1,	0,	'0000-00-00 00:00:00',	'0000-00-00 00:00:00',	0,	'2015-09-01 19:47:08',	'2015-09-01 19:47:08',	7),
(81,	44,	1,	'partner',	2,	6,	'0000-00-00 00:00:00',	'0000-00-00 00:00:00',	0,	'2015-09-01 19:59:34',	'2015-09-01 19:59:34',	7),
(82,	44,	1,	'partner',	3,	7,	'0000-00-00 00:00:00',	'0000-00-00 00:00:00',	0,	'2015-09-01 19:59:59',	'2015-09-01 19:59:59',	7),
(84,	44,	1,	'square',	1,	3,	NULL,	NULL,	0,	'2015-09-01 22:04:32',	'2015-09-01 22:04:32',	7),
(86,	44,	1,	'square',	4,	8,	NULL,	NULL,	0,	'2015-09-02 16:26:02',	'2015-09-02 16:26:02',	7),
(100,	28,	1,	'text',	21,	0,	NULL,	NULL,	0,	'2015-09-17 21:03:51',	'2015-09-17 21:03:51',	7),
(120,	31,	30,	'collapsible',	18,	24,	NULL,	NULL,	0,	'2015-09-22 22:34:02',	'2015-09-22 22:34:02',	7),
(124,	31,	30,	'collapsible',	22,	12,	NULL,	NULL,	0,	'2015-09-22 22:39:21',	'2015-09-22 22:39:21',	7),
(130,	31,	30,	'collapsible',	28,	19,	NULL,	NULL,	0,	'2015-09-22 22:54:08',	'2015-09-22 22:54:08',	7),
(132,	31,	30,	'collapsible',	30,	16,	NULL,	NULL,	0,	'2015-09-22 23:03:38',	'2015-09-22 23:03:38',	7),
(133,	31,	30,	'collapsible',	31,	17,	NULL,	NULL,	0,	'2015-09-22 23:04:28',	'2015-09-22 23:04:28',	7),
(140,	51,	1,	'text',	25,	0,	NULL,	NULL,	0,	'2015-09-28 17:34:03',	'2015-09-28 17:34:03',	7),
(141,	40,	29,	'text',	13,	0,	NULL,	NULL,	0,	'2015-09-28 17:52:12',	'2015-09-28 17:52:12',	7),
(143,	8,	1,	'text',	18,	0,	NULL,	NULL,	0,	'2015-09-28 18:12:59',	'2015-09-28 18:12:59',	7),
(153,	44,	1,	'text',	27,	1,	NULL,	NULL,	0,	'2015-10-02 06:10:52',	'2015-10-02 06:10:52',	2),
(158,	30,	5,	'banner',	4,	0,	NULL,	NULL,	0,	'2015-10-02 16:05:08',	'2015-10-02 16:05:08',	7),
(170,	52,	1,	'text',	28,	3,	NULL,	NULL,	0,	'2015-10-02 18:00:10',	'2015-10-02 18:00:10',	7),
(174,	29,	5,	'banner',	7,	1,	NULL,	NULL,	0,	'2015-10-07 21:34:22',	'2015-10-07 21:34:22',	7),
(175,	31,	31,	'banner',	8,	23,	NULL,	NULL,	0,	'2015-10-07 21:34:56',	'2015-10-07 21:34:56',	7),
(177,	40,	31,	'banner',	10,	5,	NULL,	NULL,	0,	'2015-10-07 21:36:10',	'2015-10-07 21:36:10',	7),
(178,	42,	5,	'banner',	11,	0,	NULL,	NULL,	0,	'2015-10-07 21:36:48',	'2015-10-07 21:36:48',	7),
(179,	44,	5,	'banner',	12,	5,	NULL,	NULL,	0,	'2015-10-07 21:37:11',	'2015-10-07 21:37:11',	7),
(180,	52,	5,	'banner',	13,	0,	NULL,	NULL,	0,	'2015-10-07 21:37:35',	'2015-10-07 21:37:35',	7),
(181,	8,	5,	'banner',	14,	0,	NULL,	NULL,	0,	'2015-10-07 21:38:02',	'2015-10-07 21:38:02',	7),
(185,	26,	18,	'text',	29,	1,	NULL,	NULL,	0,	'2015-10-07 22:22:20',	'2015-10-07 22:22:20',	7),
(186,	1,	19,	'text',	30,	5,	NULL,	NULL,	0,	'2015-10-07 22:59:15',	'2015-10-07 22:59:15',	7),
(191,	51,	5,	'banner',	12,	0,	NULL,	NULL,	0,	'2015-10-13 15:37:05',	'2015-10-13 15:37:05',	7),
(192,	50,	5,	'banner',	6,	0,	NULL,	NULL,	0,	'2015-10-13 15:37:20',	'2015-10-13 15:37:20',	7),
(193,	4,	5,	'banner',	5,	0,	NULL,	NULL,	0,	'2015-10-13 15:37:42',	'2015-10-13 15:37:42',	7),
(194,	30,	5,	'banner',	8,	0,	NULL,	NULL,	0,	'2015-10-19 21:52:47',	'2015-10-19 21:52:47',	7),
(202,	50,	1,	'code_caller',	1,	0,	NULL,	NULL,	0,	'2015-10-22 15:46:42',	'2015-10-22 15:46:42',	7),
(208,	52,	1,	'text',	31,	1,	NULL,	NULL,	0,	'2015-10-27 20:34:30',	'2015-10-27 20:34:30',	8),
(214,	52,	1,	'text',	34,	4,	NULL,	NULL,	0,	'2015-10-27 21:26:51',	'2015-10-27 21:26:51',	8),
(218,	43,	1,	'text',	35,	0,	NULL,	NULL,	0,	'2015-10-28 19:04:56',	'2015-10-28 19:04:56',	8),
(240,	55,	1,	'text',	36,	0,	NULL,	NULL,	0,	'2016-01-20 03:37:07',	'2016-01-20 03:37:07',	7),
(241,	55,	5,	'banner',	8,	0,	NULL,	NULL,	0,	'2016-01-20 03:37:25',	'2016-01-20 03:37:25',	7),
(242,	48,	1,	'code_caller',	11,	0,	NULL,	NULL,	0,	'2016-01-20 16:39:06',	'2016-01-20 16:39:06',	7),
(249,	31,	30,	'collapsible',	50,	4,	NULL,	NULL,	0,	'2016-02-11 22:34:56',	'2016-02-11 22:34:56',	8),
(254,	54,	16,	'banner',	15,	0,	NULL,	NULL,	0,	'2016-03-24 18:07:38',	'2016-03-24 18:07:38',	7),
(255,	54,	18,	'text',	37,	1,	NULL,	NULL,	0,	'2016-03-24 18:13:15',	'2016-03-24 18:13:15',	7),
(256,	54,	17,	'three_column',	7,	3,	NULL,	NULL,	0,	'2016-03-24 20:36:53',	'2016-03-24 20:36:53',	7),
(260,	56,	20,	'banner',	16,	0,	NULL,	NULL,	0,	'2016-03-24 21:32:54',	'2016-03-24 21:32:54',	7),
(262,	56,	24,	'text',	38,	1,	NULL,	NULL,	0,	'2016-03-24 21:37:04',	'2016-03-24 21:37:04',	7),
(263,	57,	1,	'text',	39,	0,	NULL,	NULL,	0,	'2016-03-28 17:10:44',	'2016-03-28 17:10:44',	7),
(272,	59,	1,	'text',	42,	0,	NULL,	NULL,	0,	'2016-04-13 17:42:48',	'2016-04-13 17:42:48',	2),
(274,	31,	30,	'collapsible',	52,	25,	NULL,	NULL,	0,	'2016-04-19 00:09:18',	'2016-04-19 00:09:18',	8),
(286,	42,	1,	'bio',	17,	4,	NULL,	NULL,	0,	'2016-07-05 19:33:44',	'2016-07-05 19:33:44',	2),
(288,	60,	18,	'text',	43,	0,	NULL,	NULL,	0,	'2016-10-15 02:43:36',	'2016-10-15 02:43:36',	2),
(289,	60,	17,	'three_column',	8,	2,	NULL,	NULL,	0,	'2016-10-15 03:02:51',	'2016-10-15 03:02:51',	2),
(291,	62,	1,	'text',	44,	0,	NULL,	NULL,	0,	'2016-10-15 03:52:08',	'2016-10-15 03:52:08',	2),
(294,	61,	1,	'text',	45,	1,	NULL,	NULL,	0,	'2016-10-19 17:33:56',	'2016-10-19 17:33:56',	2),
(295,	61,	1,	'body_image',	48,	2,	NULL,	NULL,	0,	'2016-10-19 17:40:20',	'2016-10-19 17:40:20',	2),
(296,	61,	1,	'body_image',	49,	3,	NULL,	NULL,	0,	'2016-10-19 17:44:36',	'2016-10-19 17:44:36',	2),
(297,	61,	1,	'body_image',	50,	4,	NULL,	NULL,	0,	'2016-10-19 17:46:04',	'2016-10-19 17:46:04',	2),
(298,	61,	1,	'text',	46,	8,	NULL,	NULL,	0,	'2016-10-19 17:49:58',	'2016-10-19 17:49:58',	2),
(305,	60,	16,	'banner',	17,	3,	NULL,	NULL,	0,	'2016-10-20 20:01:17',	'2016-10-20 20:01:17',	2),
(315,	64,	1,	'collapsible',	68,	0,	NULL,	NULL,	0,	'2017-04-10 17:59:18',	'2017-04-10 17:59:18',	5),
(328,	70,	1,	'text',	51,	0,	NULL,	NULL,	0,	'2017-08-24 16:40:14',	'2017-08-24 16:40:14',	2),
(329,	70,	5,	'banner',	8,	0,	NULL,	NULL,	0,	'2017-08-24 16:41:21',	'2017-08-24 16:41:21',	2),
(333,	31,	30,	'collapsible',	73,	14,	NULL,	NULL,	0,	'2017-09-05 22:06:51',	'2017-09-05 22:06:51',	10),
(334,	31,	30,	'collapsible',	74,	21,	NULL,	NULL,	0,	'2017-09-05 22:09:30',	'2017-09-05 22:09:30',	10),
(338,	44,	1,	'square',	8,	2,	NULL,	NULL,	0,	'2017-10-10 21:00:06',	'2017-10-10 21:00:06',	10),
(341,	31,	30,	'collapsible',	77,	10,	NULL,	NULL,	0,	'2017-10-31 12:28:56',	'2017-10-31 12:28:56',	10),
(350,	31,	30,	'collapsible',	80,	13,	NULL,	NULL,	0,	'2017-11-21 21:20:15',	'2017-11-21 21:20:15',	10),
(359,	72,	1,	'collapsible',	82,	2,	NULL,	NULL,	0,	'2017-11-22 11:52:39',	'2017-11-22 11:52:39',	10),
(360,	72,	1,	'collapsible',	83,	3,	'0000-00-00 00:00:00',	'0000-00-00 00:00:00',	0,	'2017-11-22 11:53:35',	'2017-11-22 11:53:35',	10),
(361,	72,	1,	'collapsible',	84,	4,	'0000-00-00 00:00:00',	'0000-00-00 00:00:00',	0,	'2017-11-22 11:54:05',	'2017-11-22 11:54:05',	10),
(362,	72,	1,	'collapsible',	85,	5,	NULL,	NULL,	0,	'2017-11-22 11:54:29',	'2017-11-22 11:54:29',	10),
(363,	72,	1,	'collapsible',	86,	6,	'0000-00-00 00:00:00',	'0000-00-00 00:00:00',	0,	'2017-11-22 11:55:02',	'2017-11-22 11:55:02',	10),
(369,	31,	30,	'collapsible',	5,	9,	NULL,	NULL,	0,	'2017-12-08 12:37:48',	'2017-12-08 12:37:48',	10),
(370,	31,	30,	'collapsible',	8,	2,	NULL,	NULL,	0,	'2017-12-08 12:39:13',	'2017-12-08 12:39:13',	10),
(371,	31,	30,	'collapsible',	9,	22,	NULL,	NULL,	0,	'2017-12-08 12:40:14',	'2017-12-08 12:40:14',	10),
(375,	31,	30,	'collapsible',	92,	18,	NULL,	NULL,	0,	'2017-12-10 11:08:36',	'2017-12-10 11:08:36',	10),
(376,	31,	30,	'collapsible',	93,	7,	NULL,	NULL,	0,	'2017-12-10 11:26:29',	'2017-12-10 11:26:29',	10),
(383,	31,	30,	'collapsible',	99,	20,	NULL,	NULL,	0,	'2018-01-30 14:38:04',	'2018-01-30 14:38:04',	10),
(384,	31,	30,	'collapsible',	100,	11,	NULL,	NULL,	0,	'2018-01-30 14:42:20',	'2018-01-30 14:42:20',	10),
(392,	73,	1,	'bio',	29,	0,	NULL,	NULL,	0,	'2018-03-08 13:49:22',	'2018-03-08 13:49:22',	10),
(398,	1,	25,	'home_bubble',	3,	7,	NULL,	NULL,	0,	'2018-07-17 21:32:51',	'2018-07-17 21:32:51',	11),
(399,	1,	25,	'home_bubble',	4,	8,	NULL,	NULL,	0,	'2018-07-17 21:32:51',	'2018-07-17 21:32:51',	11),
(400,	1,	25,	'home_bubble',	2,	6,	NULL,	NULL,	0,	'2018-07-17 21:32:51',	'2018-07-17 21:32:51',	11),
(404,	40,	28,	'home_bubble',	9,	10,	NULL,	NULL,	0,	'2018-07-19 16:01:19',	'2018-07-19 16:01:19',	11),
(405,	40,	28,	'home_bubble',	6,	7,	NULL,	NULL,	0,	'2018-07-19 16:01:19',	'2018-07-19 16:01:19',	11),
(406,	40,	28,	'home_bubble',	7,	8,	NULL,	NULL,	0,	'2018-07-19 16:01:19',	'2018-07-19 16:01:19',	11),
(407,	40,	28,	'home_bubble',	5,	6,	NULL,	NULL,	0,	'2018-07-19 16:01:19',	'2018-07-19 16:01:19',	11),
(408,	40,	28,	'home_bubble',	8,	9,	NULL,	NULL,	0,	'2018-07-19 16:01:19',	'2018-07-19 16:01:19',	11),
(409,	40,	28,	'home_bubble',	10,	11,	NULL,	NULL,	0,	'2018-07-19 16:03:17',	'2018-07-19 16:03:17',	11),
(411,	40,	28,	'bubble_link',	6,	2,	NULL,	NULL,	0,	'2018-07-19 16:28:17',	'2018-07-19 16:28:17',	11),
(413,	40,	28,	'bubble_link',	5,	1,	NULL,	NULL,	0,	'2018-07-19 16:28:17',	'2018-07-19 16:28:17',	11),
(415,	40,	28,	'bubble_link',	8,	4,	NULL,	NULL,	0,	'2018-07-19 16:28:17',	'2018-07-19 16:28:17',	11),
(416,	1,	25,	'bubble_link',	3,	14,	NULL,	NULL,	0,	'2018-07-19 16:28:44',	'2018-07-19 16:28:44',	11),
(417,	1,	25,	'bubble_link',	4,	2,	NULL,	NULL,	0,	'2018-07-19 16:28:44',	'2018-07-19 16:28:44',	11),
(418,	1,	25,	'bubble_link',	2,	1,	NULL,	NULL,	0,	'2018-07-19 16:28:44',	'2018-07-19 16:28:44',	11),
(525,	31,	29,	'text',	56,	1,	NULL,	NULL,	0,	'2018-07-19 20:34:28',	'2018-07-19 20:34:28',	11),
(527,	31,	30,	'body_image',	71,	0,	NULL,	NULL,	0,	'2018-07-19 20:44:48',	'2018-07-19 20:44:48',	11),
(528,	56,	21,	'bubble_link',	11,	4,	NULL,	NULL,	0,	'2018-07-20 17:54:31',	'2018-07-20 17:54:31',	11),
(529,	56,	21,	'bubble_link',	12,	3,	NULL,	NULL,	0,	'2018-07-20 17:55:08',	'2018-07-20 17:55:08',	11),
(530,	56,	21,	'bubble_link',	13,	2,	NULL,	NULL,	0,	'2018-07-20 17:55:31',	'2018-07-20 17:55:31',	11),
(531,	72,	5,	'banner',	21,	7,	NULL,	NULL,	0,	'2018-07-25 00:56:36',	'2018-07-25 00:56:36',	2),
(533,	26,	17,	'bubble_link',	14,	0,	NULL,	NULL,	0,	'2018-07-26 18:09:09',	'2018-07-26 18:09:09',	11),
(534,	26,	17,	'bubble_link',	15,	0,	NULL,	NULL,	0,	'2018-07-26 18:09:37',	'2018-07-26 18:09:37',	11),
(535,	26,	17,	'bubble_link',	16,	0,	NULL,	NULL,	0,	'2018-07-26 18:10:21',	'2018-07-26 18:10:21',	11),
(536,	48,	5,	'banner',	23,	0,	NULL,	NULL,	0,	'2018-07-26 23:55:21',	'2018-07-26 23:55:21',	2),
(537,	61,	1,	'collapsible',	106,	5,	NULL,	NULL,	0,	'2018-07-27 22:06:26',	'2018-07-27 22:06:26',	2),
(538,	61,	1,	'collapsible',	107,	6,	NULL,	NULL,	0,	'2018-07-27 22:09:54',	'2018-07-27 22:09:54',	2),
(539,	61,	1,	'collapsible',	108,	7,	'0000-00-00 00:00:00',	'0000-00-00 00:00:00',	0,	'2018-07-27 22:10:21',	'2018-07-27 22:10:21',	2),
(541,	58,	1,	'text',	57,	0,	NULL,	NULL,	0,	'2018-07-30 15:03:20',	'2018-07-30 15:03:20',	11),
(546,	26,	17,	'body_image',	72,	0,	'0000-00-00 00:00:00',	'0000-00-00 00:00:00',	0,	'2018-07-30 16:10:51',	'2018-07-30 16:10:51',	11),
(547,	54,	17,	'body_image',	73,	2,	'0000-00-00 00:00:00',	'0000-00-00 00:00:00',	0,	'2018-07-30 16:11:25',	'2018-07-30 16:11:25',	11),
(548,	60,	17,	'body_image',	74,	1,	'0000-00-00 00:00:00',	'0000-00-00 00:00:00',	0,	'2018-07-30 16:12:03',	'2018-07-30 16:12:03',	11),
(549,	72,	1,	'text',	58,	1,	NULL,	NULL,	0,	'2018-08-01 20:41:39',	'2018-08-01 20:41:39',	11),
(551,	60,	16,	'banner',	5,	0,	NULL,	NULL,	0,	'2018-08-30 18:16:42',	'2018-08-30 18:16:42',	2),
(555,	3,	5,	'banner',	6,	0,	NULL,	NULL,	0,	'2018-08-30 18:27:42',	'2018-08-30 18:27:42',	2),
(560,	31,	30,	'collapsible',	110,	15,	NULL,	NULL,	0,	'2019-01-07 20:16:39',	'2019-01-07 20:16:39',	10),
(561,	31,	30,	'collapsible',	111,	26,	NULL,	NULL,	0,	'2019-01-07 20:22:52',	'2019-01-07 20:22:52',	10),
(562,	31,	30,	'collapsible',	112,	8,	NULL,	NULL,	0,	'2019-01-07 20:30:10',	'2019-01-07 20:30:10',	10),
(566,	64,	1,	'bio',	36,	0,	NULL,	NULL,	0,	'2019-01-15 18:28:22',	'2019-01-15 18:28:22',	4),
(567,	64,	1,	'bio',	10,	0,	NULL,	NULL,	0,	'2019-01-15 18:28:22',	'2019-01-15 18:28:22',	4),
(568,	64,	1,	'bio',	12,	0,	NULL,	NULL,	0,	'2019-01-15 18:28:22',	'2019-01-15 18:28:22',	4),
(569,	31,	30,	'collapsible',	113,	5,	NULL,	NULL,	0,	'2019-01-24 11:35:06',	'2019-01-24 11:35:06',	10),
(578,	7,	12,	'news_item',	29,	15,	NULL,	NULL,	0,	'2019-01-24 15:15:19',	'2019-01-24 15:15:19',	10),
(580,	7,	12,	'news_item',	33,	14,	NULL,	NULL,	0,	'2019-01-24 15:15:57',	'2019-01-24 15:15:57',	10),
(583,	7,	12,	'news_item',	36,	13,	NULL,	NULL,	0,	'2019-01-24 15:16:52',	'2019-01-24 15:16:52',	10),
(586,	7,	12,	'news_item',	43,	12,	NULL,	NULL,	0,	'2019-01-24 15:18:21',	'2019-01-24 15:18:21',	10),
(587,	78,	20,	'banner',	13,	0,	NULL,	NULL,	0,	'2019-01-28 14:10:38',	'2019-01-28 14:10:38',	10),
(588,	78,	21,	'bubble_link',	17,	0,	NULL,	NULL,	0,	'2019-01-28 14:13:35',	'2019-01-28 14:13:35',	10),
(589,	78,	21,	'bubble_link',	18,	0,	NULL,	NULL,	0,	'2019-01-28 14:14:23',	'2019-01-28 14:14:23',	10),
(590,	78,	21,	'bubble_link',	19,	0,	NULL,	NULL,	0,	'2019-01-28 14:15:42',	'2019-01-28 14:15:42',	10),
(591,	78,	24,	'text',	62,	0,	NULL,	NULL,	0,	'2019-01-28 14:16:27',	'2019-01-28 14:16:27',	10),
(593,	7,	12,	'news_item',	44,	10,	NULL,	NULL,	0,	'2019-02-01 09:50:03',	'2019-02-01 09:50:03',	10),
(599,	7,	12,	'news_item',	45,	11,	NULL,	NULL,	0,	'2019-02-24 12:13:48',	'2019-02-24 12:13:48',	10),
(600,	78,	21,	'text',	64,	0,	NULL,	NULL,	0,	'2019-02-27 14:08:26',	'2019-02-27 14:08:26',	10),
(602,	26,	16,	'banner',	27,	0,	'0000-00-00 00:00:00',	'0000-00-00 00:00:00',	0,	'2019-02-27 14:53:31',	'2019-02-27 14:53:31',	10),
(603,	28,	5,	'banner',	28,	0,	'0000-00-00 00:00:00',	'0000-00-00 00:00:00',	0,	'2019-02-27 14:54:10',	'2019-02-27 14:54:10',	10),
(604,	58,	5,	'banner',	28,	0,	NULL,	NULL,	0,	'2019-02-27 14:54:30',	'2019-02-27 14:54:30',	10),
(605,	59,	5,	'banner',	28,	0,	NULL,	NULL,	0,	'2019-02-27 14:54:53',	'2019-02-27 14:54:53',	10),
(606,	62,	5,	'banner',	28,	0,	NULL,	NULL,	0,	'2019-02-27 14:55:13',	'2019-02-27 14:55:13',	10),
(607,	61,	5,	'banner',	5,	0,	NULL,	NULL,	0,	'2019-02-27 14:55:35',	'2019-02-27 14:55:35',	10),
(608,	27,	5,	'banner',	27,	0,	NULL,	NULL,	0,	'2019-02-27 14:56:05',	'2019-02-27 14:56:05',	10),
(609,	57,	5,	'banner',	29,	0,	'0000-00-00 00:00:00',	'0000-00-00 00:00:00',	0,	'2019-02-27 14:57:13',	'2019-02-27 14:57:13',	10),
(610,	43,	5,	'banner',	30,	0,	NULL,	NULL,	0,	'2019-03-05 10:12:21',	'2019-03-05 10:12:21',	10),
(614,	42,	1,	'bio',	39,	2,	NULL,	NULL,	0,	'2019-05-09 18:26:08',	'2019-05-09 18:26:08',	14),
(616,	76,	5,	'banner',	31,	0,	'0000-00-00 00:00:00',	'0000-00-00 00:00:00',	0,	'2019-06-05 20:20:54',	'2019-06-05 20:20:54',	4),
(617,	76,	1,	'bio',	36,	0,	NULL,	NULL,	0,	'2019-06-05 20:21:22',	'2019-06-05 20:21:22',	4),
(619,	76,	1,	'media_element',	451,	0,	'2019-06-06 18:00:00',	'0000-00-00 00:00:00',	0,	'2019-06-05 20:54:49',	'2019-06-05 20:54:49',	4),
(620,	31,	30,	'collapsible',	115,	6,	NULL,	NULL,	0,	'2019-06-07 16:06:32',	'2019-06-07 16:06:32',	14),
(621,	7,	12,	'news_item',	47,	7,	NULL,	NULL,	0,	'2019-07-05 17:29:15',	'2019-07-05 17:29:15',	14),
(622,	7,	12,	'news_item',	48,	0,	NULL,	NULL,	0,	'2019-07-05 20:34:59',	'2019-07-05 20:34:59',	14),
(623,	7,	12,	'news_item',	49,	8,	NULL,	NULL,	0,	'2019-07-05 20:51:04',	'2019-07-05 20:51:04',	14),
(625,	40,	28,	'bubble_link',	22,	0,	'0000-00-00 00:00:00',	'0000-00-00 00:00:00',	0,	'2019-07-05 21:14:32',	'2019-07-05 21:14:32',	14),
(626,	7,	15,	'banner',	33,	6,	'0000-00-00 00:00:00',	'0000-00-00 00:00:00',	0,	'2019-07-05 21:36:06',	'2019-07-05 21:36:06',	14),
(629,	7,	12,	'news_item',	50,	9,	NULL,	NULL,	0,	'2019-09-10 16:34:27',	'2019-09-10 16:34:27',	14),
(630,	44,	1,	'square',	10,	4,	NULL,	NULL,	0,	'2019-09-13 20:43:47',	'2019-09-13 20:43:47',	2),
(632,	31,	30,	'collapsible',	116,	3,	NULL,	NULL,	0,	'2019-10-04 18:44:12',	'2019-10-04 18:44:12',	14),
(633,	7,	14,	'event_block',	48,	2,	NULL,	NULL,	0,	'2019-11-13 18:25:20',	'2019-11-13 18:25:20',	14),
(634,	7,	14,	'event_block',	49,	3,	NULL,	NULL,	0,	'2019-11-13 18:25:58',	'2019-11-13 18:25:58',	14),
(635,	7,	14,	'event_block',	50,	4,	NULL,	NULL,	0,	'2019-11-13 18:27:39',	'2019-11-13 18:27:39',	14),
(636,	7,	14,	'event_block',	51,	5,	NULL,	NULL,	0,	'2019-11-13 18:28:33',	'2019-11-13 18:28:33',	14);

CREATE TABLE `page_mirror` (
  `id` int(11) NOT NULL AUTO_INCREMENT,
  `cms_headline` varchar(255) NOT NULL DEFAULT '',
  `page_id` int(11) NOT NULL DEFAULT '0',
  `cms_active` tinyint(1) NOT NULL DEFAULT '1',
  `cms_deleted` tinyint(1) NOT NULL DEFAULT '0',
  `cms_draft` tinyint(1) NOT NULL DEFAULT '0',
  `cms_created` datetime NOT NULL,
  `cms_modified` datetime NOT NULL,
  `cms_modified_by_user` int(11) NOT NULL DEFAULT '0',
  PRIMARY KEY (`id`),
  KEY `cms_active` (`cms_active`),
  KEY `cms_deleted` (`cms_deleted`)
) ENGINE=InnoDB DEFAULT CHARSET=utf8;


CREATE TABLE `page_template` (
  `id` int(11) NOT NULL AUTO_INCREMENT,
  `template_name` varchar(255) NOT NULL DEFAULT '',
  `template_filename` varchar(255) NOT NULL DEFAULT '',
  `cms_created` datetime NOT NULL,
  `cms_modified` datetime NOT NULL,
  `cms_modified_by_user` int(11) NOT NULL DEFAULT '0',
  PRIMARY KEY (`id`)
) ENGINE=InnoDB DEFAULT CHARSET=utf8;

INSERT INTO `page_template` (`id`, `template_name`, `template_filename`, `cms_created`, `cms_modified`, `cms_modified_by_user`) VALUES
(1,	'Main',	'default',	'2013-07-24 09:41:17',	'2013-07-24 09:41:17',	0),
(3,	'Home',	'home',	'2015-07-15 10:37:21',	'2015-07-15 16:38:38',	7),
(4,	'Landing',	'landing',	'2015-07-16 21:21:57',	'2015-07-16 21:21:57',	7),
(6,	'News',	'news',	'2015-09-22 20:19:35',	'2015-09-22 20:19:35',	7),
(7,	'Hydresia',	'hydresia',	'2015-09-28 15:17:36',	'2015-09-28 21:17:42',	7),
(8,	'Products',	'products',	'2016-03-24 21:27:39',	'2016-03-24 21:27:39',	7),
(9,	'Main - Extended Green',	'big_green',	'2018-07-25 21:49:05',	'2018-07-25 21:49:05',	11);

CREATE TABLE `page_template_containers` (
  `id` int(11) NOT NULL AUTO_INCREMENT,
  `page_template_id` int(11) NOT NULL DEFAULT '0',
  `container_name` varchar(255) NOT NULL DEFAULT '',
  `container_var` varchar(255) NOT NULL DEFAULT '',
  `cms_created` datetime NOT NULL,
  `cms_modified` datetime NOT NULL,
  `cms_modified_by_user` int(11) NOT NULL DEFAULT '0',
  PRIMARY KEY (`id`)
) ENGINE=InnoDB DEFAULT CHARSET=utf8;

INSERT INTO `page_template_containers` (`id`, `page_template_id`, `container_name`, `container_var`, `cms_created`, `cms_modified`, `cms_modified_by_user`) VALUES
(1,	1,	'Main Content',	'MAIN_CONTENT',	'2013-07-24 09:41:17',	'2013-07-24 09:41:17',	0),
(3,	2,	'Main Content',	'MAIN_CONTENT',	'2013-07-24 09:41:17',	'2013-07-24 09:41:17',	0),
(4,	2,	'Sidebar',	'SIDEBAR',	'2013-07-24 09:41:17',	'2013-07-24 09:41:17',	0),
(5,	1,	'Banner',	'BANNER',	'2014-08-14 21:41:45',	'2014-08-14 21:41:45',	5),
(6,	3,	'Banner',	'BANNER',	'2015-08-05 20:25:16',	'2015-08-05 20:25:16',	7),
(7,	3,	'Main Content',	'MAIN_CONTENT',	'2015-08-05 20:39:19',	'2015-08-05 20:39:19',	7),
(8,	3,	'Left Content',	'LEFT_CONTENT',	'2015-08-05 21:40:06',	'2015-08-05 21:40:06',	7),
(9,	3,	'Right Content',	'RIGHT_CONTENT',	'2015-08-05 22:19:03',	'2015-08-05 22:19:03',	7),
(10,	4,	'Banner',	'BANNER',	'2015-08-05 22:45:46',	'2015-08-05 22:45:46',	7),
(11,	4,	'Main Content',	'MAIN_CONTENT',	'2015-08-05 22:46:05',	'2015-08-05 22:46:05',	7),
(12,	6,	'Row 1',	'ROW_1',	'2015-09-22 14:20:26',	'2015-09-22 20:25:59',	7),
(13,	6,	'Row 2',	'ROW_2',	'2015-09-22 20:20:40',	'2015-09-22 20:20:40',	7),
(14,	6,	'Row 3',	'ROW_3',	'2015-09-22 20:20:52',	'2015-09-22 20:20:52',	7),
(15,	6,	'Banner',	'BANNER',	'2015-09-22 20:27:01',	'2015-09-22 20:27:01',	7),
(16,	7,	'Banner',	'BANNER',	'2015-09-28 21:17:57',	'2015-09-28 21:17:57',	7),
(17,	7,	'Main Content',	'MAIN_CONTENT',	'2015-09-28 21:18:11',	'2015-09-28 21:18:11',	7),
(18,	7,	'Intro',	'INTRO',	'2015-10-07 22:20:47',	'2015-10-07 22:20:47',	7),
(19,	3,	'Intro',	'INTRO',	'2015-10-07 22:58:30',	'2015-10-07 22:58:30',	7),
(20,	8,	'Banner',	'BANNER',	'2016-03-24 21:27:50',	'2016-03-24 21:27:50',	7),
(21,	8,	'Main Content',	'MAIN_CONTENT',	'2016-03-24 21:27:59',	'2016-03-24 21:27:59',	7),
(22,	8,	'Left Content',	'LEFT_CONTENT',	'2016-03-24 21:28:14',	'2016-03-24 21:28:14',	7),
(23,	8,	'Right Content',	'RIGHT_CONTENT',	'2016-03-24 21:28:29',	'2016-03-24 21:28:29',	7),
(24,	8,	'Intro',	'INTRO',	'2016-03-24 21:36:21',	'2016-03-24 21:36:21',	7),
(25,	3,	'Bubble Links',	'HOME_BUBBLE',	'2018-07-17 15:30:35',	'2018-07-18 21:47:09',	11),
(26,	1,	'Bubble Links',	'BUBBLE_LINKS',	'2018-07-18 21:44:53',	'2018-07-18 21:44:53',	11),
(27,	1,	'Formulations',	'FORMULATIONS',	'2018-07-19 20:20:50',	'2018-07-19 20:20:50',	11),
(28,	9,	'Bubble Links',	'BUBBLE_LINKS',	'2018-07-25 21:49:20',	'2018-07-25 21:49:20',	11),
(29,	9,	'Main Content',	'MAIN_CONTENT',	'2018-07-25 21:49:36',	'2018-07-25 21:49:36',	11),
(30,	9,	'Formulations',	'FORMULATIONS',	'2018-07-25 21:49:46',	'2018-07-25 21:49:46',	11),
(31,	9,	'Banner',	'BANNER',	'2018-07-25 21:50:10',	'2018-07-25 21:50:10',	11);

CREATE TABLE `permissions` (
  `id` int(11) NOT NULL AUTO_INCREMENT,
  `cms_headline` varchar(255) NOT NULL DEFAULT '',
  `type` varchar(255) NOT NULL DEFAULT '',
  `group_id` int(11) NOT NULL DEFAULT '0',
  `cms_active` tinyint(1) NOT NULL DEFAULT '1',
  `cms_deleted` tinyint(1) NOT NULL DEFAULT '0',
  `cms_created` datetime NOT NULL,
  `cms_modified` datetime NOT NULL,
  `cms_modified_by_user` int(11) NOT NULL DEFAULT '0',
  PRIMARY KEY (`id`)
) ENGINE=InnoDB DEFAULT CHARSET=utf8;


CREATE TABLE `permissions_group` (
  `id` int(11) NOT NULL AUTO_INCREMENT,
  `cms_headline` varchar(255) NOT NULL DEFAULT '',
  `group_name` varchar(255) NOT NULL DEFAULT '',
  `cms_active` tinyint(1) NOT NULL DEFAULT '1',
  `cms_deleted` tinyint(1) NOT NULL DEFAULT '0',
  `cms_created` datetime NOT NULL,
  `cms_modified` datetime NOT NULL,
  `cms_modified_by_user` int(11) NOT NULL DEFAULT '0',
  PRIMARY KEY (`id`)
) ENGINE=InnoDB DEFAULT CHARSET=utf8;


CREATE TABLE `permissions_user_group` (
  `id` int(11) NOT NULL AUTO_INCREMENT,
  `cms_headline` varchar(255) NOT NULL DEFAULT '',
  `group_id` int(11) NOT NULL DEFAULT '0',
  `user_id` int(11) NOT NULL DEFAULT '0',
  `cms_active` tinyint(1) NOT NULL DEFAULT '1',
  `cms_deleted` tinyint(1) NOT NULL DEFAULT '0',
  `cms_created` datetime NOT NULL,
  `cms_modified` datetime NOT NULL,
  `cms_modified_by_user` int(11) NOT NULL DEFAULT '0',
  PRIMARY KEY (`id`)
) ENGINE=InnoDB DEFAULT CHARSET=utf8;


CREATE TABLE `product_square` (
  `id` int(11) NOT NULL AUTO_INCREMENT,
  `cms_headline` varchar(255) NOT NULL DEFAULT '',
  `image` varchar(255) NOT NULL DEFAULT '',
  `title` varchar(255) NOT NULL,
  `link` varchar(255) NOT NULL,
  `cms_active` tinyint(1) NOT NULL DEFAULT '1',
  `cms_deleted` tinyint(1) NOT NULL DEFAULT '0',
  `cms_draft` tinyint(1) NOT NULL DEFAULT '0',
  `cms_created` datetime NOT NULL,
  `cms_modified` datetime NOT NULL,
  `cms_modified_by_user` int(11) NOT NULL DEFAULT '0',
  PRIMARY KEY (`id`),
  KEY `cms_active` (`cms_active`),
  KEY `cms_deleted` (`cms_deleted`)
) ENGINE=InnoDB DEFAULT CHARSET=utf8;

INSERT INTO `product_square` (`id`, `cms_headline`, `image`, `title`, `link`, `cms_active`, `cms_deleted`, `cms_draft`, `cms_created`, `cms_modified`, `cms_modified_by_user`) VALUES
(1,	'Karmyn Square',	'/upload/product_square/1/745acca9db1f/bot-web-products-revised-karmyn.jpg',	'View Product',	'/_page54',	1,	0,	0,	'2016-03-26 19:42:17',	'2017-06-30 18:00:04',	4),
(2,	'Hydresia Square',	'/upload/product_square/2/b40886573419/bot-web-products-revised-hydresia.jpg',	'View Product',	'/_page26',	1,	0,	0,	'2016-03-27 01:42:41',	'2017-06-30 18:00:33',	4),
(3,	'CapSol Square',	'/upload/product_square/3/a5e91926772e/bot-web-products-revised-capsol.jpg',	'View Product',	'/_page60',	1,	0,	0,	'2016-10-19 20:21:35',	'2017-06-30 18:00:57',	4);

CREATE TABLE `quick_links` (
  `id` int(11) NOT NULL AUTO_INCREMENT,
  `cms_headline` varchar(255) NOT NULL DEFAULT '',
  `links` text NOT NULL,
  `cms_active` tinyint(1) NOT NULL DEFAULT '1',
  `cms_deleted` tinyint(1) NOT NULL DEFAULT '0',
  `cms_draft` tinyint(1) NOT NULL DEFAULT '0',
  `cms_created` datetime NOT NULL,
  `cms_modified` datetime NOT NULL,
  `cms_modified_by_user` int(11) NOT NULL DEFAULT '0',
  PRIMARY KEY (`id`),
  KEY `cms_active` (`cms_active`),
  KEY `cms_deleted` (`cms_deleted`)
) ENGINE=InnoDB DEFAULT CHARSET=utf8;

INSERT INTO `quick_links` (`id`, `cms_headline`, `links`, `cms_active`, `cms_deleted`, `cms_draft`, `cms_created`, `cms_modified`, `cms_modified_by_user`) VALUES
(1,	'Home Page Quick Links',	'<ul>\r\n	<li class=\"p1\"><span class=\"s1\"><a href=\"/_page7\">New</a></span><a href=\"/_page7\"><span class=\"s1\">s and Events</span></a></li>\r\n	<li class=\"p1\"><a href=\"/_page31\"><span class=\"s1\">Formulation Showcase</span></a></li>\r\n	<li class=\"p1\"><a href=\"/_page29\">Formulation Support</a></li>\r\n	<li class=\"p1\"><a href=\"/_page28\">Technical Data Sheets</a></li>\r\n	<li class=\"p1\"><a href=\"/_page7\">Botaneco Newsletter</a></li>\r\n	<li class=\"p1\"><a href=\"/_page52\"><span class=\"s1\">Careers</span></a></li>\r\n</ul>\r\n',	1,	0,	0,	'2015-08-25 17:17:49',	'2015-11-23 22:32:33',	8);

CREATE TABLE `redirect` (
  `id` int(11) NOT NULL AUTO_INCREMENT,
  `cms_headline` varchar(255) NOT NULL DEFAULT '',
  `url` varchar(255) NOT NULL DEFAULT '',
  `redirect` varchar(255) NOT NULL DEFAULT '',
  `regex` tinyint(1) NOT NULL DEFAULT '0',
  `count` int(11) NOT NULL DEFAULT '0',
  `cms_active` tinyint(1) NOT NULL DEFAULT '1',
  `cms_deleted` tinyint(1) NOT NULL DEFAULT '0',
  `cms_created` datetime NOT NULL,
  `cms_modified` datetime NOT NULL,
  `cms_modified_by_user` int(11) NOT NULL DEFAULT '0',
  PRIMARY KEY (`id`)
) ENGINE=InnoDB DEFAULT CHARSET=utf8;

INSERT INTO `redirect` (`id`, `cms_headline`, `url`, `redirect`, `regex`, `count`, `cms_active`, `cms_deleted`, `cms_created`, `cms_modified`, `cms_modified_by_user`) VALUES
(1,	'Example Redirect',	'/sample-redirect',	'/hydresia-oleosomes/hydresia-oleosome-technology',	0,	0,	1,	0,	'2015-10-13 22:01:11',	'2015-10-13 22:01:11',	5);

CREATE TABLE `sample` (
  `id` int(11) NOT NULL AUTO_INCREMENT,
  `cms_headline` varchar(255) NOT NULL DEFAULT '',
  `cms_active` tinyint(1) NOT NULL DEFAULT '1',
  `cms_deleted` tinyint(1) NOT NULL DEFAULT '0',
  `cms_draft` tinyint(1) NOT NULL DEFAULT '0',
  `cms_created` datetime NOT NULL,
  `cms_modified` datetime NOT NULL,
  `cms_modified_by_user` int(11) NOT NULL DEFAULT '0',
  PRIMARY KEY (`id`)
) ENGINE=InnoDB DEFAULT CHARSET=utf8;

INSERT INTO `sample` (`id`, `cms_headline`, `cms_active`, `cms_deleted`, `cms_draft`, `cms_created`, `cms_modified`, `cms_modified_by_user`) VALUES
(1,	'Request Sample Bar',	1,	0,	0,	'2015-08-05 14:47:26',	'2018-02-26 17:57:46',	10),
(2,	'Sample Request',	1,	1,	0,	'2018-02-26 04:50:42',	'2018-02-26 18:51:13',	10);

CREATE TABLE `schema_migrations` (
  `version` varchar(255) NOT NULL,
  UNIQUE KEY `unique_schema_migrations` (`version`)
) ENGINE=InnoDB DEFAULT CHARSET=utf8;

INSERT INTO `schema_migrations` (`version`) VALUES
('0');

CREATE TABLE `smarty_cache` (
  `cache_id` int(11) NOT NULL AUTO_INCREMENT,
  `cache_contents` mediumtext NOT NULL,
  PRIMARY KEY (`cache_id`)
) ENGINE=InnoDB DEFAULT CHARSET=utf8;


CREATE TABLE `square` (
  `id` int(11) NOT NULL AUTO_INCREMENT,
  `cms_headline` varchar(255) NOT NULL DEFAULT '',
  `title` varchar(255) NOT NULL DEFAULT '',
  `image` varchar(255) NOT NULL DEFAULT '',
  `content` text NOT NULL,
  `cms_active` tinyint(1) NOT NULL DEFAULT '1',
  `cms_deleted` tinyint(1) NOT NULL DEFAULT '0',
  `cms_draft` tinyint(1) NOT NULL DEFAULT '0',
  `cms_created` datetime NOT NULL,
  `cms_modified` datetime NOT NULL,
  `cms_modified_by_user` int(11) NOT NULL DEFAULT '0',
  PRIMARY KEY (`id`),
  KEY `cms_active` (`cms_active`),
  KEY `cms_deleted` (`cms_deleted`)
) ENGINE=InnoDB DEFAULT CHARSET=utf8;

INSERT INTO `square` (`id`, `cms_headline`, `title`, `image`, `content`, `cms_active`, `cms_deleted`, `cms_draft`, `cms_created`, `cms_modified`, `cms_modified_by_user`) VALUES
(1,	'South Korea',	'South Korea',	'/upload/square/1/420bbcf48c3d/bot_web_graphics_partners_v1_janson_lee.png',	'<p><strong>Jansonlee Contact: </strong><br />\r\n<a href=\"mailto:jslcorp@hotmail.com\">Sales</a></p>\r\n',	1,	0,	0,	'2015-08-31 01:47:07',	'2019-09-13 20:40:58',	2),
(2,	'ROSS Organics',	'Western USA <br> and Texas',	'/upload/square/2/7a27fa6881b4/ross-organics.jpg',	'<p><strong>ROSS Organics&nbsp;</strong><br />\r\nContact: <a href=\"mailto:dzehner@rossorg.com\">Darrell Zehner</a></p>\r\n',	1,	0,	0,	'2015-08-30 19:59:34',	'2018-07-25 22:12:22',	2),
(3,	'Blue Sun International',	'South East USA',	'/upload/square/3/cf8ea34f2a77/sun.jpg',	'<p><strong>Blue Sun International</strong><br />\r\nKey Contact &ndash;&nbsp;<a href=\"mailto:valvarez@bluesun-international.com\" target=\"_blank\">Victor Alvarez</a></p>\r\n',	1,	0,	0,	'2015-08-31 13:59:59',	'2015-09-02 16:56:20',	7),
(4,	'Australia & New Zealand',	'Australia and <br> New Zealand',	'/upload/square/4/ed21175e9839/image-19.png',	'<p><strong>Harrison Contacts:</strong><br />\r\nAustralia:<a href=\"mailto:annis.won@harrison.com.au\"> Annis Won</a><br />\r\nNew Zealand:<a href=\"mailto:Jaime.wallace@asharrison.com\"> Jaime Wallace</a></p>\r\n',	1,	0,	0,	'2015-08-26 16:26:02',	'2019-09-17 20:42:35',	4),
(5,	'JansonLee Corporation',	'Korea',	'/upload/square/5/e74a7b879624/harrison-group-logo.jpg',	'<p><strong>JansonLee Corporation</strong><br />\r\nKey Contact &ndash;&nbsp;<a href=\"mailto:jslcorp@hotmail.com\" target=\"_blank\">Mr.Kim</a>&nbsp;</p>\r\n',	1,	0,	0,	'2015-09-02 04:27:26',	'2015-09-02 16:57:35',	7),
(6,	'Dinaco SA',	'Brazil',	'/upload/square/6/93307bbf0b1a/dinaco.jpg',	'<p><strong>Dinaco SA&nbsp;</strong><br />\r\nKey Contact &ndash;&nbsp;<a href=\"mailto:Wilza.teles@dinaco-sa.com.br\">Wilza Teres</a></p>\r\n',	1,	0,	0,	'2015-09-02 10:28:17',	'2015-09-02 16:57:43',	7),
(7,	'Axiom Ingredients',	'Eastern USA',	'/upload/square/7/0fc9dc21148a/axion.jpg',	'<p><strong>Axiom Ingredients&nbsp;</strong><br />\r\nKey Contact &ndash;&nbsp;<a href=\"mailto:mdesantis@axiomingredients.com\" target=\"_blank\">Michael DeSantis</a></p>\r\n',	1,	0,	0,	'2015-09-02 10:29:46',	'2015-09-02 16:57:14',	7),
(8,	'USA',	'U.S. Specialty',	'/upload/square/8/85cf1fa011cd/img_5973.png',	'<p><strong>Ross Organic Contact:</strong><br />\r\n<a href=\"http://www.rossorg.com/\" target=\"_blank\">Sales</a></p>\r\n',	1,	0,	0,	'2017-10-05 15:00:05',	'2021-04-28 19:40:49',	4),
(9,	'Download Our Sustainability Policy ',	'',	'',	'<p><span class=\"center-btn\">Download our sustainability Policy</span></p>\r\n',	1,	0,	0,	'2017-11-22 12:01:46',	'2017-11-22 12:01:46',	10),
(10,	'Italy',	'Italy',	'/upload/square/10/17337fa06283/bot_web_graphics_partners_v1_omnichem.png',	'<p><strong>Omnichem Contact:</strong><br />\r\n<a href=\"mailto:alessandro.piromalli@omnichem.it\">Alessandro Piromalli</a><br />\r\nPhone: +39 (0) 773 1711033</p>\r\n',	1,	0,	0,	'2019-09-13 14:43:14',	'2019-09-17 20:27:35',	4);

CREATE TABLE `test_sample` (
  `id` int(11) unsigned NOT NULL AUTO_INCREMENT,
  `cms_headline` varchar(255) NOT NULL DEFAULT '',
  `the_varchar` varchar(255) NOT NULL,
  `the_text` text,
  `the_blob` blob NOT NULL,
  `the_tinyint` tinyint(1) NOT NULL,
  `the_int` int(11) NOT NULL,
  `the_float` float NOT NULL,
  `the_datetime` datetime NOT NULL,
  `the_date` date NOT NULL,
  `the_time` time NOT NULL,
  `the_year` year(4) NOT NULL,
  `cms_active` tinyint(1) NOT NULL DEFAULT '1',
  `cms_deleted` tinyint(1) NOT NULL DEFAULT '0',
  `cms_draft` tinyint(1) NOT NULL DEFAULT '0',
  `cms_created` datetime NOT NULL DEFAULT '0000-00-00 00:00:00',
  `cms_modified` datetime NOT NULL DEFAULT '0000-00-00 00:00:00',
  `cms_modified_by_user` int(11) unsigned NOT NULL DEFAULT '0',
  PRIMARY KEY (`id`)
) ENGINE=InnoDB DEFAULT CHARSET=utf8;


CREATE TABLE `text` (
  `id` int(11) NOT NULL AUTO_INCREMENT,
  `cms_headline` varchar(255) NOT NULL DEFAULT '',
  `content` text,
  `style_class` int(11) NOT NULL DEFAULT '0',
  `cms_active` tinyint(1) NOT NULL DEFAULT '1',
  `cms_deleted` tinyint(1) NOT NULL DEFAULT '0',
  `cms_draft` tinyint(1) NOT NULL DEFAULT '0',
  `cms_created` datetime NOT NULL,
  `cms_modified` datetime NOT NULL,
  `cms_modified_by_user` int(11) NOT NULL DEFAULT '0',
  PRIMARY KEY (`id`)
) ENGINE=InnoDB DEFAULT CHARSET=utf8;

INSERT INTO `text` (`id`, `cms_headline`, `content`, `style_class`, `cms_active`, `cms_deleted`, `cms_draft`, `cms_created`, `cms_modified`, `cms_modified_by_user`) VALUES
(1,	'Intro',	'<h1>About nterchange</h1>\r\n\r\n<p>nterchange is an open source&nbsp;Content Management System(CMS) designed for ease-of-use and reliability. The official slogan is:</p>\r\n\r\n<p><strong>Content Management that gets out of your way</strong></p>\r\n\r\n<p><a href=\"http://nonfiction.ca\"><img alt=\"\" src=\"http://www.nonfiction.ca/images/logo.png\" style=\"width: 120px; float: right; height: 24px; border-width: 1px; border-style: solid; padding: 15px;\" /></a>nterchange was developed internally at <a href=\"http://nonfiction.ca\">nonfiction studios</a>&nbsp;and remains in active development. Some of the core features are:</p>\r\n\r\n<ul>\r\n	<li>WYSIWYG <a href=\"/nterchange/text/edit/1\">text editing</a></li>\r\n	<li>Edit the&nbsp;<a href=\"/nterchange/site_admin\">site structure and navigation</a> with ease</li>\r\n	<li>Timed content allows&nbsp;showing and hiding of any piece of content at scheduled times</li>\r\n	<li><a href=\"/nterchange/audit_trail/viewlist\">Audit trail</a> and <a href=\"/nterchange/text/edit/1?page_content_id=5&amp;_referer=%2Fnterchange%2Fpage%2Fcontent%2F1\">versioning</a> ensures that you can always undo your changes</li>\r\n	<li>Very extensible. <a href=\"/nterchange/content/list_assets\">Custom content types</a> are easily added to suit&nbsp;your business, whether that be news releases, blog posts, or products for sale, we can make it happen</li>\r\n</ul>\r\n',	0,	1,	0,	0,	'2014-08-09 03:36:54',	'2014-11-25 00:09:44',	5),
(2,	'About',	'<h2>About Us</h2>\r\n\r\n<p>This page provides a quick demonstration of custom assets. The items below are all &#39;Bio&#39; assets, which consist of a name, thumbnail image, and short description. Many such assets may be developed for a particular site depending on the requirements.</p>\r\n\r\n<p>Just like the built in content types such as text and images, these custom assets can be re-ordered, assigned to multiple pages or added to the header or footer, depending on the requirements.</p>\r\n',	0,	1,	0,	0,	'2014-08-09 22:17:02',	'2014-11-24 23:58:14',	5),
(3,	'About - Title',	'<h2>About</h2>\r\n',	0,	1,	0,	0,	'2014-08-11 22:59:36',	'2014-08-11 22:59:36',	5),
(4,	'News - Intro',	'<h1>News</h1>\r\n\r\n<p>This is a sample page with dynamic content. The news items can be <a href=\"/nterchange/news_item/viewlist\">managed here</a>, and they will be automatically pulled in on this page, the home page sidebar, and anywhere else required.</p>\r\n',	0,	1,	0,	0,	'2014-08-10 18:42:10',	'2014-11-24 23:13:01',	5),
(5,	'Tours Title',	'<h2>Tour Information</h2>',	0,	1,	1,	0,	'2014-08-12 00:42:50',	'2014-08-12 00:42:50',	5),
(6,	'Contact Title',	'<h2>How to reach us</h2>\r\n',	0,	1,	0,	0,	'2014-08-12 00:43:38',	'2014-08-12 00:43:38',	5),
(7,	'Contact',	'<p><span class=\"green\">If you have inquiries regarding schedules, booking tours or any other concerns, please contact us by phone, email or the form to the right:</span></p>\r\n\r\n<p><span class=\"green\"><strong>email</strong></span>&nbsp;<a href=\"mailto:info@vineandhops.ca\">info@vineandhops.ca</a></p>\r\n\r\n<p><span class=\"green\"><strong>address</strong></span>&nbsp;2426 w5th Ave, Vancouver, BC</p>\r\n\r\n<p><span class=\"green\"><strong>phone</strong></span>&nbsp;604-779-WINE (9463)</p>\r\n\r\n<p>&nbsp;&nbsp;</p>\r\n',	2,	1,	0,	0,	'2014-08-11 18:45:06',	'2014-08-13 22:55:46',	5),
(8,	'Contact Form',	'<p>{{contact_form}}</p>\r\n',	2,	1,	0,	0,	'2014-08-10 06:55:46',	'2014-11-24 23:15:43',	5),
(9,	'Contact Us',	'<h1>Contact Us</h1>\r\n\r\n<h3>Head Office</h3>\r\n\r\n<p>1234 Fake Street<br />\r\nCalgary, AB<br />\r\nT1T 1T1</p>\r\n\r\n<p><strong>Phone:</strong> 403.555.1234<br />\r\n<strong>Fax:</strong> 403.555.1234</p>\r\n\r\n<h3>Field Office</h3>\r\n\r\n<p>1234 Fake Street<br />\r\nCalgary, AB<br />\r\nT1T 1T1</p>\r\n\r\n<hr />\r\n<p><span style=\"line-height: 1.375em;\">Please fill out the form below to stay up to date on the latest news and information.</span></p>\r\n\r\n<p>{{contact_form}}</p>\r\n',	0,	1,	0,	0,	'2014-11-23 05:14:53',	'2014-11-24 23:23:09',	5),
(10,	'Quick Links',	'<ul>\r\n	<li><strong>Quick Links</strong></li>\r\n	<li><a href=\"https://www.google.ca\">Google</a></li>\r\n	<li><a href=\"http://www.bing.com\">Bing</a></li>\r\n	<li><a href=\"http://en.wikipedia.org\">Wikipedia</a></li>\r\n</ul>\r\n',	0,	1,	0,	0,	'2014-11-24 02:28:05',	'2014-11-24 23:35:24',	5),
(11,	'Link to News Page',	'<ul>\r\n	<li><a href=\"/_page7\">View all News</a></li>\r\n</ul>\r\n',	0,	1,	0,	0,	'2014-11-25 00:01:25',	'2014-11-25 00:01:25',	5),
(12,	'Time-sensitive Announcement',	'<p>This is a time-sensitive announcement. Adjust the&nbsp;&quot;Timed Start&quot; to control when it will be displayed.</p>',	0,	1,	1,	0,	'2014-11-25 20:34:29',	'2014-11-25 20:34:29',	5),
(13,	'Our Story Text Block',	'<p>Botaneco<span lang=\"EN-US\" style=\"line-height: 107%; font-family: &quot;Arial&quot;,sans-serif; font-size: 12pt; mso-bidi-font-size: 11.0pt; mso-fareast-font-family: Arial; mso-ansi-language: EN-US; mso-fareast-language: EN-US; mso-bidi-language: AR-SA;\"><strong>&reg;</strong></span> Inc. is an innovative, solutions-focused natural ingredient manufacturer with novel plant-based separation and purification technology for food, feed, and personal care.</p>\r\n\r\n<p>From our head office and production facility in Calgary, Alberta our reach extends from safflower and canola fields to research and testing labs, and into products of leading health and beauty brands the world over.</p>\r\n\r\n<p>Botaneco<span lang=\"EN-US\" style=\"line-height: 107%; font-family: &quot;Arial&quot;,sans-serif; font-size: 12pt; mso-bidi-font-size: 11.0pt; mso-fareast-font-family: Arial; mso-ansi-language: EN-US; mso-fareast-language: EN-US; mso-bidi-language: AR-SA;\"><strong>&reg;</strong></span> is committed to innovating solutions to improve the natural performance of our customer&rsquo;s products, ultimately bringing greater value and benefit to the people who use them.</p>\r\n',	0,	1,	0,	0,	'2015-08-26 11:47:52',	'2019-01-28 14:22:59',	10),
(14,	'Our Mission',	'<h1>mission</h1>\r\n\r\n<p>Through a sustainable process, we isolate natural, multifunctional ingredients from oilseeds that enhance the performance of your personal care products.</p>\r\n',	1,	1,	0,	0,	'2015-08-26 06:14:14',	'2017-08-31 19:43:26',	10),
(15,	'Our Parnters',	'<p>Canada<br />\r\nCambrian Solutions Inc.&nbsp;<br />\r\nKey Contact &ndash;&nbsp;<a href=\"mailto:Diana.Franco@Cambrian.com\" target=\"_blank\">Diana Franco</a></p>\r\n\r\n<p>Western USA and Texas&nbsp;<br />\r\nROSS Organics&nbsp;<br />\r\nKey Contact &ndash;&nbsp;<a href=\"mailto:richard@rossorg.com\" target=\"_blank\">Rich Hersey</a></p>\r\n\r\n<p>South East USA&nbsp;<br />\r\nBlue Sun International&nbsp;<br />\r\nKey Contact &ndash;&nbsp;<a href=\"mailto:valvarez@bluesun-international.com\" target=\"_blank\">Victor Alvarez</a></p>\r\n\r\n<p>Eastern USA&nbsp;<br />\r\nAxiom Ingredients&nbsp;<br />\r\nKey Contact &ndash;&nbsp;<a href=\"mailto:mdesantis@axiomingredients.com\" target=\"_blank\">Michael DeSantis</a></p>\r\n\r\n<p>Australia and New Zealand&nbsp;<br />\r\nA.S. Harrision&nbsp;<br />\r\nKey Contact &ndash;&nbsp;<a href=\"mailto:marianne.cochennec@harrison.com.au\" target=\"_blank\">Marianne Cochennec</a></p>\r\n\r\n<p>Korea&nbsp;<br />\r\nJansonLee Corporation<br />\r\nKey Contact &ndash;&nbsp;<a href=\"mailto:jslcorp@hotmail.com\" target=\"_blank\">Mr.Kim</a>&nbsp;<br />\r\n<br />\r\nBrazil&nbsp;<br />\r\nDinaco SA&nbsp;<br />\r\nKey Contact &ndash;&nbsp;<a href=\"mailto:Wilza.teles@dinaco-sa.com.br\">Wilza Teres</a></p>\r\n\r\n<p>&nbsp;</p>\r\n',	0,	1,	0,	0,	'2015-08-28 08:40:13',	'2015-09-01 17:48:26',	7),
(16,	'Hydresia Technology Text',	'<p>Oleosomes are specialized spherical organelles (1-3&mu; in diameter) found naturally in oil bearing plant seeds including safflower, almond and sunflower, that act as reservoirs to protect the emollient plant oil and vitamin E. In terms of benefits, oleosomes are a next-generation encapsulation system, capable of delivering emollient oil and Vitamin E to the skin over time for long-lasting moisturizing traits. In addition, oleosomes are capable of absorbing and protecting fragrances, essential oils and other unstable actives.&nbsp;</p>\r\n\r\n<p>Once oleosomes contact the skin, they begin to dry out and release their contents into the stratum corneum.&nbsp; This includes the delivery of oils&nbsp;and Vitamin E.&nbsp; Not all oleosomes collapse at once, giving the property of controlled release.&nbsp;</p>\r\n\r\n<p>In addition to delivery and emulsification benefits, oleosomes have shown the ability to maintain stability under a range of conditions over longer periods of time, allowing formulators to reduce active ingredients with no drop in efficacy.&nbsp; This delayed release capability has benefits in many personal care product categories including skincare, suncare, baby products, sanitizers and cleansers, even in typical drying products such as alcohol-based hand sanitizers.&nbsp;</p>\r\n\r\n<p>Recognizing this spherical structure can act as both a delivery system and emulsifier in personal care in a completely natural way, Botaneco<span lang=\"EN-US\" style=\"line-height: 107%; font-family: &quot;Arial&quot;,sans-serif; font-size: 12pt; mso-bidi-font-size: 11.0pt; mso-fareast-font-family: Arial; mso-ansi-language: EN-US; mso-fareast-language: EN-US; mso-bidi-language: AR-SA;\"><strong>&reg;</strong></span>&nbsp;introduced a proprietary gentle extraction process to safflower oilseeds to extract <strong>Hydresia</strong><span lang=\"EN-US\" style=\"line-height: 107%; font-family: &quot;Arial&quot;,sans-serif; font-size: 12pt; mso-bidi-font-size: 11.0pt; mso-fareast-font-family: Arial; mso-ansi-language: EN-US; mso-fareast-language: EN-US; mso-bidi-language: AR-SA;\"><strong>&reg;</strong></span><strong> oleosomes </strong>intact.&nbsp; Today <strong>Hydresia</strong><span lang=\"EN-US\" style=\"line-height: 107%; font-family: &quot;Arial&quot;,sans-serif; font-size: 12pt; mso-bidi-font-size: 11.0pt; mso-fareast-font-family: Arial; mso-ansi-language: EN-US; mso-fareast-language: EN-US; mso-bidi-language: AR-SA;\"><strong>&reg;</strong></span><strong> oleosomes </strong>offer <em>a difference you can feel </em>in over 350 personal care products.</p>\r\n\r\n<p><span class=\"btn\"><a href=\"/upload/media_element/attachments/397/Botaneco Hydresia Brochure.pdf\" target=\"_blank\">View Brochure</a></span></p>\r\n',	0,	1,	0,	0,	'2015-08-25 09:15:44',	'2019-01-28 14:28:57',	10),
(17,	'FAQ\'s',	'<p class=\"p1\">Patented <strong>Hydresia</strong><span lang=\"EN-US\" style=\"line-height: 107%; font-family: &quot;Arial&quot;,sans-serif; font-size: 12pt; mso-bidi-font-size: 11.0pt; mso-fareast-font-family: Arial; mso-ansi-language: EN-US; mso-fareast-language: EN-US; mso-bidi-language: AR-SA;\"><strong>&reg;</strong></span><strong> oleosomes </strong>are all-natural, powerful emulsifiers with proven delivery systems in personal care. The following information is meant to <em>guide </em>and provide a general approach for formulators in using <strong>Hydresia</strong><span lang=\"EN-US\" style=\"line-height: 107%; font-family: &quot;Arial&quot;,sans-serif; font-size: 12pt; mso-bidi-font-size: 11.0pt; mso-fareast-font-family: Arial; mso-ansi-language: EN-US; mso-fareast-language: EN-US; mso-bidi-language: AR-SA;\"><strong>&reg;</strong></span><strong> oleosomes</strong>.</p>\r\n',	0,	1,	0,	0,	'2015-08-27 09:19:49',	'2019-01-28 14:30:00',	10),
(18,	'Customer Service Text',	'<h2 class=\"p1\">General Inquiries</h2>\r\n\r\n<p class=\"p1\"><strong>Phone:</strong> 403.668.6685<br />\r\n<strong>Email:</strong> <a href=\"mailto:sales@botaneco.com ?subject=Web%20inquiry\">sales@botaneco.com&nbsp;</a></p>\r\n\r\n<h2>Our Locations</h2>\r\n\r\n<table border=\"0\" cellpadding=\"1\" cellspacing=\"1\" class=\"hidden-xs hidden-sm\" style=\"width:500px;\">\r\n	<tbody>\r\n		<tr>\r\n			<td>\r\n			<h3>Headquarters</h3>\r\n			</td>\r\n			<td>\r\n			<h3>Sales, Applications<br />\r\n			&amp; Marketing</h3>\r\n			</td>\r\n		</tr>\r\n		<tr>\r\n			<td>\r\n			<p><span style=\"font-family: Calibri, sans-serif; font-size: 16px;\">2985 23rd Avenue NE<br />\r\n			Calgary, AB </span><br />\r\n			<span style=\"font-family: Calibri, sans-serif; font-size: 16px;\">T1Y 7L3</span></p>\r\n			</td>\r\n			<td>\r\n			<p><span style=\"font-family: Calibri, sans-serif; font-size: 16px;\">201 South Main Street<br />\r\n			Lambertville, NJ </span><br />\r\n			<span style=\"font-family: Calibri, sans-serif; font-size: 16px;\">08530</span></p>\r\n			</td>\r\n		</tr>\r\n		<tr>\r\n			<td>\r\n			<p><span class=\"btn\"><a href=\"https://goo.gl/maps/48yBokWqRJH2\">View map</a></span></p>\r\n			</td>\r\n			<td>\r\n			<p><a href=\"https://goo.gl/maps/7o8Pxe3HngB2\"><span class=\"btn\">view map</span></a></p>\r\n			</td>\r\n		</tr>\r\n	</tbody>\r\n</table>\r\n\r\n<div class=\"hidden-md hidden-lg\">\r\n<h3>Headquarters</h3>\r\n\r\n<p><span style=\"font-family: Calibri, sans-serif; font-size: 16px;\">2985 23rd Avenue NE<br />\r\nCalgary, AB </span><br />\r\n<span style=\"font-family: Calibri, sans-serif; font-size: 16px;\">T1Y 7L3</span></p>\r\n\r\n<p><span class=\"btn\"><a href=\"https://goo.gl/maps/48yBokWqRJH2\">View map</a></span></p>\r\n\r\n<h3>Sales, Applications &amp; Marketing</h3>\r\n\r\n<p><span style=\"font-family: Calibri, sans-serif; font-size: 16px;\">201 South Main Street<br />\r\nLambertville, NJ </span><br />\r\n<span style=\"font-family: Calibri, sans-serif; font-size: 16px;\">08530</span></p>\r\n\r\n<p><a href=\"https://goo.gl/maps/7o8Pxe3HngB2\"><span class=\"btn\">view map</span></a></p>\r\n</div>\r\n\r\n<p>&nbsp;</p>\r\n\r\n<p class=\"p1\">&nbsp;</p>\r\n',	0,	1,	0,	0,	'2015-08-22 21:29:33',	'2018-09-20 22:58:56',	4),
(19,	'Forumulations Showcase',	'<h2>Formulation Showcase</h2>\r\n',	1,	1,	0,	0,	'2015-09-01 23:13:48',	'2015-09-17 00:43:43',	2),
(20,	'Formulations Showcase',	'<h2>Hydresia&trade;<sup> </sup>Oleosomes Formulations</h2>\r\n\r\n<p>Oleosomes consist of micro particles of emollient oils and vitamins that collapse and release their contents over time, for delayed and long lasting moisturization on skin, hair, face and body. This delayed release property allows you to bring significant aesthetic benefits to a wide variety of personal care formulations.</p>\r\n',	0,	1,	0,	0,	'2015-08-29 23:29:38',	'2017-09-05 23:06:25',	10),
(21,	'Technical Literature',	'<p><strong>Hydresia</strong><span lang=\"EN-US\" style=\"line-height: 107%; font-family: &quot;Arial&quot;,sans-serif; font-size: 12pt; mso-bidi-font-size: 11.0pt; mso-fareast-font-family: Arial; mso-ansi-language: EN-US; mso-fareast-language: EN-US; mso-bidi-language: AR-SA;\"><strong>&reg;</strong></span><strong> oleosomes</strong> are a&nbsp;truly natural emulsifier on the market today possessing powerful skin hydration and multi-functional delivery system benefits. <strong>Hydresia</strong><span lang=\"EN-US\" style=\"line-height: 107%; font-family: &quot;Arial&quot;,sans-serif; font-size: 12pt; mso-bidi-font-size: 11.0pt; mso-fareast-font-family: Arial; mso-ansi-language: EN-US; mso-fareast-language: EN-US; mso-bidi-language: AR-SA;\"><strong>&reg;</strong></span><strong> oleosomes</strong> boast a unique, continuous&nbsp;moisture delivery system that is an all-natural alternative to chemical emulsifiers and irritating ingredients with its micro particles of skin softening oils and vitamins. A naturally superior system, <strong>Hydresia</strong><span lang=\"EN-US\" style=\"line-height: 107%; font-family: &quot;Arial&quot;,sans-serif; font-size: 12pt; mso-bidi-font-size: 11.0pt; mso-fareast-font-family: Arial; mso-ansi-language: EN-US; mso-fareast-language: EN-US; mso-bidi-language: AR-SA;\"><strong>&reg;</strong></span><strong> oleosomes </strong>allow our customers to create better products that satisfy the emerging needs of consumers.</p>\r\n\r\n<h2>HYDRESIA<sup>&reg;</sup>&nbsp;SF2: DELIVERY SYSTEM</h2>\r\n\r\n<p><strong>Hydresia</strong><span lang=\"EN-US\" style=\"line-height: 107%; font-family: &quot;Arial&quot;,sans-serif; font-size: 12pt; mso-bidi-font-size: 11.0pt; mso-fareast-font-family: Arial; mso-ansi-language: EN-US; mso-fareast-language: EN-US; mso-bidi-language: AR-SA;\"><strong>&reg;</strong></span><strong>&nbsp;SF2</strong>&nbsp;consists of natural oleosomes from safflower seeds and functions to improve the aesthetics of all formulations for unparalleled efficacy in personal care.</p>\r\n\r\n<h3>MAIN APPLICATIONS:&nbsp;<a href=\"/_page31#collapsible-5\">Natural Skincare</a><a href=\"/_page31#collapsible-6\">, </a><a href=\"/_page31#collapsible-11\">Alcohol Hand Sanitizers </a></h3>\r\n\r\n<p><span class=\"btn\"><a href=\"/upload/media_element/attachments/413/Botaneco Hydresia Brochure.pdf\" target=\"_blank\">Data Sheets</a></span>&nbsp;<span class=\"btn\"><a href=\"/upload/media_element/attachments/254/Botaneco Hydresia SF2 SDS.pdf\" target=\"_blank\">SDS</a></span>&nbsp;<a href=\"/_page48\"><span class=\"btn\">Request Sample</span></a></p>\r\n\r\n<h2>HYDRESIA<sup>&reg;</sup>&nbsp;G2: LONG-LASTING MOISTURIZATION</h2>\r\n\r\n<p><strong>Hydresia</strong><span lang=\"EN-US\" style=\"line-height: 107%; font-family: &quot;Arial&quot;,sans-serif; font-size: 12pt; mso-bidi-font-size: 11.0pt; mso-fareast-font-family: Arial; mso-ansi-language: EN-US; mso-fareast-language: EN-US; mso-bidi-language: AR-SA;\"><strong>&reg;</strong></span><strong> G2</strong>&nbsp;consists of oleosomes from safflower seeds that provide emulsifying and long lasting moisturizing traits, through delayed release of oils and vitamins.</p>\r\n\r\n<h3>MAIN APPLICATIONS:&nbsp;<a href=\"/_page31#collapsible-9\">Body Washes, Facial Cleansers, Haircare</a></h3>\r\n\r\n<p><span class=\"btn\"><a href=\"/upload/media_element/attachments/411/Botaneco Hydresia Brochure.pdf\" target=\"_blank\">Data Sheets</a></span>&nbsp;<span class=\"btn\"><a href=\"/upload/media_element/attachments/257/Botaneco Hydresia G2 SDS.pdf\" target=\"_blank\">SDS</a></span>&nbsp;<a href=\"/_page48\"><span class=\"btn\">Request Sample</span></a></p>\r\n\r\n<h2>HYDRESIA<sup>&reg;</sup>&nbsp;DULC&Eacute;: LUXURIOUS MOISTURIZATION</h2>\r\n\r\n<p><strong>Hydresia</strong><span lang=\"EN-US\" style=\"line-height: 107%; font-family: &quot;Arial&quot;,sans-serif; font-size: 12pt; mso-bidi-font-size: 11.0pt; mso-fareast-font-family: Arial; mso-ansi-language: EN-US; mso-fareast-language: EN-US; mso-bidi-language: AR-SA;\"><strong>&reg;</strong></span><strong> Dulc&eacute;</strong>&nbsp;consists of oleosomes from sweet almonds that provide emulsifying and instant long lasting luxurious moisturizing traits, through delayed release of emollient almond oil and vitamin E.</p>\r\n\r\n<h3>MAIN APPLICATIONS:&nbsp;<a href=\"/_page31#collapsible-5\">Premium Personal Care, Unscented Skincare</a></h3>\r\n\r\n<p><span class=\"btn\"><a href=\"/upload/media_element/attachments/412/Botaneco Hydresia Brochure.pdf\" target=\"_blank\">Data Sheets</a></span>&nbsp;<span class=\"btn\"><a href=\"/upload/media_element/attachments/259/Botaneco Hydresia Dulce SDS.pdf\" target=\"_blank\">SDS</a></span>&nbsp;<a href=\"/_page48\"><span class=\"btn\">Request Sample</span></a></p>\r\n',	0,	1,	0,	0,	'2015-09-02 03:03:51',	'2019-01-28 14:29:33',	10),
(22,	'What’s New Title',	'<h2>What&rsquo;s New</h2>\r\n',	0,	1,	0,	0,	'2015-09-22 08:23:53',	'2015-09-22 20:34:56',	7),
(23,	'In the News Title',	'<h2>In the News</h2>\r\n',	0,	1,	0,	0,	'2015-09-22 14:24:10',	'2015-09-22 20:35:03',	7),
(24,	'Upcoming Events and Conferences Title',	'<h2>Upcoming Events and Conferences</h2>\r\n',	0,	1,	0,	0,	'2015-09-22 14:24:27',	'2015-09-22 20:35:10',	7),
(25,	'Privacy and Terms',	'<h2>Terms</h2>\r\n\r\n<p>Botaneco Inc. Inc. maintains this site (the &quot;Site&quot;) for personal information, education, and communication. Please feel free to browse the Site. You may download material displayed on the Site for non-commercial, personal use only, provided you also retain all copyright and other proprietary notices contained on the materials. The contents of the Site may not be otherwise copied, distributed, or used in any way without Botaneco&#39;s written permission. Your access and use of the Site is also subject to the following Terms and Conditions and all applicable laws. By accessing and browsing the Site, you accept, without limitation or qualification, the Terms of Use. You should assume that everything you see or read on the Site is copyrighted unless otherwise noted and may not be used except as provided in these Terms of Use. The trademarks, service marks, trade names, trade dress and products featured in this Site are protected in Canada, the United States, and most other countries. No use of any of these may be made without the prior written authorization of Botaneco Inc. will use reasonable efforts to include up-to-date and accurate information in this Site, but makes no representations, warranties, or assurance as to the accuracy, currency or completeness of the information provided. Botaneco Inc. shall not be liable for any damages or injury resulting from your access to, or inability to access, this Site, or from your reliance on any information provided at this Site. Without limiting the foregoing, everything on the Site is provided to you &quot;AS IS&quot; WITHOUT WARRANTY OF ANY KIND, EITHER EXPRESSED OR IMPLIED, INCLUDING, BUT NOT LIMITED TO, THE IMPLIED WARRANTIES OF MERCHANTABILITY, FITNESS FOR A PARTICULAR PURPOSE, OR NON-INFRINGEMENT. Botaneco Inc. also assumes no responsibility, and shall not be liable for any damages to, or viruses that may infect your computer equipment or other property on account of your access to, use of, or browsing in the Site or your downloading of any materials, data, text, images, video, or audio from the Site. Botaneco Inc. shall not under any circumstances be liable to any person for any special, incidental, indirect or consequential damages resulting from use of or reliance on the information presented, loss of profits or revenues or costs of replacement goods even if informed in advance of the possibility of such damages. Any communication or material you transmit to the Site by electronic mail or otherwise, including any data, questions, comments, suggestions, or the like is, and will be treated as, non-confidential and non-proprietary. Anything you transmit or post may be used by Botaneco Inc. for any purpose, including but not limited to reproduction, disclosure, transmission, publication, broadcast, and posting. Furthermore, Botaneco Inc. will be free to use any ideas, concepts, know-how, or techniques contained in any communication you send to the Site for any purpose whatsoever, including but not limited to developing, manufacturing, and marketing products using such information. Images of people or places displayed on the Site are either the property of, or used with permission by, Botaneco Inc. The use of these images by you, or anyone else authorized by you is prohibited. Any unauthorized use of the images may violate copyright laws, trademark laws, the laws of privacy and publicity, and communications regulations and statutes. Botaneco Inc. has not reviewed all of the sites linked to the Site and is not responsible for the contents of any off-site pages or any other sites linked to the Site. Your linking to any other off-site pages or other sites is at your own risk. The sender of any communications to this Site or otherwise to Botaneco Inc. shall be responsible for the content and information contained therein, including its truthfulness and accuracy. This Site is provided as a service to its visitors. Botaneco Inc. reserves the right to delete modify or supplement the content of this Site at any time for any reason without notification to anyone. Botaneco Inc. may at any time revise these Terms of Use by updating this posting. You are bound by any such revisions and should therefore periodically visit this page to review the then current Terms of Use to which you are bound.</p>\r\n\r\n<h2>Privacy Policy</h2>\r\n\r\n<p>Botaneco Inc. is committed to keeping personal information of individuals accurate, secure and confidential. This Web Site Privacy Policy applies to personal information that you may provide while using Botaneco&#39;s Web site. Any personal information that Botaneco Inc. receives from you through this Web site or otherwise will be handled and stored in a secure manner to protect it from unauthorized access or disclosure. Please be advised, however, that the Internet and other various networking communication media are not entirely secure and your information may therefore be subject to interception or loss which is beyond our control. Some of the information that we keep on our Web server is information that you volunteer to provide through forms and some is collected automatically. Unless you volunteer to submit personal data yourself, Botaneco Inc. will not use any information collected automatically to identify you.</p>\r\n\r\n<h3>Information Automatically Collected and Stored</h3>\r\n\r\n<p>During your visit to our Web site, Botaneco Inc. automatically collects and temporarily stores the following information about your computer and your visit. This information will not be used to identify you: The domain and host from which you access the Internet; The Internet address of the Web site from which you linked directly to the Botaneco Inc. Web site, if applicable; The date and time you arrive at our site and how long you spend on the site and which pages you visit Your Internet protocol (IP) address; and Your computer&#39;s operating system and browser software. Botaneco Inc. uses this information for Web site and system administration purposes and to improve the Web site. Botaneco Inc. may disclose the information to others for those administrative purposes or permanently archive it for future use. Botaneco Inc. may use &quot;cookie&quot; technology to obtain information from its on-line visitors. Cookies are information files that your Web browser places on your computer when you visit a Web site. Most browsers accept cookies automatically, but can be configured not to accept them or to indicate when a cookie is being sent. We do not extract personal information in this process nor do we provide this information to third parties. We also do not contact you. Cookies allow us to customize your user interface to speed up the navigation process and to make the Web site experience more efficient. If your browser is configured to reject cookies, you may not be able to use some of the features of the Botaneco Inc. Web site.</p>\r\n\r\n<h3>Personal Information you Specifically Provide</h3>\r\n\r\n<p>During your use of the Web site, you may be asked to voluntarily provide certain personal information (such as your name, e-mail address, postal address, telephone number or resume) for purposes such as facilitating communications with you, applying for a position with Botaneco Inc., applying for access to certain special features or areas of the Web site, or providing you with information about Botaneco Inc. (by e-mail or other forms of communication) including press releases, shareholder or other information. It is always your choice whether or not to provide personal information. If you choose not to provide requested personal information, you may not be able to use certain features through the Web site. Botaneco Inc. may use your personal information to contact and correspond with you, to respond to your questions, to process enquiries and instructions, and to facilitate and enhance your use of the Web site. Botaneco Inc. may send to you, from time to time, e-mail or other communications containing information about Botaneco Inc. and other matters Botaneco Inc. believes will interest you. At any time you may ask Botaneco Inc. to stop sending you unsolicited e-mail and other information by contacting: info@Botaneco.ca.</p>\r\n\r\n<h3>Links</h3>\r\n\r\n<p>Botaneco&#39;s website may contain links to other Web sites. We try our best to ensure that these links are safe for everyone, but the privacy and data collection practices on any linked Web site are entirely separate from Botaneco Inc. and are not covered by this Website Privacy Policy. Other websites may also link to the Botaneco Inc. website. Botaneco Inc. has no responsibility for the content, policies or actions of websites that link to Botaneco Inc. &#39;s Web site or that Botaneco Inc. provides a link to through Botaneco Inc. &#39;s Web site.</p>\r\n\r\n<h3>Changes and Access to Personal Information</h3>\r\n\r\n<p>On request, Botaneco Inc. will inform you about the personal information it has in its possession and control relating to you and will give you reasonable access to that information. You can request that we correct, update and/or delete personal information from our database by writing us at the address below. Botaneco Inc. Suite 134, 2985 - 23rd Ave N.E. Calgary, Alberta T1Y 7L3 CANADA.</p>\r\n\r\n<h3><strong>Changes and Updates to the Privacy Policy</strong></h3>\r\n\r\n<p>Botaneco Inc. may periodically review the appropriateness of this Web Site Privacy Policy and make, at its discretion, such changes as are necessary. If we decide to change this Web Site Privacy Policy, we will post those changes here.</p>\r\n',	0,	1,	0,	0,	'2015-09-27 23:34:03',	'2018-07-26 23:58:05',	2),
(26,	'Our Team Text Block',	'<p>Botaneco<sup>&reg;</sup> is made up of biologists, chemists, formulators, technicians and business people.&nbsp; Together we harness the energy within oilseeds to bring to market new innovations that enhance the personal care industry.</p>\r\n',	0,	1,	0,	0,	'2015-10-02 00:09:49',	'2015-10-08 17:04:18',	2),
(27,	'Our Partners Text Block',	'<p>Botaneco<sup>&reg;</sup> has partnered with the following primary distribution companies to provide exceptional service to our current and prospective customers in the personal care industry.</p>\r\n',	0,	1,	0,	0,	'2015-10-02 00:10:52',	'2017-10-10 20:58:06',	10),
(28,	'Offer',	'<h2>What do we offer?</h2>\r\n\r\n<p>Botaneco<sup>&reg;</sup> offers a dynamic and innovative environment focused on growth and&nbsp;committed to compensating you competitively. We proudly work towards common goals that delight our customers, shareholders and employees, allowing us to reward individual contributions and team successes. We also believe your belly is the way to your brain, so be prepared for healthy nourishment and&nbsp;refreshments galore&nbsp;that will make you soar.&nbsp;</p>\r\n\r\n<p>Oh, and did we mention we have a staff store stocked with products at prices that will make you wonder why your wallet seems so full?&nbsp;And it goes without saying, but thought we would mention it anyway, you&nbsp;will never have to worry about being bored!&nbsp; We believe in having fun at work!</p>\r\n',	0,	1,	0,	0,	'2015-09-27 00:00:10',	'2020-02-14 19:44:34',	2),
(29,	'Hydresia Intro Text',	'<h2>Why Hydresia<sup>&reg;</sup> Oleosomes?</h2>\r\n\r\n<p><span class=\"s1\">Hydresia</span><span lang=\"EN-US\" style=\"line-height: 107%; font-family: &quot;Arial&quot;,sans-serif; font-size: 12pt; mso-bidi-font-size: 11.0pt; mso-fareast-font-family: Arial; mso-ansi-language: EN-US; mso-fareast-language: EN-US; mso-bidi-language: AR-SA;\"><strong>&reg;</strong></span><span class=\"s1\"><sup> </sup>oleosomes </span>are the only truly natural emulsifier on the market today possessing powerful skin hydration and multi-functional delivery system benefits.<span class=\"s1\"> They </span>boast a unique, continuous&nbsp;moisture delivery system that is an all-natural alternative to chemical emulsifiers and irritating ingredients with its micro particles of skin softening oils and vitamins. A naturally superior system, <span class=\"s1\">Hydresia</span><span lang=\"EN-US\" style=\"line-height: 107%; font-family: &quot;Arial&quot;,sans-serif; font-size: 12pt; mso-bidi-font-size: 11.0pt; mso-fareast-font-family: Arial; mso-ansi-language: EN-US; mso-fareast-language: EN-US; mso-bidi-language: AR-SA;\"><strong>&reg;</strong></span><span class=\"s1\"><sup>&nbsp;</sup>oleosomes </span>allow the personal care industry to create better products that satisfy the emerging needs of consumers. The<span class=\"s1\"> Hydresia</span><span lang=\"EN-US\" style=\"line-height: 107%; font-family: &quot;Arial&quot;,sans-serif; font-size: 12pt; mso-bidi-font-size: 11.0pt; mso-fareast-font-family: Arial; mso-ansi-language: EN-US; mso-fareast-language: EN-US; mso-bidi-language: AR-SA;\"><strong>&reg;</strong></span><span class=\"s1\"> </span>system offers a difference you can feel and is currently used in over 350 different personal care products globally.</p>\r\n',	0,	1,	0,	0,	'2015-10-02 09:40:37',	'2019-01-28 14:27:23',	10),
(30,	'Homepage Intro',	'<h1>NATURAL INGREDIENTS THAT PERFORM</h1>\r\n\r\n<p>Botaneco<sup>&reg;</sup> sees big potential in small seeds. We isolate highly functional natural ingredients from oilseeds for the food, feed and personal care markets. The performance characteristics of our ingredients are what set us apart, resulting in new and improved functionality that can bring big benefits to consumers: truly natural, sustainable, and multi-functional.</p>\r\n\r\n<p>Named the 2017  BioAlberta &quot;Company of the Year&quot;&nbsp;and nominated for the&nbsp;&quot;Most Novel Protein Process Technology&quot; at the&nbsp;Bridge2Food Protein Awards in 2018, Botaneco<sup>&reg;</sup> is the world leader in the commercial production of oilseed oleosomes.</p>\r\n\r\n<p>&nbsp;</p>\r\n',	0,	1,	0,	0,	'2015-10-01 21:50:28',	'2019-02-28 21:51:57',	10),
(31,	'We\'re Hiring!',	'<p>We believe in order to achieve our vision we must&nbsp;<strong>hire, develop and promote</strong>&nbsp;a team that shows initiative, courage, passion,&nbsp;pride,&nbsp;drive&nbsp;and altruism. We are looking for&nbsp;teammates who push&nbsp;boundaries to drive success. If this journey intrigues you, buckle up and read on!</p>\r\n',	1,	1,	0,	0,	'2015-10-21 08:34:30',	'2019-02-28 15:59:03',	10),
(32,	'Hire. Develop. Promote.',	'<h1>Hire. Develop. Promote.</h1>\r\n',	0,	1,	0,	0,	'2015-10-23 14:59:39',	'2015-10-27 21:53:03',	8),
(33,	'Content Block 1',	'<p>We believe in order to achieve our vision we must Hire, Develop and Promote&nbsp;<strong>Courageous Explorers, Meticulous Artisans and Difference Makers</strong>. To us that means initiative, courage, pride, passion, drive, and altruism. We are looking for a teammate that pushes boundaries to drive success. If this journey belongs to you, buckle up and read on!</p>\r\n',	0,	1,	0,	0,	'2015-10-27 21:01:47',	'2015-10-27 21:01:47',	8),
(34,	'Ready?',	'<h2>Think you&#39;re ready for Botaneco<sup>&reg;</sup>?</h2>\r\n\r\n<p>If everything you read makes you think yes please, submit your cover letter and resume to <a href=\"mailto:jobs@botaneco.com\">jobs@botaneco.com</a>.</p>\r\n\r\n<p>Be <strong>bold </strong>and boastful.<strong> Now, let&#39;s go!</strong></p>\r\n',	0,	1,	0,	0,	'2015-10-23 21:26:51',	'2020-02-14 19:44:25',	2),
(35,	'Our Approach',	'<p>We believe in possibilities. From our novel process, our innovative products, and our consultative solutions-selling approach, every member of the Botaneco<span lang=\"EN-US\" style=\"color: rgb(51, 51, 51); font-family: Roboto; font-size: 12pt; mso-fareast-font-family: Calibri; mso-ansi-language: EN-US; mso-fareast-language: EN-US; mso-bidi-language: AR-SA; mso-fareast-theme-font: minor-latin; mso-bidi-font-family: &quot;Times New Roman&quot;; mso-bidi-theme-font: minor-bidi;\"><sup>&reg;</sup></span> team is invested in the success of our customers. That&#39;s why we put the upmost consideration to reimagine convention: not just accepting the way things have always been done, but pushing the boundaries to deliver new value - and new solutions - for our customers.</p>\r\n\r\n<p>This begins with our proprietary, novel process. We don&#39;t heat, crush, or use harsh chemicals to process oilseeds. Instead, our novel separation and purification techniques gently disassembles each seed in an aqueous process, isolating the components of the seed without destroying its structure, purity, or functionality. The result maintains a low carbon footprint and enables the recovery of high quality oleosomes and proteins in their natural state. We deliver truly natural ingredients with multi-functionality.</p>\r\n\r\n<p>We&#39;re dedicated towards helping customers harness this new functionality. This means once the decision is made to consider a Botaneco<span lang=\"EN-US\" style=\"color: rgb(51, 51, 51); font-family: Roboto; font-size: 12pt; mso-fareast-font-family: Calibri; mso-ansi-language: EN-US; mso-fareast-language: EN-US; mso-bidi-language: AR-SA; mso-fareast-theme-font: minor-latin; mso-bidi-font-family: &quot;Times New Roman&quot;; mso-bidi-theme-font: minor-bidi;\"><sup>&reg;</sup></span> ingredient, our relationship is just beginning. We partner with your team, every step of the way, to solve problems, test claims, and achieve your product goals. Botaneco<span lang=\"EN-US\" style=\"color: rgb(51, 51, 51); font-family: Roboto; font-size: 12pt; mso-fareast-font-family: Calibri; mso-ansi-language: EN-US; mso-fareast-language: EN-US; mso-bidi-language: AR-SA; mso-fareast-theme-font: minor-latin; mso-bidi-font-family: &quot;Times New Roman&quot;; mso-bidi-theme-font: minor-bidi;\"><sup>&reg;</sup></span> provides more than just an ingredient to our customers, we provide peace-of-mind that a trusted partner is beside them, dedicated to creating a quality product that meets tomorrow&#39;s requirements in today&#39;s products.</p>\r\n',	0,	1,	0,	0,	'2015-10-27 07:04:56',	'2019-02-01 14:38:20',	10),
(36,	'Thank you message',	'<p>We have received your request for a sample. We will be in touch soon, thanks again.</p>\r\n',	0,	1,	0,	0,	'2016-01-19 20:37:07',	'2016-01-20 03:39:23',	7),
(37,	'Karmyn Intro',	'<h2>Why Karmyn&trade; Protein?</h2>\r\n\r\n<p>Karmyn&trade; Protein plays an important&nbsp;role in equipping a seed for survival, maintaining hydration and preventing&nbsp;denaturation. Using a unique disassembly&nbsp;technique, we extract Karmyn&trade; Protein in its whole undamaged form without chemically&nbsp;or enzymatically modifying it to provide a promising, non-allergenic, plant-based, sustainable alternative to&nbsp;formulators and cosmetic scientists in the personal care industry.</p>\r\n\r\n<p>Karmyn&trade; Protein has been internally&nbsp;tested in a series of formulations including shampoos, conditioners, body&nbsp;washes and moisturizing lotions. When used in a shampoo and conditioner&nbsp;pre-treatment system, it helps to protect the hair from damage&nbsp;caused by chemical treatments, reducing the natural&nbsp;roughness and creating luxutious sensation.</p>\r\n',	0,	1,	0,	0,	'2016-03-20 00:13:15',	'2018-07-26 23:23:15',	2),
(38,	'Products Intro',	'<div style=\"margin: 0px 5%;\">\r\n<h1>Oilseed Innovation</h1>\r\n\r\n<p>Inspired by nature and the natural energy harnessed within oilseeds, Botaneco<span lang=\"EN-US\" style=\"line-height: 107%; font-family: &quot;Arial&quot;,sans-serif; font-size: 12pt; mso-bidi-font-size: 11.0pt; mso-fareast-font-family: Arial; mso-ansi-language: EN-US; mso-fareast-language: EN-US; mso-bidi-language: AR-SA;\"><strong>&reg; </strong></span>utilizes novel plant-based separation and purification technology to naturally disassemble oilseeds and create innovative, value-added natural ingredients for leading health and beauty brands all over the world. Our truly unique, high quality ingredients sourced from sustainable safflower crops, have not been altered or chemically modified, offering a natural product from a natural process for personal care and cosmetic formulation.</p>\r\n</div>\r\n',	0,	1,	0,	0,	'2016-03-22 15:35:06',	'2019-02-25 22:19:41',	2),
(39,	'Properties and Benefits',	'<h2>Beyond Protein</h2>\r\n\r\n<p><strong>Karmyn<strong>&trade;</strong> </strong>protein, a native high molecular weight (~250-300KD) safflower storage protein, plays an important role in equipping a seed for survival and preventing denaturation. Using a patented process,<strong> Karmyn&trade; </strong>protein is extracted from the seed in its whole, undamaged state. No harsh chemicals or enzymes are used in this process, providing a higher sustainable, plant-based protein solution.</p>\r\n\r\n<p>This non-hydrolyzed, water-dispersible protein contains all essential amino fatty acids and residual associated lipids (mainly Omega-9 datty acids). A number of benefits can be attributed to <strong>Karmyn&trade; </strong>protein&#39;s unique amino acid profile including its naturally high levels of arginine, known to deliver benefits like hair strengthening and damage prvention.</p>\r\n\r\n<p>At low pH (3.5-4.0), <strong>Karmyn&trade; </strong>protein undergoes an &quot;internal restructuring&quot;, without loss of integrity, which facilitates its ability to bind to other protein substrates, such as skin and hair, offering natural, functional protective benefits.</p>\r\n\r\n<h2>Hair&nbsp;Color Retention&nbsp;Study</h2>\r\n\r\n<p><strong>Karmyn&trade; </strong>has demonstrated excellent color retention in dyed hair. In a nine-person study, <strong>Karmyn&trade; </strong>was tested at 2% in a conditioner formulation, used daily after shampooing on freshly dyed hair. Images and measurements were taken for the test and the control before dyeing, immediately post-dying, and then 7, 21 and 28 days after dyeing. Measurements derived from the two high resolution sets of images (above) indicated that 71% of the color was retained after seven days of washing, 52% of color was retained after 21 days of washing and 48% of color was retained after 28 days of washing. Chromameter results from the entire panel demonstrated that throughout the study the panelists that used the <strong>Karmyn&trade; </strong>conditioner showed less difference in hair color, indicating improved color retention.</p>\r\n\r\n<p><img alt=\"\" src=\"/upload/body_image/attachments/57/Botaneco Karmyn Chromameter Data.JPG\" style=\"width: 729px; height: 213px;\" /></p>\r\n\r\n<p>&nbsp;</p>\r\n',	0,	1,	0,	0,	'2016-03-25 05:10:44',	'2018-08-08 05:22:34',	2),
(40,	'Karmyn Technical Literature',	'<p>&nbsp;</p>\r\n\r\n<p>&nbsp;</p>\r\n\r\n<p>&nbsp;</p>\r\n',	0,	1,	0,	0,	'2016-03-27 14:46:33',	'2016-03-28 22:55:15',	7),
(41,	'Karmyn Protein',	'<h2>Method of Manufacturing</h2>\r\n\r\n<ul class=\"list--unordered\">\r\n	<li>Safflower seeds are ground into flour</li>\r\n	<li>Protein is extracted using water</li>\r\n	<li>Mixture is centrifuged to collect suspension (protein solution)</li>\r\n	<li>Carmin protein is precipitated from protein solution&nbsp;</li>\r\n	<li>Carmin protein is re-suspended into aqueous solution and dried</li>\r\n	<li>Dried Carmin powder</li>\r\n</ul>\r\n\r\n<p><strong>Karmyn&trade; Protein</strong> offers a truly unique, high quality, all natural protein that has not been&nbsp; altered or denatured. Hexa-globin in structure, <strong>Karmyn&trade; Protein </strong>is a non-hydrolyzed,&nbsp; water dispersible protein which contains all essential amino acids and residual associated lipids, mainly Omega-9 fatty acids. At low pH (3.5 to 4) <strong>Karmyn&trade; Protein</strong> undergoes an &ldquo;internal restructuring&rdquo;, without loss of protein integrity, which facilitates its ability to bind&nbsp; to other protein substrates such as skin and hair, offering natural functional product&nbsp; protective benefits.</p>\r\n\r\n<table border=\"1\" cellpadding=\"1\" cellspacing=\"1\" class=\"table table-bordered\" style=\"width: 100%;\">\r\n	<thead>\r\n		<tr>\r\n			<th scope=\"col\">&nbsp;</th>\r\n			<th scope=\"col\">Karmyn<sup>TM&nbsp;</sup> Protein</th>\r\n		</tr>\r\n	</thead>\r\n	<tbody>\r\n		<tr>\r\n			<td>INCI Name (proposed)</td>\r\n			<td>Carmin (Carthamus Tinctorius) Protein</td>\r\n		</tr>\r\n		<tr>\r\n			<td>CAS #</td>\r\n			<td>1849576-55-1</td>\r\n		</tr>\r\n		<tr>\r\n			<td>CA Index Name</td>\r\n			<td>Proteins, Carmins, Safflower</td>\r\n		</tr>\r\n		<tr>\r\n			<td>Appearance</td>\r\n			<td>Tan Powder</td>\r\n		</tr>\r\n		<tr>\r\n			<td>Odour</td>\r\n			<td>Slight</td>\r\n		</tr>\r\n		<tr>\r\n			<td>Protein</td>\r\n			<td>~75%</td>\r\n		</tr>\r\n		<tr>\r\n			<td>Carbohydrate</td>\r\n			<td>~8%</td>\r\n		</tr>\r\n		<tr>\r\n			<td>Ash</td>\r\n			<td>~1%</td>\r\n		</tr>\r\n		<tr>\r\n			<td>Lipid<br />\r\n			c18: 1&omega;9 Oleic<br />\r\n			c18: 2&omega;6 Linoleic</td>\r\n			<td>~12%<br />\r\n			75%<br />\r\n			15%</td>\r\n		</tr>\r\n		<tr>\r\n			<td>Microbiology</td>\r\n			<td>Less than 100cfu<br />\r\n			No pathogens</td>\r\n		</tr>\r\n	</tbody>\r\n</table>\r\n\r\n<p><span class=\"btn\"><a href=\"/upload/media_element/attachments/420/Botaneco Karmyn Sellsheet.pdf\" target=\"_blank\">Data Sheets</a></span>&nbsp;<span class=\"btn\"><a href=\"/upload/media_element/attachments/250/Botaneco Karmyn SDS.pdf\">SDS</a></span>&nbsp;<span class=\"btn\"><a href=\"/upload/media_element/attachments/414/Botaneco Karmyn Sellsheet.pdf\">Technical Bulletin</a></span>&nbsp;<a href=\"/_page48\"><span class=\"btn\">Request Sample</span></a></p>',	0,	1,	0,	0,	'2016-03-17 14:52:43',	'2018-03-28 19:57:08',	10),
(42,	'Karmyn Protein Support',	'<p>Patented <strong>Karmyn&trade; protein</strong> is extracted in its whole undamaged native&nbsp; state from the safflower seed. No harsh chemicals or enzymes are used in this process, providing a safe, highly sustainable, plant-based alternate to cosmetic scientists. The following information is meant to guide and provide a general approach for formulators in using <strong>Karmyn&trade; protein</strong>.</p>\r\n\r\n<h2>Getting started with Karmyn&trade; protein</h2>\r\n\r\n<p><strong>1.</strong> Add Karmyn&trade; protein<strong> </strong>at a temperature less than or equal to 60&deg;C.<br />\r\n<strong>2.</strong> Pre-mix Karmyn&trade; protein<strong> </strong>powder with glycerin before adding to the product. This will result in some haze in the final product.<br />\r\n<strong>3.</strong> Use a propeller to disperse Karmyn&trade; protein<strong> </strong>pre-mixed in glycerin. Low speed homogenation can also be used.<br />\r\n<strong>4.</strong> Use within a pH range of 3.5 - 6.5.<br />\r\n<strong>5.</strong> For better skin and hair substantivity, use at pH 3.5 - 4.0.</p>\r\n',	0,	1,	0,	0,	'2016-04-11 11:42:48',	'2019-01-28 14:30:49',	10),
(43,	'CapSol Intro',	'<h2>Why CapSol&trade; Sun Care?</h2>\r\n\r\n<p>CapSol&trade; is a breakthrough in sun care product formulation technology. It has the unique ability to load sunscreen filters in a way that dramatically reduces UV filter levels required for targeted SPF levels. Sunscreen filters are either embedded on the outer shell or absorbed inside the triglyceride core; this can be controlled through maximizing oleosome loading conditions. Microscopic examination confirms that active UV filters appear within the oleosome, on the surface of the oleosome and in small separate oil droplets that are stabilized within the emulsion.<strong> </strong>CapSol&trade; delivers superior product aesthetics, environmental safety, ingredient sustainability and formulation cost reduction.</p>\r\n',	0,	1,	0,	0,	'2016-10-12 20:43:36',	'2018-07-25 20:44:39',	2),
(44,	'CapSol Technical Literature',	'<p><strong>CapSol&trade;</strong> technology is produced by a novel process of separating and purifying natural oil bodies called oleosomes, from non-GMO safflower seeds. Oleosomes are nature&rsquo;s way of delivering lipids for germination and are comprised of the seed&rsquo;s natural oil encapsulated within a unique protein and phospholipid shell in the presence of natural tocopherol as an oxidative stabilizer.</p>\r\n\r\n<h3>MAIN APPLICATIONS: <a href=\"/_page31#collapsible-5\">Daily Wear SPF Moisturizer, Beachwear Sunscreens, Daily Wear SPF Colour Cosmetics, Anti-aging Skincare</a></h3>\r\n\r\n<p><span class=\"btn\"><a href=\"/upload/media_element/attachments/425/Botaneco CapSol Data Sheet Oct 2018.pdf\">Data Sheet</a></span>&nbsp;<span class=\"btn\"><a href=\"/upload/media_element/attachments/261/Botaneco CapSol SDS.pdf\" target=\"_blank\">SDS</a></span>&nbsp;<a href=\"/_page48\"><span class=\"btn\">Request Sample</span></a></p>\r\n',	0,	1,	0,	0,	'2016-10-11 03:52:08',	'2018-10-22 10:37:58',	10),
(45,	'CapSol 1',	'<p><strong>CapSol&trade;</strong> allows for a significant reduction in the UV actives required to achieve targeted SPF levels. <strong>CapSol&trade; </strong>technology has initially demonstrated success with the popular SPF sunscreen filters octyl methoxycinnamate (OMC &ndash; a UVB absorber) and avobenzone (a UVA absorber). The combination of these two sunscreens allows formulators to make broad spectrum claims in sun care formulations. <strong>CapSol&trade;</strong> formulations containing low amounts of OMC and avobenzone consistently show in vivo SPF values at or above desired SPF values with excellent long term stability. <strong>CapSol&trade;</strong> also enables formulators to add creativity to their projects, such as the addition of fragrance, preservative, colour and water soluble actives.</p>\r\n\r\n<h2>CapSol<strong>&trade;</strong> Sunscreen vs Commercial Sunscreen</h2>\r\n',	0,	1,	0,	0,	'2016-10-15 17:33:56',	'2018-07-27 22:10:47',	2),
(46,	'CapSol 2',	'<h2>CAPSOL&trade; SPF 30 VS COMMERCIAL BENCHMARK</h2>\r\n\r\n<p>A 20-person consumer panel study comparing a CapSol&trade; SPF 30 formulation (041-013) with a market leading SPF 30 product shows that a simple SPF formulation containing CapSol&trade; is preferred by the majority of panellists in all attributes measured as well as in overall preference. Testing was performed on a 20-person blind panel, with an equal amount of product applied to the back of each hand.</p>\r\n\r\n<p><img alt=\"\" src=\"/upload/body_image/attachments/41/CapSol-chart-BENCHMARK-LARGE-REV.jpg\" style=\"height: 459px; width: 670px;\" /></p>\r\n\r\n<h3>&nbsp;</h3>\r\n\r\n<p style=\"text-align:center;\"><img alt=\"\" src=\"/upload/body_image/attachments/42/CapSol-chart-BENCHMARK-SMALL_V2.jpg\" style=\"width: 400px; height: 480px; margin:0 auto;\" /></p>\r\n',	0,	1,	0,	0,	'2016-10-15 17:49:58',	'2018-07-27 22:13:08',	2),
(47,	'Karmyn Protein Formulations',	'<h2 id=\"karmyn-protein-formulations\">Karmyn&trade; Protein Formulations</h2>\r\n\r\n<p>The native role of <strong>Karmyn&trade; Protein </strong>is to protect the seed from harsh conditions and arm it for survival. Now we can transfer those protective properties to your skin and hair.</p>\r\n',	0,	1,	0,	0,	'2016-10-18 18:34:21',	'2017-11-08 10:51:56',	10),
(48,	'CapSol™ Formulations',	'<h2 id=\"capsol-formulations\">CapSol&trade; Formulations</h2>\r\n\r\n<p><strong>CapSol&trade; </strong>is a breakthrough in sun care product formulation technology. It delivers superior product aesthetics, environmental safety, ingredient sustainability and formulation cost reduction.</p>\r\n',	0,	1,	0,	0,	'2016-10-19 00:36:05',	'2017-11-08 11:01:45',	10),
(49,	'Botaneco Hosts Editors From Leading Personal Care Magazines',	'',	0,	1,	0,	0,	'2017-08-22 20:23:07',	'2017-08-22 20:23:07',	10),
(50,	'Botaneco Hosts Editors From Top Personal Care Magazines',	'<p>Wednesday, August 9th, 2017 - Botaneco hosted five editors from top personal care magazines at our new office in Lambertville, New Jersey.</p>\r\n\r\n<p>Read the press releases from this event:</p>\r\n\r\n<ul>\r\n	<li>Chemical &amp; Engineering News: <a href=\"http://cen.acs.org/articles/95/web/2017/08/Botaneco-opens-New-Jersey-lab.html\">Botaneco Opens New Jersey Lab</a></li>\r\n	<li>Cosmetics Business: <a href=\"https://www.cosmeticsbusiness.com/news/article_page/Botaneco_opens_new_US_sustainable_ingredients_centre/132666\">Botaneco Opens New US Sustainable Ingredients Centre</a></li>\r\n	<li>CosmeticsDesign.com: <a href=\"http://www.cosmeticsdesign.com/Formulation-Science/Botaneco-opens-US-innovation-facility?utm_source=newsletter_daily&amp;utm_medium=email&amp;utm_campaign=10-Aug-2017&amp;c=nozkzrPUqsfEIoEsBVHhW%2FJikZDYJcCd&amp;p2\">Botaneco Opens US Innovation Facility</a></li>\r\n	<li>Global Cosmetic Industry: <a href=\"http://www.gcimagazine.com/marketstrends/segments/suncare/Botaneco-Unveils-New-Lab--Breakthrough-Multifunctional-Sunscreen-Technology-439659753.html\">Botaneco Unveils New Lab &amp; Breakthrough Multifunctional Sunscreen Technology </a></li>\r\n	<li>Happi: <a href=\"http://www.happi.com/contents/view_slideshows/2017-08-11/botaneco-invests-in-sustainable-beauty/#slideshowimage_3\">Botaneco&#39;s Idea of Sustainable Beauty</a></li>\r\n</ul>\r\n',	0,	1,	0,	0,	'2017-08-22 20:30:05',	'2017-08-22 20:30:05',	10),
(51,	'Botaneco Hosts Editors From Leading Personal Care Magazines (news page)',	'<p><br />\r\n&nbsp;&nbsp;&nbsp;&nbsp;&nbsp;&nbsp;&nbsp;&nbsp;&nbsp;&nbsp;&nbsp;&nbsp;&nbsp;&nbsp;&nbsp;&nbsp;&nbsp;&nbsp;&nbsp;&nbsp;&nbsp;&nbsp;&nbsp;&nbsp;&nbsp;&nbsp;&nbsp;&nbsp;&nbsp;&nbsp;&nbsp;&nbsp;&nbsp;&nbsp;&nbsp;&nbsp;&nbsp;&nbsp;&nbsp;&nbsp;&nbsp;&nbsp;&nbsp;&nbsp;&nbsp;&nbsp;&nbsp;&nbsp;&nbsp;&nbsp;&nbsp;&nbsp;&nbsp;&nbsp;&nbsp;<img alt=\"\" src=\"/upload/body_image/attachments/47/Front Entrace 1 (002).jpg\" style=\"width: 320px; height: 240px;\" /></p>\r\n\r\n<p>On Wednesday, August 9th, 2017 Botaneco hosted five editors from leading personal care magazines at our new office in Lambertville, New Jersey.</p>\r\n\r\n<p>Read the press releases from this event:</p>\r\n\r\n<ul>\r\n	<li>Chemical &amp; Engineering News: <a href=\"http://cen.acs.org/articles/95/web/2017/08/Botaneco-opens-New-Jersey-lab.html\" target=\"_blank\">Botaneco Opens New Jersey Lab</a></li>\r\n	<li>Cosmetics Business: <a href=\"https://www.cosmeticsbusiness.com/news/article_page/Botaneco_opens_new_US_sustainable_ingredients_centre/132666\" target=\"_blank\">Botaneco Opens New US Sustainable Ingredients Centre</a></li>\r\n	<li>CosmeticsDesign.com: <a href=\"http://www.cosmeticsdesign.com/Formulation-Science/Botaneco-opens-US-innovation-facility?utm_source=newsletter_daily&amp;utm_medium=email&amp;utm_campaign=10-Aug-2017&amp;c=nozkzrPUqsfEIoEsBVHhW%2FJikZDYJcCd&amp;p2\" target=\"_blank\">Botaneco Opens US Innovation Facility</a></li>\r\n	<li>Global Cosmetic Industry: <a href=\"http://www.gcimagazine.com/marketstrends/segments/suncare/Botaneco-Unveils-New-Lab--Breakthrough-Multifunctional-Sunscreen-Technology-439659753.html\" target=\"_blank\">Botaneco Unveils New Lab &amp; Breakthrough Multifunctional Sunscreen Technology</a></li>\r\n	<li>Happi: <a href=\"http://www.happi.com/contents/view_slideshows/2017-08-11/botaneco-invests-in-sustainable-beauty/#slideshowimage_3\" target=\"_blank\">Botaneco&#39;s Idea of Sustainable Beauty</a></li>\r\n</ul>\r\n',	0,	1,	0,	0,	'2017-08-24 04:40:14',	'2017-08-24 17:01:31',	10),
(52,	'Botaneco is named the 2017 \'Company of the Year\' by BioAlberta!',	'<hr />\r\n<h2 class=\"center\"><strong>Botaneco</strong><span style=\"line-height: 107%; font-family: &quot;Calibri&quot;,sans-serif; font-size: 11pt; mso-ascii-theme-font: minor-latin; mso-fareast-font-family: Calibri; mso-fareast-theme-font: minor-latin; mso-hansi-theme-font: minor-latin; mso-bidi-font-family: &quot;Times New Roman&quot;; mso-bidi-theme-font: minor-bidi; mso-ansi-language: EN-CA; mso-fareast-language: EN-US; mso-bidi-language: AR-SA;\">&reg;</span><strong> is named the 2017 BioAlberta &quot;Company of the Year&quot;!</strong></h2>\r\n\r\n<p><img alt=\"\" src=\"/upload/body_image/attachments/48/BioAlberta Company of the Year.JPG\" style=\"width: 333px; height: 249px;\" /></p>\r\n\r\n<p><a href=\"http://www.businesswire.com/news/home/20170922005625/en/BioAlberta-Recognizes-Alberta-Innovators-Entrepreneurs-2017-AGM\">Read the article</a></p>\r\n',	0,	1,	0,	0,	'2017-09-30 18:03:18',	'2017-12-10 12:36:08',	10),
(53,	'Product Technical Literature',	'',	0,	1,	0,	1,	'2017-11-10 17:15:47',	'2017-11-10 17:15:47',	10),
(54,	'Product Technical Documents',	'<h1>Technical Literature</h1>\r\n\r\n<table border=\"2\" cellpadding=\"5\" cellspacing=\"5\" style=\"height:100px;width:1000px;\">\r\n	<thead>\r\n		<tr>\r\n			<th scope=\"col\">\r\n			<p class=\"center\">CapSol&trade;</p>\r\n			</th>\r\n			<th scope=\"col\">\r\n			<p class=\"center\">Hydresia&trade; Dulce</p>\r\n			</th>\r\n			<th scope=\"col\">\r\n			<p class=\"center\">Hydresia&trade;&nbsp;G2</p>\r\n			</th>\r\n			<th scope=\"col\">\r\n			<p class=\"center\">Hydresia&trade; SF2</p>\r\n			</th>\r\n			<th scope=\"col\">\r\n			<p class=\"center\">Karmyn&trade;</p>\r\n			</th>\r\n		</tr>\r\n	</thead>\r\n	<tbody>\r\n		<tr>\r\n			<td style=\"text-align: center;\"><span class=\"center-btn\"><a href=\"/upload/media_element/attachments/314/Botaneco CapSol Data Sheet.pdf\">Data Sheet</a></span></td>\r\n			<td><span class=\"center-btn\"><a href=\"/upload/media_element/attachments/322/Botaneco Hydresia Dulce Data Sheet.pdf\">Data Sheet</a></span></td>\r\n			<td><span class=\"center-btn\"><a href=\"/upload/media_element/attachments/315/Botaneco Hydresia G2 Data Sheet.pdf\">Data Sheet</a></span></td>\r\n			<td><span class=\"center-btn\"><a href=\"/upload/media_element/attachments/316/Botaneco Hydresia SF2 Data Sheet.pdf\">Data Sheet</a></span></td>\r\n			<td><span class=\"center-btn\"><a href=\"/upload/media_element/attachments/317/Botaneco Karmyn Data Sheet.pdf\">Data Sheet</a></span></td>\r\n		</tr>\r\n		<tr>\r\n			<td>\r\n			<div style=\"text-align: center;\"><span class=\"center-btn\"><a href=\"/upload/media_element/attachments/318/Botaneco CapSol SDS.pdf\">SDS</a></span></div>\r\n			</td>\r\n			<td><span class=\"center-btn\"><a href=\"/upload/media_element/attachments/323/Botaneco Hydresia Dulce SDS.pdf\">SDS</a></span></td>\r\n			<td><span class=\"center-btn\"><a href=\"/upload/media_element/attachments/319/Botaneco Hydresia G2 SDS.pdf\">SDS</a></span></td>\r\n			<td><span class=\"center-btn\"><a href=\"/upload/media_element/attachments/320/Botaneco Hydresia SF2 SDS.pdf\">SDS</a></span></td>\r\n			<td><span class=\"center-btn\"><a href=\"/upload/media_element/attachments/321/Botaneco Karmyn SDS.pdf\">SDS</a></span></td>\r\n		</tr>\r\n	</tbody>\r\n</table>\r\n',	0,	1,	0,	0,	'2017-11-09 20:21:12',	'2017-11-11 11:37:19',	10),
(55,	'View Technical Literature',	'<hr />\r\n<p class=\"center\"><a href=\"https://www.botaneco.com/products/technical-literature\"><strong>Click to View </strong></a></p>\r\n\r\n<p class=\"center\"><a href=\"https://www.botaneco.com/products/technical-literature\"><strong>Technical Information </strong></a></p>\r\n\r\n<p class=\"center\"><a href=\"https://www.botaneco.com/products/technical-literature\"><strong>For All Products</strong></a></p>\r\n',	0,	1,	0,	0,	'2017-11-10 21:20:57',	'2017-11-11 11:32:05',	10),
(56,	'Formulation Showcase',	'<p>We&rsquo;re committed to supporting customers in their effort to integrate high performing, quality natural ingredients in their products. Not innovation for innovation&rsquo;s sake, but adding value in ways that are important to their customers and their business.</p>\r\n\r\n<p>We know that integrating natural products into formulations can be a challenge, so we don&rsquo;t just offer formulations, we also back it up with testing and knowledge to make our ingredients work for you.</p>\r\n\r\n<p>Explore our current formulations, order samples, and contact us to discuss how we can create the right solution for you.</p>\r\n',	0,	1,	0,	0,	'2018-07-19 02:34:28',	'2018-07-23 18:33:20',	2),
(57,	'Karmyn - Technical Literature',	'<p><strong>Karmyn</strong><strong>&trade;</strong><strong>&nbsp;</strong>protein, a native high molecular weight (~250-300KD) safflower storage protein, plays an important role in equipping a seed for survival and preventing denaturation. Using a patented process,<strong>&nbsp;Karmyn&trade;&nbsp;</strong>protein is extracted from the seed in its whole, undamaged state. No harsh chemicals or enzymes are used in this process, providing a higher sustainable, plant-based protein solution.</p>\r\n\r\n<h3>MAIN APPLICATIONS:&nbsp;<a href=\"https://www.botaneco.com/formulation-showcase\">Natural Shampoos, Conditioners and Body Washes</a></h3>\r\n\r\n<p><a href=\"/upload/media_element/attachments/423/Botaneco Karmyn Sellsheet.pdf\"><span class=\"btn\" style=\"line-height: 1.42857;\">DATA SHEET</span></a>&nbsp;<a href=\"/upload/media_element/attachments/424/SDS Karmyn 10-002.pdf\"><span class=\"btn\" style=\"line-height: 1.42857;\">SDS</span></a>&nbsp;<a href=\"https://www.botaneco.com/contact/request-sample1.html\"><span class=\"btn\" style=\"line-height: 1.42857;\">REQUEST SAMPLE</span></a></p>\r\n',	0,	1,	0,	0,	'2018-07-30 09:03:20',	'2018-07-30 15:03:50',	11),
(58,	'Sustainability',	'<p style=\"margin-left: -0.25pt;\">We are a world leader because we fundamentally change how people care for themselves by what they put on their skin and in their bodies through the ingredients we develop. We are pushing the boundaries of oilseed innovation emphasizing naturalness, sustainability and environmental conscientiousness. As a result, we are enriching people&rsquo;s health and well-being worldwide with the presence of our transformational innovations in oilseed production.</p>\r\n\r\n<p style=\"margin-left: -0.25pt;\">We know that strong business does not have to sacrifice a healthy environment. It is our commitment to operate in a way that protects the wellbeing of people and the planet, while maintaining the integrity of our products and process that we have worked tirelessly to create.</p>\r\n\r\n<p style=\"margin-left: -0.25pt;\">For <strong>Botaneco<span lang=\"EN-US\" style=\"line-height: 107%; font-family: &quot;Arial&quot;,sans-serif; font-size: 12pt; mso-bidi-font-size: 11.0pt; mso-fareast-font-family: Arial; mso-ansi-language: EN-US; mso-fareast-language: EN-US; mso-bidi-language: AR-SA;\">&reg;</span></strong>, water is the heart of our business. Our entire manufacturing process is water-based. We do not use solvents or other harsh chemicals to extract the natural energy source of the seed &ndash; our sole extraction solvent is water. Water is also necessary to grow the oilseed ingredients on which we rely. As we work to establish a more sustainable business, water stewardship will be a core focus for <strong>Botaneco<span lang=\"EN-US\" style=\"line-height: 107%; font-family: &quot;Arial&quot;,sans-serif; font-size: 12pt; mso-bidi-font-size: 11.0pt; mso-fareast-font-family: Arial; mso-ansi-language: EN-US; mso-fareast-language: EN-US; mso-bidi-language: AR-SA;\">&reg;</span></strong>. The other areas of focus for our sustainability and stewardship efforts is our carbon footprint and our energy consumption.</p>\r\n\r\n<p style=\"margin-left: -0.25pt;\">We know that our customers are also focused on the sustainability of their own operations and brands. As a supplier, it is our goal to drive sustainable improvements throughout the supply chain and to exceed the expectations of our customers&rsquo; sustainability programs. We recognize that business, people, communities, ecosystems, and economics are all integrated.</p>\r\n',	0,	1,	0,	0,	'2018-08-01 08:41:39',	'2019-01-28 14:25:22',	10),
(59,	't1',	'<p>This is a <a href=\"/upload/media_element/attachments/429/demo-document.pdf\">test</a>.</p>\r\n',	0,	1,	0,	0,	'2019-01-15 17:46:18',	'2019-01-15 17:46:18',	4),
(60,	'Demo Text',	'<p>One <strong><em>two</em></strong> three</p>\r\n\r\n<p>Test <a href=\"/upload/media_element/attachments/430/demo-document.pdf\">hello</a> hello <a href=\"http://www.google.com\">hello</a></p>\r\n\r\n<p>&nbsp;</p>\r\n\r\n<p>&nbsp;</p>\r\n',	0,	1,	0,	0,	'2019-01-14 21:14:37',	'2019-06-05 20:55:43',	4),
(61,	'Test1234',	'<p>Test1234</p>\r\n',	0,	1,	0,	1,	'2019-01-24 14:52:08',	'2019-01-24 14:52:08',	10),
(62,	'Food and Feed Intro',	'<div style=\"margin: 0px 5%;\">\r\n<h1>ACCESS HEALTHY, SUSTAINABLE &amp; NATURAL ALTERNATIVES</h1>\r\n\r\n<p>Sustainable. Efficient. Natural. Botaneco<sup>&reg;</sup> delivers on these requirements and more. Our highly functional natural ingredients, accessed from oilseeds, provide alternative plant-based products for food and feed. By maintaining the integrity of the oilseed&#39;s components, we access more from it without altering unique performance characteristics - delivering encapsulation and delivery systems, emulsifiers, protein concentrates and isolates, and feed meal.</p>\r\n\r\n<p>As a result, our ingredients have the potential to replace undesirable ingredients to create healthy, clean-label and sustainable foods. Botaneco<sup>&reg;</sup> is the sole provider of oleosomes and functional native proteins. By reimagining oilseed processing, we deliver innovative products unavailable via conventional methods, creating value from farm to final product.</p>\r\n</div>\r\n',	0,	1,	0,	0,	'2019-01-25 16:16:27',	'2019-02-28 21:51:11',	10),
(63,	'ACCESS HEALTHY, SUSTAINABLE & NATURAL ALTERNATIVES',	'<h1>ACCESS HEALTHY, SUSTAINABLE &amp; NATURAL ALTERNATIVES</h1>\r\n\r\n<div>Sustainable. Efficient, Natural. Botaneco<span class=\"TextRun SCXW193109334\" lang=\"EN-US\" style=\"line-height: 20.5px; font-family: Arial,Arial_MSFontService,Sans-Serif; font-size: 12pt; font-weight: bold;\" xml:lang=\"EN-US\"><span class=\"NormalTextRun SCXW193109334\" style=\"background-color: inherit;\">&reg;</span></span> delivers on these requirements and more. Our highly functional natural ingredients, accessed from oilseeds, provide alternative plant-based products for food and feed. By maintaining the integrity of the oilseed&#39;s components, we access more from it without altering unique performance characteristics - delivering encapsulation and delivery systems, emulsifiers, protein concentrates and isolates, and feed meal. As a result, our ingredients have the potential to replace undesirable ingredients to create healthy, clean-label and sustainable foods.</div>\r\n\r\n<div>&nbsp;</div>\r\n\r\n<div>Botaneco<span class=\"TextRun SCXW193109334\" lang=\"EN-US\" style=\"line-height: 20.5px; font-family: Arial,Arial_MSFontService,Sans-Serif; font-size: 12pt; font-weight: bold;\" xml:lang=\"EN-US\"><span class=\"NormalTextRun SCXW193109334\" style=\"background-color: inherit;\">&reg;</span></span> is the sole provider of oleosomes and functional native proteins. By reimagining oilseed processing, we deliver innovative products unavailable via conventional methods, creating value from farm to final product.</div>\r\n\r\n<div class=\"OutlineElement Ltr SCXW175325555\" style=\"direction: ltr;\">\r\n<div class=\"Paragraph SCXW175325555\" paraeid=\"{7faf35fb-9552-43a8-a8fc-acdfc4a1f005}{83}\" paraid=\"1474979254\" style=\"text-align: left; color: windowtext; text-indent: 0px; padding-right: 0px; padding-left: 0px; font-style: normal; font-weight: normal; margin-right: 0px; margin-left: 0px; vertical-align: baseline; background-color: transparent;\">&nbsp;</div>\r\n</div>\r\n',	0,	1,	0,	1,	'2019-02-07 21:07:34',	'2019-02-07 21:07:34',	10),
(64,	'Protein Industries Canada',	'<p class=\"center\"><img alt=\"\" src=\"/upload/body_image/attachments/60/pic-image.jpg\" style=\"width: 150px; height: 150px;\" /></p>\r\n\r\n<p class=\"center\">We&#39;re proud to be a part of an industry-led consortium that shares a common vision to&nbsp;</p>\r\n\r\n<p class=\"center\">position Canada globally as a leading source of high-quality plant-based co-products.</p>\r\n\r\n<p class=\"center\"><a href=\"http://www.proteinindustriescanada.ca/\"><span class=\"btn\">Explore the pic mission</span></a></p>\r\n\r\n<p>&nbsp;</p>\r\n\r\n<p>&nbsp;</p>\r\n\r\n<p align=\"left\" style=\"margin: 0cm 0cm 0pt 36pt; text-align: left;\">&nbsp;</p>\r\n',	0,	1,	0,	0,	'2019-02-26 17:08:26',	'2019-02-27 14:46:14',	10);

CREATE TABLE `three_column` (
  `id` int(11) NOT NULL AUTO_INCREMENT,
  `cms_headline` varchar(255) NOT NULL DEFAULT '',
  `title` varchar(255) DEFAULT '',
  `background_color` varchar(255) DEFAULT NULL,
  `text_position` varchar(255) DEFAULT NULL,
  `first_column` text,
  `second_column` text,
  `third_column` text,
  `cms_active` tinyint(1) NOT NULL DEFAULT '1',
  `cms_deleted` tinyint(1) NOT NULL DEFAULT '0',
  `cms_draft` tinyint(1) NOT NULL DEFAULT '0',
  `cms_created` datetime NOT NULL,
  `cms_modified` datetime NOT NULL,
  `cms_modified_by_user` int(11) NOT NULL DEFAULT '0',
  PRIMARY KEY (`id`)
) ENGINE=InnoDB DEFAULT CHARSET=utf8;

INSERT INTO `three_column` (`id`, `cms_headline`, `title`, `background_color`, `text_position`, `first_column`, `second_column`, `third_column`, `cms_active`, `cms_deleted`, `cms_draft`, `cms_created`, `cms_modified`, `cms_modified_by_user`) VALUES
(1,	'Hydresia® Oleosome Portfolio',	'',	'',	'item-center',	'<h1><span class=\"big-text\">SF2</span></h1>\r\n\r\n<p>Safflower oleosome delivery system that functions to improve the aesthetics of all formulations for unparalleled efficacy in personal care.</p>\r\n\r\n<p><a href=\"/_page48\"><span class=\"btn\">Request Sample</span></a></p>\r\n',	'<h1><span class=\"big-text\">G2</span></h1>\r\n\r\n<p>Long-lasting moisturization and emulsifying traits as a result of delayed release of oils and vitamins, supplied by safflower oleosomes.</p>\r\n\r\n<p><a href=\"/_page48\"><span class=\"btn\">Request Sample</span></a></p>\r\n',	'<h1><span class=\"big-text\">Dulc&eacute;</span></h1>\r\n\r\n<p>Luxurious long lasting moisturization and emulsifying traits as a result of delayed release of emollient almond oil and vitamin E, supplied by sweet almond oleosomes.</p>\r\n\r\n<p><a href=\"/_page48\"><span class=\"btn\">Request Sample</span></a></p>\r\n',	1,	0,	0,	'2015-07-31 14:38:13',	'2018-07-25 20:16:22',	2),
(2,	'Resources',	'Resources',	'',	'item-center',	'<p><a href=\"/_page29\"><img alt=\"\" src=\"/upload/body_image/attachments/12/faqs.svg\" style=\"width: 100px; height: 100px;\" /></a></p>\r\n\r\n<h3><a href=\"/_page29\">TECHNICAL</a><br />\r\n<a href=\"/_page29\">SUPPORT</a></h3>\r\n',	'<p><a href=\"/_page31\"><img alt=\"\" src=\"/upload/body_image/attachments/11/stories.svg\" style=\"width: 100px; height: 100px;\" /></a></p>\r\n\r\n<h3><a href=\"/_page31\">FORMULATION<br />\r\nSHOWCASE</a></h3>\r\n',	'<p><a href=\"/_page28\"><img src=\"/upload/body_image/attachments/13/techincal.svg\" style=\"width: 100px; height: 100px;\" /></a></p>\r\n\r\n<h3><a href=\"/_page28\">TECHNICAL<br />\r\nLITERATURE</a></h3>\r\n',	1,	0,	0,	'2015-07-31 20:43:55',	'2018-07-25 20:08:56',	2),
(3,	'Partners 01',	'',	'',	'',	'<p style=\"box-sizing: border-box; color: rgb(51, 51, 51); font-family: Roboto; font-size: 14px; line-height: 20px; background-color: rgb(255, 255, 255);\">Canada<br style=\"box-sizing: border-box;\" />\r\nCambrian Solutions Inc.&nbsp;<br style=\"box-sizing: border-box;\" />\r\nKey Contact &ndash;&nbsp;<a href=\"mailto:Diana.Franco@Cambrian.com\" style=\"box-sizing: border-box; background-color: transparent;\" target=\"_blank\">Diana Franco</a></p>\r\n\r\n<p style=\"box-sizing: border-box; color: rgb(51, 51, 51); font-family: Roboto; font-size: 14px; line-height: 20px; background-color: rgb(255, 255, 255);\"><img alt=\"\" src=\"/upload/body_image/attachments/6/cambrian.png\" style=\"width: 225px; height: 43px; margin-top: 21px; margin-bottom: 21px;\" /></p>\r\n',	'<p><span style=\"color: rgb(51, 51, 51); font-family: Roboto; font-size: 14px; line-height: 20px; background-color: rgb(255, 255, 255);\">Western USA and Texas&nbsp;</span><br style=\"color: rgb(51, 51, 51); font-family: Roboto; font-size: 14px; line-height: 20px; box-sizing: border-box;\" />\r\n<span style=\"color: rgb(51, 51, 51); font-family: Roboto; font-size: 14px; line-height: 20px; background-color: rgb(255, 255, 255);\">ROSS Organics&nbsp;</span><br style=\"color: rgb(51, 51, 51); font-family: Roboto; font-size: 14px; line-height: 20px; box-sizing: border-box;\" />\r\n<span style=\"color: rgb(51, 51, 51); font-family: Roboto; font-size: 14px; line-height: 20px; background-color: rgb(255, 255, 255);\">Key Contact &ndash;&nbsp;</span><a href=\"mailto:richard@rossorg.com\" style=\"font-family: Roboto; font-size: 14px; line-height: 20px; box-sizing: border-box;\" target=\"_blank\">Rich Hersey</a></p>\r\n\r\n<p><img alt=\"\" src=\"/upload/body_image/attachments/9/ROSS organics.png\" style=\"width: 144px; height: 88px;\" /></p>\r\n',	'<p><span style=\"color: rgb(51, 51, 51); font-family: Roboto; font-size: 14px; line-height: 20px; background-color: rgb(255, 255, 255);\">South East USA&nbsp;</span><br style=\"color: rgb(51, 51, 51); font-family: Roboto; font-size: 14px; line-height: 20px; box-sizing: border-box;\" />\r\n<span style=\"color: rgb(51, 51, 51); font-family: Roboto; font-size: 14px; line-height: 20px; background-color: rgb(255, 255, 255);\">Blue Sun International&nbsp;</span><br style=\"color: rgb(51, 51, 51); font-family: Roboto; font-size: 14px; line-height: 20px; box-sizing: border-box;\" />\r\n<span style=\"color: rgb(51, 51, 51); font-family: Roboto; font-size: 14px; line-height: 20px; background-color: rgb(255, 255, 255);\">Key Contact &ndash;&nbsp;</span><a href=\"mailto:valvarez@bluesun-international.com\" style=\"font-family: Roboto; font-size: 14px; line-height: 20px; box-sizing: border-box;\" target=\"_blank\">Victor Alvarez</a></p>\r\n\r\n<p><img alt=\"\" src=\"/upload/body_image/attachments/8/BLUE SUN.png\" style=\"width: 86px; height: 86px;\" /></p>\r\n',	1,	0,	0,	'2015-08-31 17:54:47',	'2015-09-01 17:58:21',	7),
(4,	'Partners 02',	'',	'',	'',	'<p style=\"box-sizing: border-box; color: rgb(51, 51, 51); font-family: Roboto; font-size: 14px; line-height: 20px; background-color: rgb(255, 255, 255);\">Eastern USA&nbsp;<br style=\"box-sizing: border-box;\" />\r\nAxiom Ingredients&nbsp;<br style=\"box-sizing: border-box;\" />\r\nKey Contact &ndash;&nbsp;<a href=\"mailto:mdesantis@axiomingredients.com\" style=\"box-sizing: border-box; background-color: transparent;\" target=\"_blank\">Michael DeSantis</a></p>\r\n',	'<p><span style=\"color: rgb(51, 51, 51); font-family: Roboto; font-size: 14px; line-height: 20px; background-color: rgb(255, 255, 255);\">Australia and New Zealand&nbsp;</span><br style=\"color: rgb(51, 51, 51); font-family: Roboto; font-size: 14px; line-height: 20px; box-sizing: border-box;\" />\r\n<span style=\"color: rgb(51, 51, 51); font-family: Roboto; font-size: 14px; line-height: 20px; background-color: rgb(255, 255, 255);\">A.S. Harrision&nbsp;</span><br style=\"color: rgb(51, 51, 51); font-family: Roboto; font-size: 14px; line-height: 20px; box-sizing: border-box;\" />\r\n<span style=\"color: rgb(51, 51, 51); font-family: Roboto; font-size: 14px; line-height: 20px; background-color: rgb(255, 255, 255);\">Key Contact &ndash;&nbsp;</span><a href=\"mailto:marianne.cochennec@harrison.com.au\" style=\"font-family: Roboto; font-size: 14px; line-height: 20px; box-sizing: border-box;\" target=\"_blank\">Marianne Cochennec</a></p>\r\n\r\n<p><a href=\"mailto:marianne.cochennec@harrison.com.au\" style=\"font-family: Roboto; font-size: 14px; line-height: 20px; box-sizing: border-box;\" target=\"_blank\"><img alt=\"\" src=\"/upload/body_image/attachments/7/Layer 11.png\" style=\"width: 95px; height: 88px;\" /></a></p>\r\n',	'<p><span style=\"color: rgb(51, 51, 51); font-family: Roboto; font-size: 14px; line-height: 20px; background-color: rgb(255, 255, 255);\">Korea&nbsp;</span><br style=\"color: rgb(51, 51, 51); font-family: Roboto; font-size: 14px; line-height: 20px; box-sizing: border-box;\" />\r\n<span style=\"color: rgb(51, 51, 51); font-family: Roboto; font-size: 14px; line-height: 20px; background-color: rgb(255, 255, 255);\">JansonLee Corporation</span><br style=\"color: rgb(51, 51, 51); font-family: Roboto; font-size: 14px; line-height: 20px; box-sizing: border-box;\" />\r\n<span style=\"color: rgb(51, 51, 51); font-family: Roboto; font-size: 14px; line-height: 20px; background-color: rgb(255, 255, 255);\">Key Contact &ndash;&nbsp;</span><a href=\"mailto:jslcorp@hotmail.com\" style=\"font-family: Roboto; font-size: 14px; line-height: 20px; box-sizing: border-box;\" target=\"_blank\">Mr.Kim</a><span style=\"color: rgb(51, 51, 51); font-family: Roboto; font-size: 14px; line-height: 20px; background-color: rgb(255, 255, 255);\">&nbsp;</span></p>\r\n',	1,	0,	0,	'2015-09-01 18:00:48',	'2015-09-01 18:00:48',	7),
(5,	'Partners 03',	'',	'',	'',	'<p><span style=\"color: rgb(51, 51, 51); font-family: Roboto; font-size: 14px; line-height: 20px; background-color: rgb(255, 255, 255);\">Brazil&nbsp;</span><br style=\"box-sizing: border-box; color: rgb(51, 51, 51); font-family: Roboto; font-size: 14px; line-height: 20px; background-color: rgb(255, 255, 255);\" />\r\n<span style=\"color: rgb(51, 51, 51); font-family: Roboto; font-size: 14px; line-height: 20px; background-color: rgb(255, 255, 255);\">Dinaco SA&nbsp;</span><br style=\"box-sizing: border-box; color: rgb(51, 51, 51); font-family: Roboto; font-size: 14px; line-height: 20px; background-color: rgb(255, 255, 255);\" />\r\n<span style=\"color: rgb(51, 51, 51); font-family: Roboto; font-size: 14px; line-height: 20px; background-color: rgb(255, 255, 255);\">Key Contact &ndash;&nbsp;</span><a href=\"mailto:Wilza.teles@dinaco-sa.com.br\" style=\"box-sizing: border-box; font-family: Roboto; font-size: 14px; line-height: 20px; background-color: rgb(255, 255, 255);\">Wilza Teres</a></p>\r\n',	'',	'',	1,	0,	0,	'2015-09-01 18:01:21',	'2015-09-01 18:01:21',	7),
(6,	'Hire.Develop.Promote.',	'',	'',	'item-center',	'<h2>Courageous Explorer</h2>\r\n\r\n<h2><img alt=\"\" src=\"/upload/body_image/attachments/32/Courageous Explorer_NF.jpg\" /></h2>\r\n\r\n<hr />\r\n<p>You take action with the<br />\r\nend in mind.</p>\r\n\r\n<p>You never say<br />\r\n&#39;that&#39;s not my job&#39;.</p>\r\n\r\n<p>You understand that<br />\r\nsuccess begins at the edge<br />\r\nof your comfort zone.</p>\r\n\r\n<p>You question actions<br />\r\ninconsistent with our<br />\r\nculture and goals.</p>\r\n',	'<h2>Meticulous Artisan</h2>\r\n\r\n<h2><img alt=\"\" src=\"/upload/body_image/attachments/33/Meticulous Artisan_NF.jpg\" /></h2>\r\n\r\n<hr />\r\n<p>You are inspired by the work&nbsp;you and the company do.</p>\r\n\r\n<p>You take ownership of your&nbsp;work and accountability for&nbsp;your actions.</p>\r\n\r\n<p>You bring your best self&nbsp;to work and focus on&nbsp;what matters.</p>\r\n\r\n<p>You care about people,&nbsp;product and performance&nbsp;...the little things matter.</p>\r\n',	'<h2>Difference Maker</h2>\r\n\r\n<p><img alt=\"\" src=\"/upload/body_image/attachments/34/Difference Maker_NF.jpg\" /></p>\r\n\r\n<hr />\r\n<p>You recognize what is<br />\r\nneeded and make it happen.</p>\r\n\r\n<p>You get from &#39;what&#39;s wrong&#39;<br />\r\nto &#39;what can we do about it&#39;.</p>\r\n\r\n<p>You seek to understand<br />\r\nfirst and communicate<br />\r\nwith respect.</p>\r\n\r\n<p>You do the right thing<br />\r\n... even when no one<br />\r\nis watching.</p>\r\n',	1,	0,	0,	'2015-10-13 08:48:22',	'2019-01-09 22:05:00',	4),
(7,	'Karmyn Resources',	'Resources',	'',	'item-center',	'<p><a href=\"/_page57\"><img alt=\"\" src=\"/upload/body_image/attachments/12/faqs.svg\" style=\"width: 100px; height: 100px;\" /></a></p>\r\n\r\n<h3><a href=\"/_page57\">PROPERTIES<br />\r\nAND BENEFITS</a></h3>\r\n',	'<p><a href=\"/_page31#karmyn-protein-formulations\"><img alt=\"\" src=\"/upload/body_image/attachments/11/stories.svg\" style=\"width: 100px; height: 100px;\" /></a></p>\r\n\r\n<h3><a href=\"/_page31#karmyn-protein-formulations\">FORMULATION<br />\r\nSHOWCASE</a></h3>\r\n',	'<p><a href=\"/_page58\"><img src=\"/upload/body_image/attachments/13/techincal.svg\" style=\"width: 100px; height: 100px;\" /></a></p>\r\n\r\n<h3><a href=\"/_page58\">TECHNICAL<br />\r\nLITERATURE</a></h3>\r\n',	1,	0,	0,	'2016-03-22 20:36:53',	'2018-07-25 18:34:26',	2),
(8,	'CapSol Resources',	'Resources',	'',	'item-center',	'<p><a href=\"/_page61\"><img alt=\"\" src=\"/upload/body_image/attachments/12/faqs.svg\" style=\"width: 100px; height: 100px;\" /></a></p>\r\n\r\n<h3><a href=\"/_page61\">PROPERTIES<br />\r\nAND BENEFITS</a></h3>\r\n',	'<p><a href=\"/_page31#capsol-formulations\"><img alt=\"\" src=\"/upload/body_image/attachments/11/stories.svg\" style=\"width: 100px; height: 100px;\" /></a></p>\r\n\r\n<h3><a href=\"/_page31#capsol-formulations\">FORMULATION<br />\r\nSHOWCASE</a></h3>\r\n',	'<p><a href=\"/_page62\"><img src=\"/upload/body_image/attachments/13/techincal.svg\" style=\"width: 100px; height: 100px;\" /></a></p>\r\n\r\n<h3><a href=\"/_page62\">TECHNICAL<br />\r\nLITERATURE</a></h3>\r\n',	1,	0,	0,	'2016-10-13 21:02:51',	'2018-07-25 20:45:27',	2);

CREATE TABLE `two_column` (
  `id` int(11) NOT NULL AUTO_INCREMENT,
  `cms_headline` varchar(255) NOT NULL DEFAULT '',
  `title` varchar(255) DEFAULT '',
  `background_color` varchar(255) DEFAULT NULL,
  `text_position` varchar(255) DEFAULT NULL,
  `first_column` text,
  `second_column` text,
  `cms_active` tinyint(1) NOT NULL DEFAULT '1',
  `cms_deleted` tinyint(1) NOT NULL DEFAULT '0',
  `cms_draft` tinyint(1) NOT NULL DEFAULT '0',
  `cms_created` datetime NOT NULL,
  `cms_modified` datetime NOT NULL,
  `cms_modified_by_user` int(11) NOT NULL DEFAULT '0',
  PRIMARY KEY (`id`)
) ENGINE=InnoDB DEFAULT CHARSET=utf8;

INSERT INTO `two_column` (`id`, `cms_headline`, `title`, `background_color`, `text_position`, `first_column`, `second_column`, `cms_active`, `cms_deleted`, `cms_draft`, `cms_created`, `cms_modified`, `cms_modified_by_user`) VALUES
(1,	'Karmyn Image',	'',	'',	'',	'<p><img alt=\"\" src=\"/upload/body_image/attachments/36/HEXAMER-11-13-S.jpg\" style=\"width: 100%;\" /></p>\r\n',	'<h3>Carmin (~300kDa) shown as two &#39;stacked&#39; trimers. Each monomer consists of two subunits (acidic and basic) linked two by disulfide bonds (between 2 cysteine residues). The monomers are packed into a hexamer structure through non-covalent bonds such as hydrogen bonding, hydrophobic interactions and van der Waals forces.</h3>\r\n',	1,	0,	0,	'2016-03-26 16:55:19',	'2018-04-12 13:46:22',	10);

CREATE TABLE `video_block` (
  `id` int(11) NOT NULL AUTO_INCREMENT,
  `cms_headline` varchar(255) NOT NULL DEFAULT '',
  `placeholder` varchar(255) NOT NULL DEFAULT '',
  `video` tinyint(1) NOT NULL,
  `video_width` varchar(255) NOT NULL,
  `text_width` varchar(255) NOT NULL,
  `youtube_link` text NOT NULL,
  `text` text NOT NULL,
  `cms_active` tinyint(1) NOT NULL DEFAULT '1',
  `cms_deleted` tinyint(1) NOT NULL DEFAULT '0',
  `cms_draft` tinyint(1) NOT NULL DEFAULT '0',
  `cms_created` datetime NOT NULL,
  `cms_modified` datetime NOT NULL,
  `cms_modified_by_user` int(11) NOT NULL DEFAULT '0',
  PRIMARY KEY (`id`),
  KEY `cms_active` (`cms_active`),
  KEY `cms_deleted` (`cms_deleted`)
) ENGINE=InnoDB DEFAULT CHARSET=utf8;

INSERT INTO `video_block` (`id`, `cms_headline`, `placeholder`, `video`, `video_width`, `text_width`, `youtube_link`, `text`, `cms_active`, `cms_deleted`, `cms_draft`, `cms_created`, `cms_modified`, `cms_modified_by_user`) VALUES
(1,	'Home Page Video Full Length',	'/upload/video_block/1/f73d19fb7574/seeds.jpg',	0,	'5',	'7',	'',	'<h2>NATURAL. AUTHENTIC. PERFORMANCE.</h2>\r\n\r\n<p>Our story is one of oilseed innovation. Built by nature, oilseeds grew to withstand the elements and protect the energy source that fuels their growth.&nbsp; Through the application of a unique, gentle extraction process that alleviated the need for conventional crushing, heat and chemicals, <span class=\"s1\">Botaneco</span><sup>&reg;</sup><span class=\"s1\"> </span>was able to harness this natural, rich energy source. Unique to any other product available in the marketplace,<span class=\"s1\"> </span>Hydresia<sup>&reg; </sup><span class=\"s1\">Oleosomes </span>(Carthamus Tinctorus Safflower Oleosomes) offer an all-natural performance based delivery system with enhanced emulsifying, loading and moisturizing traits within the personal care industry.</p>\r\n',	1,	0,	0,	'2015-08-03 09:18:40',	'2015-10-06 18:08:22',	7),
(2,	'Hydresia Intro Video Block',	'/upload/video_block/2/34a8ec788ae6/seeds.jpg',	0,	'6',	'6',	'',	'<h2>A Difference You Can Feel</h2>\r\n\r\n<p>What do you get when you combine an oilseed and a gentle, extraction process that does not require crushing, heat or the use of chemicals? <em>Hydresia<sup>&reg;</sup> Oleosomes, micron sized spheres of emollient plant oils and vitamin E.</em></p>\r\n\r\n<p><span class=\"s1\">Hydresia<sup>&reg; </sup>Oleosomes, </span>are the only truly natural emulsifier on the market today possessing powerful skin hydration and multi-functional delivery system benefits.<span class=\"s1\"> Hydresia</span><sup>&reg;</sup><span class=\"s1\"><sup> </sup>Oleosomes </span>boast a unique, continuous&nbsp;moisture delivery system that is an all-natural alternative to chemical emulsifiers and irritating ingredients with its micro particles of skin softening oils and vitamins. A naturally superior system, <span class=\"s1\">Hydresia<sup>&reg;</sup> Oleosomes </span>allow the personal care industry to create better products that satisfy the emerging needs of consumers. The<span class=\"s1\"> Hydresia<sup>&reg;</sup> </span>system offers a <em>difference you can feel </em>and is currently used in over 350 different personal care products globally.</p>\r\n\r\n<p><a href=\"/_page27\"><span class=\"right-btn\">Read More</span></a></p>\r\n',	1,	0,	0,	'2015-07-30 16:53:06',	'2015-10-07 21:41:52',	7),
(3,	'Hydresia Formulation',	'/upload/video_block/3/86e4fe47c98e/videoplaceholder.png',	0,	'6',	'6',	'',	'<h2>Hydresia Formulation</h2>\r\n\r\n<p>Oleosomes are structures found naturally in oil bearing plant seeds and serve as natural storehouses of energy used by the seed until germination. They are found in virtually all crops, including safflower, almond and sunflower.</p>\r\n\r\n<p>Oleosomes are naturally occurring spheres 1-5 &micro; in diameter which consist of a center core of emollient plant oils and vitamin E, surrounded by a phospholipid membrane and stabilized by a protein coat...</p>\r\n\r\n<p><a class=\"pull-right btn\">Read More</a></p>\r\n',	1,	0,	0,	'2015-08-06 20:46:02',	'2015-08-06 20:46:02',	7),
(4,	'Oleosomes Video',	'/upload/video_block/4/75ce3d9692e2/stock-photo-making-herbal-beauty-care-remedy-of-oil-green-holistic-plants-fresh-cream-sea-salt-jars-and-1137185012.jpg',	1,	'6',	'6',	'https://www.youtube.com/watch?v=5Nkd2Ut97yo',	'<h2>Why Hydresia<sup>&reg; </sup>Oleosomes?</h2>\r\n\r\n<p><br />\r\nHydresia<sup>&reg;</sup> Oleosomes are an elegant, innovative ingredient in many of the world&rsquo;s most prestigious personal care and cosmetics products. Sourced from the timeless, sustainable safflower, they harness nature&rsquo;s energy into a powerful yet flexible solution for formulators.</p>\r\n\r\n<p>In the role of emulsifier, Hydresia<sup>&reg;</sup> Oleosomes provide a scientifically-superior solution that feels exceptionally mild on the skin. As an active delivery system, their unique extended release characteristics enhance time-release moisturization properties.</p>\r\n',	1,	0,	0,	'2015-10-13 20:23:34',	'2018-07-24 21:31:38',	2),
(5,	'Botaneco Story',	'/upload/video_block/5/4f9894a24a55/bubbles.jpg',	1,	'6',	'6',	'https://www.youtube.com/watch?v=xqq317LtG3U',	'<p>This is a video.</p>\r\n',	1,	0,	0,	'2015-10-21 23:32:10',	'2015-10-22 17:48:16',	7),
(6,	'Karmyn Formulations',	'/upload/video_block/6/3c9b02aaef42/516499106-2048x2048.jpg',	0,	'6',	'6',	'',	'<h2>Why Karmyn<sup style=\"top: -1em; font-size: 50%;\">TM</sup> Protein?</h2>\r\n\r\n<p><br />\r\n<strong>Karmyn&trade; Protein</strong> has been internally&nbsp;tested in a series of formulations including shampoos, conditioners, body&nbsp;washes and moisturizing lotions.</p>\r\n\r\n<p>When used in a shampoo and conditioner&nbsp;pre-treatment system, it will help to protect the hair from damage&nbsp;caused by chemical treatments by coating the hair, reducing the natural&nbsp;roughness.</p>\r\n\r\n<p>It also contributes to body,&nbsp;as rinsing enhances the creamy nutritive feel and luxurious sensation.&nbsp;</p>\r\n',	1,	0,	0,	'2016-03-20 20:40:47',	'2018-07-24 21:24:14',	2),
(7,	'CapSol Filter Level Reduction',	'/upload/video_block/7/142ecf166196/stock-photo-bottles-with-suntan-cream-and-sunglasses-in-hat-isolated-on-white-157065545.jpg',	0,	'6',	'6',	'',	'<h2>Why CapSol<sup style=\"top: -1em; font-size: 50%;\">TM</sup> Sun Care?</h2>\r\n\r\n<p>As a result of its novel structure,<strong> CapSol&trade;</strong> has the unique ability to load sunscreen filters in a way that dramatically reduces UV filter levels required for targeted SPF levels. Sunscreen filters are either embedded on the outer shell or absorbed inside the triglyceride core; this can be controlled through maximizing oleosome loading conditions. Microscopic examination confirms that active UV filters appear within the oleosome, on the surface of the oleosome and in small separate oil droplets<br />\r\nthat are stabilized within the emulsion.</p>\r\n',	1,	0,	0,	'2016-10-12 03:09:13',	'2018-07-25 00:10:36',	2);

CREATE TABLE `whats_new` (
  `id` int(11) NOT NULL AUTO_INCREMENT,
  `cms_headline` varchar(255) NOT NULL DEFAULT '',
  `date_submitted` date DEFAULT NULL,
  `summary` varchar(255) NOT NULL DEFAULT '',
  `content` varchar(255) NOT NULL DEFAULT '',
  `link` varchar(255) NOT NULL DEFAULT '',
  `cms_active` tinyint(1) NOT NULL DEFAULT '1',
  `cms_deleted` tinyint(1) NOT NULL DEFAULT '0',
  `cms_draft` tinyint(1) NOT NULL DEFAULT '0',
  `cms_created` datetime NOT NULL,
  `cms_modified` datetime NOT NULL,
  `cms_modified_by_user` int(11) NOT NULL DEFAULT '0',
  PRIMARY KEY (`id`)
) ENGINE=InnoDB DEFAULT CHARSET=utf8;


CREATE TABLE `workflow` (
  `id` int(11) NOT NULL AUTO_INCREMENT,
  `page_id` int(11) NOT NULL DEFAULT '0',
  `page_content_id` int(11) NOT NULL DEFAULT '0',
  `workflow_group_id` int(11) NOT NULL DEFAULT '0',
  `asset` varchar(255) NOT NULL DEFAULT '',
  `asset_id` int(11) NOT NULL DEFAULT '0',
  `action` int(11) NOT NULL DEFAULT '0',
  `draft` longtext NOT NULL,
  `submitted` tinyint(1) NOT NULL DEFAULT '0',
  `approved` tinyint(1) NOT NULL DEFAULT '0',
  `comments` text NOT NULL,
  `timed_start` datetime DEFAULT NULL,
  `timed_end` datetime DEFAULT NULL,
  `parent_workflow` int(11) NOT NULL DEFAULT '0',
  `completed` tinyint(1) NOT NULL DEFAULT '0',
  `cms_created` datetime NOT NULL,
  `cms_modified` datetime NOT NULL,
  `cms_modified_by_user` int(11) NOT NULL DEFAULT '0',
  PRIMARY KEY (`id`),
  KEY `object` (`asset`),
  KEY `object_id` (`asset_id`)
) ENGINE=InnoDB DEFAULT CHARSET=utf8;


CREATE TABLE `workflow_group` (
  `id` int(11) NOT NULL AUTO_INCREMENT,
  `workflow_title` varchar(255) NOT NULL DEFAULT '',
  `cms_created` datetime NOT NULL,
  `cms_modified` datetime NOT NULL,
  `cms_modified_by_user` int(11) NOT NULL DEFAULT '0',
  PRIMARY KEY (`id`)
) ENGINE=InnoDB DEFAULT CHARSET=utf8;


CREATE TABLE `workflow_users` (
  `id` int(11) NOT NULL AUTO_INCREMENT,
  `workflow_group_id` int(11) NOT NULL DEFAULT '0',
  `user_id` int(11) NOT NULL DEFAULT '0',
  `role` int(11) NOT NULL DEFAULT '0',
  `cms_created` datetime NOT NULL,
  `cms_modified` datetime NOT NULL,
  `cms_modified_by_user` int(11) NOT NULL DEFAULT '0',
  PRIMARY KEY (`id`)
) ENGINE=InnoDB DEFAULT CHARSET=utf8;


-- 2022-07-15 16:41:43
