-- Table structure for table `cms_settings`
--

CREATE TABLE `cms_settings` (
  `id` int(11) NOT NULL AUTO_INCREMENT,
  `user_id` int(11) NOT NULL DEFAULT '0',
  `setting` int(11) NOT NULL DEFAULT '0',
  `value` tinyint(1) NOT NULL DEFAULT '0',
  `cms_created` datetime NOT NULL,
  `cms_modified` datetime NOT NULL,
  `cms_modified_by_user` int(11) NOT NULL DEFAULT '0',
  PRIMARY KEY (`id`)
) ENGINE=InnoDB DEFAULT CHARSET=utf8;

--
-- Dumping data for table `cms_settings`
--


--
-- Table structure for table `code_caller`
--

CREATE TABLE `code_caller` (
  `id` int(11) NOT NULL AUTO_INCREMENT,
  `cms_headline` varchar(255) NOT NULL DEFAULT '',
  `content` text,
  `dynamic` tinyint(1) NOT NULL DEFAULT '0',
  `cms_active` tinyint(1) NOT NULL DEFAULT '1',
  `cms_deleted` tinyint(1) NOT NULL DEFAULT '0',
  `cms_draft` tinyint(1) NOT NULL DEFAULT '0',
  `cms_created` datetime NOT NULL,
  `cms_modified` datetime NOT NULL,
  `cms_modified_by_user` int(11) NOT NULL DEFAULT '0',
  PRIMARY KEY (`id`)
) ENGINE=InnoDB AUTO_INCREMENT=9 DEFAULT CHARSET=utf8;

--
-- Dumping data for table `code_caller`
--

INSERT INTO `code_caller` VALUES (1,'Sitemap','<h1>Site Map</h1>\r\n{call controller=page action=sitemap}',1,1,0,0,'2013-07-09 14:51:36','2013-10-04 17:00:41',2),(2,'Search','<h1>Search</h1>\r\n{call controller=search action=search}',1,1,0,0,'2013-07-10 14:51:36','2013-07-17 18:45:00',5),(3,'Test Debug','{call controller=text action=test_debug}\r\n',0,1,1,0,'2013-07-11 03:42:54','2013-07-12 03:54:46',5),(4,'News Releases','{call controller=news_release action=releases_by_year}',1,1,0,0,'2013-07-15 18:13:27','2013-07-15 18:13:27',5),(5,'Footer - About Delphi','{call controller=navigation action=foot top_id=6}',0,1,0,0,'2013-07-16 16:31:41','2013-07-17 16:45:17',5),(6,'Footer - Operations','{call controller=navigation action=foot top_id=7}',0,1,0,0,'2013-07-17 10:35:38','2013-07-17 16:45:46',5),(7,'Footer - Investor Info','{call controller=navigation action=foot top_id=8}',0,1,0,0,'2013-07-17 16:46:34','2013-07-17 16:46:34',5),(8,'Footer - Contact Info','<h3>Delphi Head Office</h3>\r\n\r\n<address>\r\n  Suite 300, 500 – 4 Avenue SW        \r\n  <br>\r\n  Calgary, Alberta T2P 2V6 Canada     \r\n</address>\r\n<p>\r\n  <strong>Tel:</strong> (403) 265-6171\r\n  <br>\r\n  <strong>Fax:</strong> (403) 265-6207\r\n  <br>\r\n  <strong>Email:</strong> <a href=\"mailto:info@delphienergy.ca\">info@delphienergy.ca</a>\r\n</p>\r\n',0,1,0,0,'2013-07-17 04:55:24','2013-07-17 16:59:44',5);

--
-- Table structure for table `event_summary`
--

CREATE TABLE `event_summary` (
  `id` int(11) NOT NULL AUTO_INCREMENT,
  `cms_headline` varchar(255) NOT NULL DEFAULT '',
  `title` varchar(255) NOT NULL,
  `image` varchar(255) NOT NULL DEFAULT '',
  `event_date` varchar(255) NOT NULL DEFAULT '',
  `summary` text NOT NULL,
  `cms_active` tinyint(1) NOT NULL DEFAULT '1',
  `cms_deleted` tinyint(1) NOT NULL DEFAULT '0',
  `cms_draft` tinyint(1) NOT NULL DEFAULT '0',
  `cms_created` datetime NOT NULL,
  `cms_modified` datetime NOT NULL,
  `cms_modified_by_user` int(11) NOT NULL DEFAULT '0',
  PRIMARY KEY (`id`),
  KEY `cms_active` (`cms_active`),
  KEY `cms_deleted` (`cms_deleted`)
) ENGINE=InnoDB AUTO_INCREMENT=7 DEFAULT CHARSET=utf8;

--
-- Dumping data for table `event_summary`
--

INSERT INTO `event_summary` VALUES (1,'Delphi Energy Corporate Presentation - 60bbcef','Delphi Energy Corporate Presentation','/upload/event_summary/1/04/screen-shot-2015-03-04-at-12.25.49-pm.png','March 2015','<p><a href=\"/upload/media_element/attachments/7/2015 March Presentation.pdf\" target=\"_blank\">Click here to view a PDF of Delphi Energy&#39;s latest corporate presentation.</a></p>\r\n',1,0,0,'2013-10-03 10:00:16','2015-03-04 17:31:31',2),(2,'Stifel Nico​laus Energy Conference Presentation - dcd5e0a','Stifel Nico​laus Energy Conference Presentation','/upload/event_summary/2/01/dee-presentation-2013-06-lg.gif','June 6 & 7, 2013','<p><a href=\"/upload/media_element/attachments/0/DEE-Presentation-06-2013.pdf\" target=\"_blank\">Click here to view a PDF of Delphi Energy&#39;s latest corporate presentation.</a></p>\r\n',1,1,0,'2013-10-04 10:01:45','2013-10-04 16:02:00',5),(3,'Delphi Energy President & CEO David Reid Interviewed - 2579a4d','Delphi Energy President & CEO David Reid Interviewed','/upload/event_summary/3/02/dee-oilweek-february-2012.gif','February 2012','<p>Delphi Energy President &amp; CEO David Reid was interviewed in the Oilweek February 2012 edition &quot;Breaking free - Juniors push to break from the school&quot;.</p>\r\n\r\n<p><a href=\"/upload/media_element/attachments/1/DEE-Oilweek-02-2012.pdf\" target=\"_blank\">Click here to view the full edition</a></p>\r\n',1,1,0,'2013-10-04 10:03:21','2013-10-04 16:17:40',5),(4,'Delphi Energy President & CEO David Reid appears on Business News Network Television - 393be95','Delphi Energy President & CEO David Reid appears on Business News Network Television','/upload/event_summary/4/01/dee-davidreid-bnn-01-17-2012.gif','April 2014','<p>Delphi Energy President &amp; CEO David Reid appears on Business News Network Television.</p>\r\n\r\n<p><a href=\"http://www.bnn.ca/video/video-hub.aspx#clip1077968\" target=\"_blank\">Click here to view the video on BNN&#39;s website.</a></p>\r\n\r\n<p>&nbsp;</p>\r\n',1,1,0,'2013-10-03 16:04:43','2015-02-13 21:57:42',2),(5,'utona - 141746c','utona','/upload/event_summary/5/01/dee-oilweek-february-2012.gif','uhteon','<p>hutneo</p>\r\n',1,1,0,'2013-10-04 16:06:07','2013-10-04 16:06:07',5),(6,'htuenosa - fa60911','htuenosa','/upload/event_summary/6/01/dee-oilweek-february-2012.gif','hutneo','<p>hutnoea</p>\r\n',1,1,0,'2013-10-04 16:08:37','2013-10-04 16:08:37',5);

--
-- Table structure for table `media_element`
--

CREATE TABLE `media_element` (
  `id` int(11) NOT NULL AUTO_INCREMENT,
  `cms_headline` varchar(255) NOT NULL DEFAULT '',
  `media_file` varchar(255) NOT NULL DEFAULT '',
  `link_title` varchar(255) NOT NULL DEFAULT '',
  `cms_active` tinyint(1) NOT NULL DEFAULT '1',
  `cms_deleted` tinyint(1) NOT NULL DEFAULT '0',
  `cms_draft` tinyint(1) NOT NULL DEFAULT '0',
  `cms_created` datetime NOT NULL,
  `cms_modified` datetime NOT NULL,
  `cms_modified_by_user` int(11) NOT NULL DEFAULT '0',
  PRIMARY KEY (`id`),
  KEY `cms_active` (`cms_active`),
  KEY `cms_deleted` (`cms_deleted`)
) ENGINE=InnoDB AUTO_INCREMENT=67 DEFAULT CHARSET=utf8;

--
-- Dumping data for table `media_element`
--

INSERT INTO `media_element` VALUES (1,'Attachment:2013-07-15:151503DEE-Presentation-06-2013.pdf','/upload/media_element/attachments/0/DEE-Presentation-06-2013.pdf','',1,0,0,'0000-00-00 00:00:00','0000-00-00 00:00:00',0),(2,'Attachment:2013-07-15:151755DEE-Oilweek-02-2012.pdf','/upload/media_element/attachments/1/DEE-Oilweek-02-2012.pdf','',1,0,0,'0000-00-00 00:00:00','0000-00-00 00:00:00',0),(3,'Attachment:2013-07-15:154814DEE-Profile-2012-November.pdf','/upload/media_element/attachments/2/DEE-Profile-2012-November.pdf','',1,0,0,'0000-00-00 00:00:00','0000-00-00 00:00:00',0),(4,'2013 First Quarter Report','/upload/media_element/4/01/dee-2013-q1-report.pdf','2013 First Quarter Report',1,0,0,'2013-07-16 19:50:28','2013-07-16 19:50:28',5),(5,'2012 Annual Report','/upload/media_element/5/01/dee-2012-ar-web.pdf','2012 Annual Report',1,0,0,'2013-07-16 19:53:08','2013-07-16 19:53:08',5),(6,'2012 Third Quarter Report','/upload/media_element/6/01/dee-2012-11-q3.pdf','2012 Third Quarter Report',1,0,0,'2013-07-16 13:57:06','2015-02-13 22:19:12',2),(7,'2012 Second Quarter Report','/upload/media_element/7/01/dee-2012-q2.pdf','2012 Second Quarter Report',1,0,0,'2013-07-16 19:57:36','2013-07-16 19:57:36',5),(8,'2012 First Quarter Report','/upload/media_element/8/01/dee-2012-q1.pdf','2012 First Quarter Report',1,0,0,'2013-07-16 19:57:58','2013-07-16 19:57:58',5),(9,'2011 Annual Report','/upload/media_element/9/01/dee-2011-ar.pdf','2011 Annual Report',1,0,0,'2013-07-16 19:59:09','2013-07-16 19:59:09',5),(10,'2011 Third Quarter Report','/upload/media_element/10/01/dee-2011-thirdquarterreport.pdf','2011 Third Quarter Report',1,0,0,'2013-07-16 13:59:26','2015-02-13 22:19:32',2),(11,'2011 Second Quarter Report','/upload/media_element/11/01/dee-2011-q2-report.pdf','2011 Second Quarter Report',1,0,0,'2013-07-16 13:59:49','2015-02-13 22:19:51',2),(12,'2011 First Quarter Report','/upload/media_element/12/01/dee-2011-q1.pdf','2011 First Quarter Report',1,0,0,'2013-07-16 14:00:12','2015-02-13 22:20:07',2),(13,'2010 Annual Report','/upload/media_element/13/01/dee-2010-ar.pdf','2010 Annual Report',1,0,0,'2013-07-16 20:02:02','2013-07-16 20:02:02',5),(14,'2010 Third Quarter Report','/upload/media_element/14/01/dee-2010-q3.pdf','2010 Third Quarter Report',1,0,0,'2013-07-16 20:02:56','2013-07-16 20:02:56',5),(15,'2010 Second Quarter Report','/upload/media_element/15/01/dee-2010-q2.pdf','2010 Second Quarter Report',1,0,0,'2013-07-16 20:03:20','2013-07-16 20:03:20',5),(16,'2010 First Quarter Report','/upload/media_element/16/01/dee-2010-q1.pdf','2010 First Quarter Report',1,0,0,'2013-07-16 20:03:46','2013-07-16 20:03:46',5),(17,'2009 Annual Report ','/upload/media_element/17/01/dee-2009-ar.pdf','2009 Annual Report ',1,0,0,'2013-07-16 20:04:44','2013-07-16 20:04:44',5),(18,'2009 Third Quarter Report','/upload/media_element/18/01/dee-2009-q3.pdf','2009 Third Quarter Report',1,0,0,'2013-07-16 20:05:01','2013-07-16 20:05:01',5),(19,'2009 Second Quarter Report ','/upload/media_element/19/01/dee-2009-q2.pdf','2009 Second Quarter Report ',1,0,0,'2013-07-16 20:05:23','2013-07-16 20:05:23',5),(20,'2009 First Quarter Report','/upload/media_element/20/01/dee-2009-q1.pdf','2009 First Quarter Report',1,0,0,'2013-07-16 20:05:43','2013-07-16 20:05:43',5),(21,'2008 Annual Report','/upload/media_element/21/01/dee-2008-ar.pdf','2008 Annual Report',1,0,0,'2013-07-16 20:17:39','2013-07-16 20:17:39',5),(22,'2008 Third Quarter Report','/upload/media_element/22/01/dee_2008_q3.pdf','2008 Third Quarter Report',1,0,0,'2013-07-16 20:17:56','2013-07-16 20:17:56',5),(23,'2008 Second Quarter Report','/upload/media_element/23/01/dee_2008_q2.pdf','2008 Second Quarter Report',1,0,0,'2013-07-16 20:19:24','2013-07-16 20:19:24',5),(24,'2008 First Quarter Report','/upload/media_element/24/01/dee-2008-q1.pdf','2008 First Quarter Report',1,0,0,'2013-07-16 20:19:40','2013-07-16 20:19:40',5),(25,'2007 Annual Report','/upload/media_element/25/01/dee-2007-ar.pdf','2007 Annual Report',1,0,0,'2013-07-16 14:20:50','2013-07-16 20:20:59',5),(26,'2007 Third Quarter Report','/upload/media_element/26/01/dee-2007-q3.pdf','2007 Third Quarter Report',1,0,0,'2013-07-16 20:21:30','2013-07-16 20:21:30',5),(27,'2007 Second Quarter Report','/upload/media_element/27/01/dee-2007-q2.pdf','2007 Second Quarter Report',1,0,0,'2013-07-16 20:21:49','2013-07-16 20:21:49',5),(28,'2007 First Quarter Report','/upload/media_element/28/01/dee-2007-q1.pdf','2007 First Quarter Report',1,0,0,'2013-07-16 20:22:36','2013-07-16 20:22:36',5),(29,'2006 Annual Report','/upload/media_element/29/01/dee-2006_ar.pdf','2006 Annual Report',1,0,0,'2013-07-16 20:27:23','2013-07-16 20:27:23',5),(30,'2006 Third Quarter Report','/upload/media_element/30/01/dee-2006-q3.pdf','2006 Third Quarter Report',1,0,0,'2013-07-16 20:27:49','2013-07-16 20:27:49',5),(31,'2006 Second Quarter Report','/upload/media_element/31/01/dee-2006-q2.pdf','2006 Second Quarter Report',1,0,0,'2013-07-16 20:28:10','2013-07-16 20:28:10',5),(32,'2006 First Quarter Report','/upload/media_element/32/01/dee-2006-q1.pdf','2006 First Quarter Report',1,0,0,'2013-07-16 20:28:31','2013-07-16 20:28:31',5),(33,'2005 Annual Report','/upload/media_element/33/01/dee-2005_ar.pdf','2005 Annual Report',1,0,0,'2013-07-16 20:29:08','2013-07-16 20:29:08',5),(34,'2005 Third Quarter Report','/upload/media_element/34/01/dee-2005-q3.pdf','2005 Third Quarter Report',1,0,0,'2013-07-16 20:29:25','2013-07-16 20:29:25',5),(35,'2005 Second Quarter Report','/upload/media_element/35/01/dee-2005-q2.pdf','2005 Second Quarter Report',1,0,0,'2013-07-16 20:29:44','2013-07-16 20:29:44',5),(36,'2005 First Quarter Report','/upload/media_element/36/01/dee-2005-q1.pdf','2005 First Quarter Report',1,0,0,'2013-07-16 20:30:03','2013-07-16 20:30:03',5),(37,'2004 Annual Report','/upload/media_element/37/01/dee-2004_ar.pdf','2004 Annual Report',1,0,0,'2013-07-16 20:30:36','2013-07-16 20:30:36',5),(38,'2004 Third Quarter Report','/upload/media_element/38/01/dee-2004-q3.pdf','2004 Third Quarter Report',1,0,0,'2013-07-16 20:30:54','2013-07-16 20:30:54',5),(39,'2004 Second Quarter Report','/upload/media_element/39/01/dee-2004-q2.pdf','2004 Second Quarter Report',1,0,0,'2013-07-16 20:31:28','2013-07-16 20:31:28',5),(40,'2004 First Quarter Report','/upload/media_element/40/01/dee-2004-q1.pdf','2004 First Quarter Report',1,0,0,'2013-07-16 20:32:08','2013-07-16 20:32:08',5),(41,'2003 Annual Report','/upload/media_element/41/01/dee-ar-2003.pdf','2003 Annual Report',1,0,0,'2013-07-16 20:33:04','2013-07-16 20:33:04',5),(42,'2003 Third Quarter Report','/upload/media_element/42/01/dee-q3-2003.pdf','2003 Third Quarter Report',1,0,0,'2013-07-16 20:33:22','2013-07-16 20:33:22',5),(43,'2003 Second Quarter Report','/upload/media_element/43/01/dee-q2-2003.pdf','2003 Second Quarter Report',1,0,0,'2013-07-16 20:33:46','2013-07-16 20:33:46',5),(44,'2013 Annual Information Form - For the year ended December 31, 2012','/upload/media_element/44/01/dee-2013-aif.pdf','2013 Annual Information Form - For the year ended December 31, 2012',1,0,0,'2013-07-17 19:26:01','2013-07-17 19:26:01',5),(45,'2012 Annual Information Form - For the year ended December 31, 2011','/upload/media_element/45/01/dee-2012-aif.pdf','2012 Annual Information Form - For the year ended December 31, 2011',1,0,0,'2013-07-17 19:26:40','2013-07-17 19:26:40',5),(46,'2011 Annual Information Form - For the year ended December 31, 2010','/upload/media_element/46/01/dee-2011-aif.pdf','2011 Annual Information Form - For the year ended December 31, 2010',1,0,0,'2013-07-17 19:27:05','2013-07-17 19:27:05',5),(47,'2010 Annual Information Form - For the year ended December 31, 2009','/upload/media_element/47/01/dee-2010-aif.pdf','2010 Annual Information Form - For the year ended December 31, 2009',1,0,0,'2013-07-17 19:27:25','2013-07-17 19:27:25',5),(48,'2009 Annual Information Form - For the year ended December 31, 2008','/upload/media_element/48/01/dee-2009-aif.pdf','2009 Annual Information Form - For the year ended December 31, 2008',1,0,0,'2013-07-17 19:27:48','2013-07-17 19:27:48',5),(49,'2008 Annual Information Form - For the year ended December 31, 2007','/upload/media_element/49/01/dee-2008-aif.pdf','2008 Annual Information Form - For the year ended December 31, 2007',1,0,0,'2013-07-17 19:28:07','2013-07-17 19:28:07',5),(50,'2007 Annual Information Form - For the year ended December 31, 2006','/upload/media_element/50/01/dee-2007-aif.pdf','2007 Annual Information Form - For the year ended December 31, 2006',1,0,0,'2013-07-17 19:28:26','2013-07-17 19:28:26',5),(51,'2006 Annual Information Form - For the year ended December 31, 2005','/upload/media_element/51/01/dee-2006-aif.pdf','2006 Annual Information Form - For the year ended December 31, 2005',1,0,0,'2013-07-17 19:28:45','2013-07-17 19:28:45',5),(52,'2005 Annual Information Form - For the year ended December 31, 2004','/upload/media_element/52/01/dee-2005_aif.pdf','2005 Annual Information Form - For the year ended December 31, 2004',1,0,0,'2013-07-17 19:29:07','2013-07-17 19:29:07',5),(53,'2004 Annual Information Form - For the year ended December 31, 2003','/upload/media_element/53/01/dee-2004-aif.pdf','2004 Annual Information Form - For the year ended December 31, 2003',1,0,0,'2013-07-17 19:29:29','2013-07-17 19:29:29',5),(54,'Attachment:2013-07-17:135316banner-template.psd','/upload/media_element/attachments/3/banner-template.psd','',1,0,0,'0000-00-00 00:00:00','0000-00-00 00:00:00',0),(55,'Attachment:2013-07-17:135646banner-template.psd.zip','/upload/media_element/attachments/4/banner-template.psd.zip','',1,0,0,'0000-00-00 00:00:00','0000-00-00 00:00:00',0),(56,'Management Information Circular','/upload/media_element/56/02/2014-information-circular-final.pdf','2014 Information Circular',1,0,0,'2013-10-03 17:16:02','2015-03-04 20:53:01',2),(57,'Attachment:2015-02-13:1451362015-february-presentation.pdf','/upload/media_element/attachments/5/2015-february-presentation.pdf','',1,0,0,'0000-00-00 00:00:00','0000-00-00 00:00:00',0),(58,'2013 Second Quarter Report','/upload/media_element/58/01/dee-2013-second-quarter.pdf','2013 Second Quarter Report',1,0,0,'2015-02-13 22:12:23','2015-02-13 22:12:23',2),(59,'2013 Third Quarter Report','/upload/media_element/59/01/dee-2013-q3-report.pdf','2013 Third Quarter Report',1,0,0,'2015-02-13 22:13:04','2015-02-13 22:13:04',2),(60,'2013 Annual Report','/upload/media_element/60/01/dee-ar-2013.pdf','2013 Annual Report',1,0,0,'2015-02-13 22:13:49','2015-02-13 22:13:49',2),(61,'2014 First Quarter Report','/upload/media_element/61/01/dee-2014-q1-report2.pdf','2014 First Quarter Report',1,0,0,'2015-02-13 22:16:30','2015-02-13 22:16:30',2),(62,'2014 Second Quarter Report','/upload/media_element/62/01/dee-2014-q2-report.pdf','2014 Second Quarter Report',1,0,0,'2015-02-13 22:17:01','2015-02-13 22:17:01',2),(63,'2014 Third Quarter Report','/upload/media_element/63/01/dee-2014-q3-report-v2.pdf','2014 Third Quarter Report',1,0,0,'2015-02-13 22:17:46','2015-02-13 22:17:46',2),(64,'2014 Annual Information Form - For the year ended December 31, 2013','/upload/media_element/64/02/dee-2013-aif1.pdf','2014 Annual Information Form - For the year ended December 31, 2013',1,0,0,'2015-02-13 15:23:42','2015-02-13 22:25:02',2),(65,'Attachment:2015-02-13:153932Job Description - Financial Accountant v2.pdf','/upload/media_element/attachments/6/Job Description - Financial Accountant v2.pdf','',1,0,0,'0000-00-00 00:00:00','0000-00-00 00:00:00',0),(66,'Attachment:2015-03-04:1029512015 March Presentation.pdf','/upload/media_element/attachments/7/2015 March Presentation.pdf','',1,0,0,'0000-00-00 00:00:00','0000-00-00 00:00:00',0);

--
-- Table structure for table `news_release`
--

CREATE TABLE `news_release` (
  `id` int(11) NOT NULL AUTO_INCREMENT,
  `cms_headline` varchar(255) DEFAULT NULL,
  `title` varchar(255) DEFAULT NULL,
  `date` date DEFAULT NULL,
  `attachment` varchar(255) DEFAULT NULL,
  `cms_created` datetime DEFAULT NULL,
  `cms_modified` datetime DEFAULT NULL,
  `cms_modified_by_user` int(11) DEFAULT NULL,
  PRIMARY KEY (`id`)
) ENGINE=InnoDB AUTO_INCREMENT=204 DEFAULT CHARSET=utf8;

--
-- Dumping data for table `news_release`
--

INSERT INTO `news_release` VALUES (19,'Delphi Energy Reports Continued Montney Drilling Success','Delphi Energy Reports Continued Montney Drilling Success','2013-07-02','/mirror_PDF/news_releases/2013/DEE-2013-07-02.pdf',NULL,NULL,NULL),(20,'Delphi Energy Provides Update','Delphi Energy Provides Update','2013-06-03','/mirror_PDF/news_releases/2013/DEE-2013-06-03.pdf',NULL,NULL,NULL),(21,'Delphi Energy Reports Financial and Operational Results for First Quarter 2013','Delphi Energy Reports Financial and Operational Results for First Quarter 2013','2013-05-15','/mirror_PDF/news_releases/2013/DEE-2013-05-15.pdf',NULL,NULL,NULL),(22,'Delphi Energy Acquires Additional Montney Assets in Bigstone','Delphi Energy Acquires Additional Montney Assets in Bigstone','2013-03-26','/mirror_PDF/news_releases/2013/DEE-2013-03-26.pdf',NULL,NULL,NULL),(23,'Delphi Energy Reports 2012 Year End Results','Delphi Energy Reports 2012 Year End Results','2013-03-20','/mirror_PDF/news_releases/2013/DEE-2012-03-20.pdf',NULL,NULL,NULL),(24,'Delphi Energy Releases Year End 2012 Reserves and Provides Bigstone Montney Update','Delphi Energy Releases Year End 2012 Reserves and Provides Bigstone Montney Update','2013-02-28','/mirror_PDF/news_releases/2013/DEE-2012-02-28-.pdf',NULL,NULL,NULL),(25,'Delphi Energy Reports Financial and Operational Results for Third Quarter 2012','Delphi Energy Reports Financial and Operational Results for Third Quarter 2012','2012-11-14','/mirror_PDF/news_releases/2012/DEE-2012-11-14.pdf',NULL,NULL,NULL),(26,'Delphi Energy Announces Closing of $33 Million Public Offering','Delphi Energy Announces Closing of $33 Million Public Offering','2012-11-13','/mirror_PDF/news_releases/2012/DEE-2012-11-13.pdf',NULL,NULL,NULL),(27,'Delphi Energy Announces Equity Financing','Delphi Energy Announces Equity Financing','2012-10-18','/mirror_PDF/news_releases/2012/DEE-2012-10-18.pdf',NULL,NULL,NULL),(28,'Delphi Energy Reports Financial and Operational Results For Second Quarter 2012','Delphi Energy Reports Financial and Operational Results For Second Quarter 2012','2012-08-08','/mirror_PDF/news_releases/2012/DEE-2012-08-08.pdf',NULL,NULL,NULL),(29,'Delphi Energy Reports Test Results From Third Montney Well at Bigstone East','Delphi Energy Reports Test Results From Third Montney Well at Bigstone East','2012-07-30','/mirror_PDF/news_releases/2012/DEE-2012-07-30.pdf',NULL,NULL,NULL),(30,'Delphi Energy Announces Closing of Disposition of Cardium Interests','Delphi Energy Announces Closing of Disposition of Cardium Interests','2012-07-24','/mirror_PDF/news_releases/2012/DEE-2012-07-24.pdf',NULL,NULL,NULL),(31,'Delphi Announces Agreement to Sell Cardium Interests for $23 Million','Delphi Announces Agreement to Sell Cardium Interests for $23 Million','2012-06-28','/mirror_PDF/news_releases/2012/DEE-2012-06-28.pdf',NULL,NULL,NULL),(32,'Delphi Energy Commences Production at its Bigstone East Montney Project','Delphi Energy Commences Production at its Bigstone East Montney Project','2012-05-22','/mirror_PDF/news_releases/2012/DEE-2012-05-21.pdf',NULL,NULL,NULL),(33,'Delphi Energy Reports Financial and Operational Results For First Quarter 2012','Delphi Energy Reports Financial and Operational Results For First Quarter 2012','2012-05-09','/mirror_PDF/news_releases/2012/DEE-2012-05-09.pdf',NULL,NULL,NULL),(34,'Delphi Energy Provides Bigstone Operations Update','Delphi Energy Provides Bigstone Operations Update','2012-03-21','/mirror_PDF/news_releases/2012/DEE-2012-03-21.pdf',NULL,NULL,NULL),(35,'Delphi Energy Reports Fourth Quarter and Year End Results','Delphi Energy Reports Fourth Quarter and Year End Results','2012-03-14','/mirror_PDF/news_releases/2012/DEE-2012-03-14.pdf',NULL,NULL,NULL),(36,'Delphi Energy Increases Year End 2011 Reserves to Over 40 Million BOE With Finding and Development Costs of $12.46 Per BOE','Delphi Energy Increases Year End 2011 Reserves to Over 40 Million BOE With Finding and Development Costs of $12.46 Per BOE','2012-02-29','/mirror_PDF/news_releases/2012/DEE-2012-02-29.pdf',NULL,NULL,NULL),(37,'Delphi Energy Completes First Bigstone Montney Well','Delphi Energy Completes First Bigstone Montney Well','2012-01-19','/mirror_PDF/news_releases/2012/DEE-2012-01-19.pdf',NULL,NULL,NULL),(38,'Delphi Energy Announces Closing of $30 Million Public Offering','Delphi Energy Announces Closing of $30 Million Public Offering','2011-12-23','/mirror_PDF/news_releases/2011/DEE-2011-12-23.pdf',NULL,NULL,NULL),(39,'Delphi Energy Provides Operations Update','Delphi Energy Provides Operations Update','2011-12-22','/mirror_PDF/news_releases/2011/DEE-2011-12-22.pdf',NULL,NULL,NULL),(40,'Delphi Announces Increase to Equity Financing','Delphi Announces Increase to Equity Financing','2011-12-02','/mirror_PDF/news_releases/2011/DEE-2011-12-02-Financing-Upsize.pdf',NULL,NULL,NULL),(41,'Delphi Announces Equity Financing','Delphi Announces Equity Financing','2011-12-02','/mirror_PDF/news_releases/2011/DEE-2011-12-02.pdf',NULL,NULL,NULL),(42,'Delphi Reports Continued Production Growth on Strong Cash Flow','Delphi Reports Continued Production Growth on Strong Cash Flow','2011-11-09','/mirror_PDF/news_releases/2011/DEE-2011-11-09.pdf',NULL,NULL,NULL),(43,'Delphi Gearing Up Montney Drilling at Bigstone','Delphi Gearing Up Montney Drilling at Bigstone','2011-11-02','/mirror_PDF/news_releases/2011/DEE-2011-11-02.pdf',NULL,NULL,NULL),(44,'Delphi Reports Record Production of 8,906 BOE/D For Second Quarter 2011','Delphi Reports Record Production of 8,906 BOE/D For Second Quarter 2011','2011-07-27','/mirror_PDF/news_releases/2011/DEE-2011-07-27.pdf',NULL,NULL,NULL),(45,'Delphi Kicks Off Second Half 2011 Drilling Program','Delphi Kicks Off Second Half 2011 Drilling Program','2011-06-20','/mirror_PDF/news_releases/2011/DEE-2011-06-20.pdf',NULL,NULL,NULL),(46,'Delphi Reports Financial and Operational Results for the First Quarter 2011','Delphi Reports Financial and Operational Results for the First Quarter 2011','2011-05-26','/mirror_PDF/news_releases/2011/DEE-2011-05-26.pdf',NULL,NULL,NULL),(47,'Delphi Announces Increased Credit Facilities','Delphi Announces Increased Credit Facilities','2011-05-18','/mirror_PDF/news_releases/2011/DEE-2011-05-18.pdf',NULL,NULL,NULL),(48,'Delphi Ramps Up Wapiti Production','Delphi Ramps Up Wapiti Production','2011-04-19','/mirror_PDF/news_releases/2011/DEE-2011-04-19.pdf',NULL,NULL,NULL),(49,'Delphi Closes Flow-Through Financing','Delphi Closes Flow-Through Financing','2011-03-24','/mirror_PDF/news_releases/2011/DEE-2011-03-24.pdf',NULL,NULL,NULL),(50,'Delphi Announces Non-Brokered Private Placement Financing','Delphi Announces Non-Brokered Private Placement Financing','2011-03-18','/mirror_PDF/news_releases/2011/DEE-2011-03-18.pdf',NULL,NULL,NULL),(51,'Delphi Reports Fourth Quarter and Year End Results','Delphi Reports Fourth Quarter and Year End Results','2011-03-16','/mirror_PDF/news_releases/2011/DEE-2011-03-16.pdf',NULL,NULL,NULL),(52,'Delphi Reports Continued Success in the Nikanassin','Delphi Reports Continued Success in the Nikanassin','2011-03-09','/mirror_PDF/news_releases/2011/DEE-2011-03-09.pdf',NULL,NULL,NULL),(53,'Delphi Energy Winter Program Delivering Results','Delphi Energy Winter Program Delivering Results','2011-02-17','/mirror_PDF/news_releases/2011/DEE-2011-02-17.pdf',NULL,NULL,NULL),(54,'Delphi Reports 10 Million BOE In Reserve Addition','Delphi Reports 10 Million BOE In Reserve Addition','2011-02-09','/mirror_PDF/news_releases/2011/DEE-2011-02-09.pdf',NULL,NULL,NULL),(55,'Delphi Plans Continued Light Oil And NGL Focus In 2011','Delphi Plans Continued Light Oil And NGL Focus In 2011','2010-12-15','/mirror_PDF/news_releases/2010/DEE-2010-12-15 Operational Update Final.pdf',NULL,NULL,NULL),(56,'Delphi Energy Reports Record Production And 100 Percent Success On An Active Light Oil And NGL Focused Drilling Program','Delphi Energy Reports Record Production And 100 Percent Success On An Active Light Oil And NGL Focused Drilling Program','2010-11-08','/mirror_PDF/news_releases/2010/DEE-2010-11-08.pdf',NULL,NULL,NULL),(57,'Delphi Reports Record Production of 8,035 BOE/D for Second Quarter 2010','Delphi Reports Record Production of 8,035 BOE/D for Second Quarter 2010','2010-07-28','/mirror_PDF/news_releases/2010/DEE-2010-07-28.pdf',NULL,NULL,NULL),(58,'Delphi Announces Closing of $30.25 Million Equity Offering','Delphi Announces Closing of $30.25 Million Equity Offering','2010-06-03','/mirror_PDF/news_releases/2010/DEE-2010-06-03.pdf',NULL,NULL,NULL),(59,'Delphi Announces Increased Credit Facility','Delphi Announces Increased Credit Facility','2010-05-27','/mirror_PDF/news_releases/2010/DEE-2010-05-27.pdf',NULL,NULL,NULL),(60,'Delphi Announces Equity Financing','Delphi Announces Equity Financing','2010-05-13','/mirror_PDF/news_releases/2010/DEE-2010-05-13.pdf',NULL,NULL,NULL),(61,'Delphi Reports Strong Financial and Operational Results for First Quarter 2010','Delphi Reports Strong Financial and Operational Results for First Quarter 2010','2010-05-05','/mirror_PDF/news_releases/2010/DEE-2010-05-05.pdf',NULL,NULL,NULL),(62,'Delphi Reports on Successful Winter Program and Updates 2010 Production Guidance','Delphi Reports on Successful Winter Program and Updates 2010 Production Guidance','2010-04-21','/mirror_PDF/news_releases/2010/DEE-2010-04-21.pdf',NULL,NULL,NULL),(63,'Delphi Files 2009 Annual Information Form','Delphi Files 2009 Annual Information Form','2010-03-31','/mirror_PDF/news_releases/2010/DEE-2010-03-31.pdf',NULL,NULL,NULL),(64,'Delphi Reports Fourth Quarter and Year-End Results','Delphi Reports Fourth Quarter and Year-End Results','2010-03-17','/mirror_PDF/news_releases/2010/DEE-2010-03-17.pdf',NULL,NULL,NULL),(65,'Delphi Announces Appointment of Directors','Delphi Announces Appointment of Directors','2010-03-16','/mirror_PDF/news_releases/2010/DEE-2010-03-16.pdf',NULL,NULL,NULL),(66,'Delphi Updates Bigstone Drilling Program','Delphi Updates Bigstone Drilling Program','2010-03-11','/mirror_PDF/news_releases/2010/DEE-2010-03-11.pdf',NULL,NULL,NULL),(67,'Delphi Energy Reports First Bigstone Cardium Horizontal On Production And Continued Drilling Success At Hythe','Delphi Energy Reports First Bigstone Cardium Horizontal On Production And Continued Drilling Success At Hythe','2010-02-18','/mirror_PDF/news_releases/2010/DEE-2010-02-18.pdf',NULL,NULL,NULL),(68,'Delphi Reports Significant Growth in Reserves','Delphi Reports Significant Growth in Reserves','2010-02-10','/mirror_PDF/news_releases/2010/DEE-2010-02-10.pdf',NULL,NULL,NULL),(69,'Delphi Provides Operational Update','Delphi Provides Operational Update','2010-01-13','/mirror_PDF/news_releases/2010/DEE-2010-01-13.pdf',NULL,NULL,NULL),(70,'Delphi Closes Flow-Through Financing','Delphi Closes Flow-Through Financing','2009-11-16','/mirror_PDF/news_releases/2009/DEE-2009-11-16.pdf',NULL,NULL,NULL),(71,'Delphi Reports Strong Third Quarter Financial And Operating Results','Delphi Reports Strong Third Quarter Financial And Operating Results','2009-11-04','/mirror_PDF/news_releases/2009/DEE-2009-11-04.pdf',NULL,NULL,NULL),(72,'Delphi Energy Announces Closing of Hythe Property Acquisition','Delphi Energy Announces Closing of Hythe Property Acquisition','2009-11-03','/mirror_PDF/news_releases/2009/DEE-2009-11-03.pdf',NULL,NULL,NULL),(73,'Delphi Announces Flow-Through Financing','Delphi Announces Flow-Through Financing','2009-10-23','/mirror_PDF/news_releases/2009/DEE-2009-10-23.pdf',NULL,NULL,NULL),(74,'Delphi Increases Ownership of Fairmount Energy to 79.0% and Closes Take-Over Bid','Delphi Increases Ownership of Fairmount Energy to 79.0% and Closes Take-Over Bid','2009-10-20','/mirror_PDF/news_releases/2009/DEE-2009-10-20.pdf',NULL,NULL,NULL),(75,'Delphi Announces Take-Up of Shares and Extension of Offer to Acquire Fairmount Energy Inc. Until October 19, 2009','Delphi Announces Take-Up of Shares and Extension of Offer to Acquire Fairmount Energy Inc. Until October 19, 2009','2009-10-06','/mirror_PDF/news_releases/2009/DEE-2009-10-06.pdf',NULL,NULL,NULL),(76,'Delphi Acquires Additional Interests in Core \"Hythe\" Property','Delphi Acquires Additional Interests in Core \"Hythe\" Property','2009-09-30','/mirror_PDF/news_releases/2009/DEE-2009-09-30-hythe.pdf',NULL,NULL,NULL),(77,'Delphi Energy Announces Closing of $16.5 Million Public Offering','Delphi Energy Announces Closing of $16.5 Million Public Offering','2009-09-30',NULL,NULL,NULL,NULL),(78,'Delphi Energy Announces Financing','Delphi Energy Announces Financing','2009-09-09','/mirror_PDF/news_releases/2009/DEE-2009-09-09.pdf',NULL,NULL,NULL),(79,'Delphi Announces Closing of Wapiti/Gold Creek Acquisition and Mailing of Takeover Bid Circular for Fairmount Energy Inc. .','Delphi Announces Closing of Wapiti/Gold Creek Acquisition and Mailing of Takeover Bid Circular for Fairmount Energy Inc. .','2009-08-31','/mirror_PDF/news_releases/2009/DEE-2009-08-31 Closing.pdf',NULL,NULL,NULL),(80,'Delphi Energy to Acquire Fairmount Energy','Delphi Energy to Acquire Fairmount Energy','2009-08-21','/mirror_PDF/news_releases/2009/DEE-2009-08-21.pdf',NULL,NULL,NULL),(81,'Delphi Announces Property and Infrastructure Acquisition','Delphi Announces Property and Infrastructure Acquisition','2009-08-04','/mirror_PDF/news_releases/2009/DEE-2009-08-04.pdf',NULL,NULL,NULL),(82,'Delphi Reports Ninth Quarter of Production Growth and Increases Cash Flow and Financial Flexibility','Delphi Reports Ninth Quarter of Production Growth and Increases Cash Flow and Financial Flexibility','2009-07-22','/mirror_PDF/news_releases/2009/DEE-2009-07-22.pdf',NULL,NULL,NULL),(83,'Delphi Energy Announces Credit Facility and Expands Team','Delphi Energy Announces Credit Facility and Expands Team','2009-06-11','/mirror_PDF/news_releases/2009/DEE-2009-06-11.pdf',NULL,NULL,NULL),(84,'Delphi Energy Plans Adjournment of Annual and Special Meeting','Delphi Energy Plans Adjournment of Annual and Special Meeting','2009-05-07','/mirror_PDF/news_releases/2009/DEE-2009-05-07.pdf',NULL,NULL,NULL),(85,'Delphi Energy Continues Drilling Success at Hythe','Delphi Energy Continues Drilling Success at Hythe','2009-05-06','/mirror_PDF/news_releases/2009/DEE-2009-05-06.pdf',NULL,NULL,NULL),(86,'Delphi Energy Provides Operational Update','Delphi Energy Provides Operational Update','2009-04-27','/mirror_PDF/news_releases/2009/DEE-2009-04-27.pdf',NULL,NULL,NULL),(87,'Delphi Energy Files 2008 Annual Information Form','Delphi Energy Files 2008 Annual Information Form','2009-03-30','/mirror_PDF/news_releases/2009/DEE-2009-03-30.pdf',NULL,NULL,NULL),(88,'Delphi Energy Achieves Record Fourth Quarter 2008 Results','Delphi Energy Achieves Record Fourth Quarter 2008 Results','2009-03-18','/mirror_PDF/news_releases/2009/DEE-2009-03-18.pdf',NULL,NULL,NULL),(89,'Delphi Energy Reports Significant Growth in Reserves, Record Production and Provides 2009 Guidance','Delphi Energy Reports Significant Growth in Reserves, Record Production and Provides 2009 Guidance','2009-02-11','/mirror_PDF/news_releases/2009/DEE-2009-02-11.pdf',NULL,NULL,NULL),(90,'Delphi Energy to Present at Rodman & Renshaw Annual Global Investment Conference','Delphi Energy to Present at Rodman & Renshaw Annual Global Investment Conference','2008-11-10','/mirror_PDF/news_releases/2008/DEE-2008-11-10.pdf',NULL,NULL,NULL),(91,'Delphi Energy Reports 44% Increase in Cash Flow on Record Production','Delphi Energy Reports 44% Increase in Cash Flow on Record Production','2008-11-05','/mirror_PDF/news_releases/2008/DEE-2008-11-05.pdf',NULL,NULL,NULL),(92,'Delphi Energy Validates Hythe Growth Potential With Recent Drilling Success','Delphi Energy Validates Hythe Growth Potential With Recent Drilling Success','2008-09-25','/mirror_PDF/news_releases/2008/DEE-2008-09-25.pdf',NULL,NULL,NULL),(93,'Delphi Energy Achieves Record Production, Strengthens Balance Sheet In Q2 2008','Delphi Energy Achieves Record Production, Strengthens Balance Sheet In Q2 2008','2008-07-31','/mirror_PDF/news_releases/2008/DEE-2008-07-31.pdf',NULL,NULL,NULL),(94,'Delphi Energy Announces Timing Of Second Quarter Results, Conference Call And Financial Exposure To Filing By Semcams For Creditor Protection In Canada','Delphi Energy Announces Timing Of Second Quarter Results, Conference Call And Financial Exposure To Filing By Semcams For Creditor Protection In Canada','2008-07-28','/mirror_PDF/news_releases/2008/DEE-2008-07-28.pdf',NULL,NULL,NULL),(95,'Delphi Announces Closing of Peace River Arch Acquisition','Delphi Announces Closing of Peace River Arch Acquisition','2008-07-24','/mirror_PDF/news_releases/2008/DEE-2008-07-24.pdf',NULL,NULL,NULL),(96,'Delphi Energy to Present at the CAPP Oil and Gas Investment Symposium','Delphi Energy to Present at the CAPP Oil and Gas Investment Symposium','2008-06-16','/mirror_PDF/news_releases/2008/DEE-2008-06-16.pdf',NULL,NULL,NULL),(97,'Delphi Energy Reports Continued Growth in Q1 2008','Delphi Energy Reports Continued Growth in Q1 2008','2008-05-08','/mirror_PDF/news_releases/2008/DEE-2008-05-08.pdf',NULL,NULL,NULL),(98,'Delphi Energy Announces Q1 Results Release Date and Conference Call','Delphi Energy Announces Q1 Results Release Date and Conference Call','2008-05-05','/mirror_PDF/news_releases/2008/DEE-2008-05-05.pdf',NULL,NULL,NULL),(99,'Delphi Energy to Participate in Copic Conference Webcast April 29','Delphi Energy to Participate in Copic Conference Webcast April 29','2008-04-25','/mirror_PDF/news_releases/2008/DEE-2008-04-25.pdf',NULL,NULL,NULL),(100,'Delphi Energy Provides Operational Update','Delphi Energy Provides Operational Update','2008-04-17','/mirror_PDF/news_releases/2008/DEE-2008-04-17.pdf',NULL,NULL,NULL),(101,'Delphi Energy Files 2007 Annual Information Form','Delphi Energy Files 2007 Annual Information Form','2008-03-28','/mirror_PDF/news_releases/2008/DEE-2008-03-28.pdf',NULL,NULL,NULL),(102,'Delphi Energy Reports Record Fourth Quarter 2007 Production And Positions For Continued Growth','Delphi Energy Reports Record Fourth Quarter 2007 Production And Positions For Continued Growth','2008-03-19','/mirror_PDF/news_releases/2008/DEE-2008-03-19.pdf',NULL,NULL,NULL),(103,'Delphi Provides Year End Operating Results and 2008 Guidance','Delphi Provides Year End Operating Results and 2008 Guidance','2008-01-15','/mirror_PDF/news_releases/2008/DEE-2008-01-15.pdf',NULL,NULL,NULL),(104,'Delphi Files Supplemental Disclosure to the Information Circular','Delphi Files Supplemental Disclosure to the Information Circular','2008-01-07','/mirror_PDF/news_releases/2008/DEE-2008-01-07.pdf',NULL,NULL,NULL),(105,'Delphi Energy Increases Third Quarter Funds From Operations On Continued Production Growth','Delphi Energy Increases Third Quarter Funds From Operations On Continued Production Growth','2007-11-05','/mirror_PDF/news_releases/2007/DEE-2007-11-05-Q3.pdf',NULL,NULL,NULL),(106,'Delphi Energy Announces Appointment and Upcoming Events','Delphi Energy Announces Appointment and Upcoming Events','2007-10-25','/mirror_PDF/news_releases/2007/DEE-2007-10-25-Appointment.pdf',NULL,NULL,NULL),(107,'Delphi Energy Reports Significant Drilling Success and Updates Production Guidance','Delphi Energy Reports Significant Drilling Success and Updates Production Guidance','2007-09-27','/mirror_PDF/news_releases/2007/DEE-2007-09-27.pdf',NULL,NULL,NULL),(108,'Delphi Energy Swaps Bigfoot Jean Marie Resource Project for Conventional Multi-Zone Assets in Hythe','Delphi Energy Swaps Bigfoot Jean Marie Resource Project for Conventional Multi-Zone Assets in Hythe','2007-09-12','/mirror_PDF/news_releases/2007/DEE-2007-09-12.pdf',NULL,NULL,NULL),(109,'Delphi Energy Announces Second Quarter Results','Delphi Energy Announces Second Quarter Results','2007-08-14','/mirror_PDF/news_releases/2007/DEE-2007-08-14-Q2.pdf',NULL,NULL,NULL),(110,'Delphi Energy Announces Q2 Results Release Date And Conference Call','Delphi Energy Announces Q2 Results Release Date And Conference Call','2007-08-10','/mirror_PDF/news_releases/2007/DEE-2007-08-10-conferencecall.pdf',NULL,NULL,NULL),(111,'Delphi Energy Announces Appointments','Delphi Energy Announces Appointments','2007-07-18','/mirror_PDF/news_releases/2007/DEE-2007-07-18.pdf',NULL,NULL,NULL),(112,'Delphi Energy Closes Acquisition and Commences Production at Tower Creek','Delphi Energy Closes Acquisition and Commences Production at Tower Creek','2007-07-03','/mirror_PDF/DEE-2007-07-03.pdf',NULL,NULL,NULL),(113,'Delphi Energy Increases Stake at Tower Creek','Delphi Energy Increases Stake at Tower Creek','2007-06-25','/mirror_PDF/DEE-2007-06-25.pdf',NULL,NULL,NULL),(114,'Delphi Energy to Present at the CAPP Oil and Gas Investment Symposium','Delphi Energy to Present at the CAPP Oil and Gas Investment Symposium','2007-06-18','/mirror_PDF/DEE-2007-06-18.pdf',NULL,NULL,NULL),(115,'Delphi Energy Outlines Capital Program for the Remainder of 2007','Delphi Energy Outlines Capital Program for the Remainder of 2007','2007-06-14','/mirror_PDF/DEE-2007-06-14.pdf',NULL,NULL,NULL),(116,'Delphi Energy Announces First Quarter Results','Delphi Energy Announces First Quarter Results','2007-05-10','/mirror_PDF/DEE-2007-05-10-Q1.pdf',NULL,NULL,NULL),(117,'Delphi Energy Announces Appointments','Delphi Energy Announces Appointments','2007-04-19','/mirror_PDF/DEE-2007-04-19.pdf',NULL,NULL,NULL),(118,'Delphi Energy Increases Natural Gas Production Following a Successful Winter Program','Delphi Energy Increases Natural Gas Production Following a Successful Winter Program','2007-04-17','/mirror_PDF/DEE-2007-04-17.pdf',NULL,NULL,NULL),(119,'Delphi Energy Files 2006 Annual Information Form','Delphi Energy Files 2006 Annual Information Form','2007-03-30','/mirror_PDF/DEE-2007-03-30.pdf',NULL,NULL,NULL),(120,'Delphi Energy Increases Production, Funds Flow, Reserves in 2006','Delphi Energy Increases Production, Funds Flow, Reserves in 2006','2007-03-08','/mirror_PDF/DEE-2007-03-08-yearend--.pdf',NULL,NULL,NULL),(121,'Delphi Energy To Present at RBC Canadian Energy Summit','Delphi Energy To Present at RBC Canadian Energy Summit','2007-03-06','/mirror_PDF/news_releases/2007/DEE-2007-03-06-RBCPresentation.pdf',NULL,NULL,NULL),(122,'Delphi Energy Closes $18 Million Flow-Through Financing','Delphi Energy Closes $18 Million Flow-Through Financing','2007-03-01','/mirror_PDF/DEE-2007-03-01.pdf',NULL,NULL,NULL),(123,'Delphi Energy Announces Flow-Through Financing','Delphi Energy Announces Flow-Through Financing','2007-02-15','/mirror_PDF/DEE-2007-02-15.pdf',NULL,NULL,NULL),(124,'Delphi Energy Announces 2006 Reserves and Provides Operations Update','Delphi Energy Announces 2006 Reserves and Provides Operations Update','2007-02-13','/mirror_PDF/DEE-2007-02-13.pdf',NULL,NULL,NULL),(125,'Delphi Energy Closes $16.3 Million Dispositions and Commences Winter Drilling Program','Delphi Energy Closes $16.3 Million Dispositions and Commences Winter Drilling Program','2006-12-04','/mirror_PDF/DEE-2006-12-04.pdf',NULL,NULL,NULL),(126,'Delphi Energy Achieves Cash Flow of $10.9 Million In Q3 2006 and Reports Significant Gains On Natural Gas Hedges','Delphi Energy Achieves Cash Flow of $10.9 Million In Q3 2006 and Reports Significant Gains On Natural Gas Hedges','2006-11-14','/mirror_PDF/DEE-2006-11-14.pdf',NULL,NULL,NULL),(127,'Delphi Energy Provides Operations Update','Delphi Energy Provides Operations Update','2006-09-05','/mirror_PDF/DEE-2006-09-05.pdf',NULL,NULL,NULL),(128,'Delphi Energy Reports Record Production in Second Quarter','Delphi Energy Reports Record Production in Second Quarter','2006-08-10','/mirror_PDF/DEE-2006-08-10-Q2.pdf',NULL,NULL,NULL),(129,'Delphi Energy Closes $25 Million Flow-Through Financing','Delphi Energy Closes $25 Million Flow-Through Financing','2006-06-29','/mirror_PDF/DEE-2006-06-29.pdf',NULL,NULL,NULL),(130,'Delphi Energy Announces Flow-Through Financing','Delphi Energy Announces Flow-Through Financing','2006-06-14','/mirror_PDF/DEE-2006-06-14.pdf',NULL,NULL,NULL),(131,'Delphi Energy Provides Operations Update','Delphi Energy Provides Operations Update','2006-06-12','/mirror_PDF/DEE-2006-06-12.pdf',NULL,NULL,NULL),(132,'Delphi Energy Cases Tower Creek Exploration Well','Delphi Energy Cases Tower Creek Exploration Well','2006-06-02','/mirror_PDF/DEE-2006-06-02.pdf',NULL,NULL,NULL),(133,'Drilling Success Pushes Delphi Energy Past 5,000 boe/d in Q1 2006','Drilling Success Pushes Delphi Energy Past 5,000 boe/d in Q1 2006','2006-05-03','/mirror_PDF/DEE-2006-05-03-Q1.pdf',NULL,NULL,NULL),(134,'Delphi Energy Brings On Production at Bigfoot Ahead Of Schedule','Delphi Energy Brings On Production at Bigfoot Ahead Of Schedule','2006-04-25','/mirror_PDF/DEE-2006-04-25.pdf',NULL,NULL,NULL),(135,'Delphi Energy Completes Successful Winter Drilling Season','Delphi Energy Completes Successful Winter Drilling Season','2006-04-20','/mirror_PDF/DEE-2006-04-20.pdf',NULL,NULL,NULL),(136,'Delphi Energy Files 2005 Annual Information Form <br><a href=\"\">Click here to view 2005 Annual Information Form</a>','Delphi Energy Files 2005 Annual Information Form <br><a href=\"\">Click here to view 2005 Annual Information Form</a>','2006-03-31','/mirror_PDF/DEE-2006-03-31.pdf',NULL,NULL,NULL),(137,'Delphi Energy Increases Production, Cash Flow, Reserves In 2005','Delphi Energy Increases Production, Cash Flow, Reserves In 2005','2006-03-15','/mirror_PDF/DEE-2006-03-15.pdf',NULL,NULL,NULL),(138,'Delphi Energy Announces Issuance of Stock Options','Delphi Energy Announces Issuance of Stock Options','2006-02-24','/mirror_PDF/DEE-2006-02-24.pdf',NULL,NULL,NULL),(139,'Delphi Energy Announces Promotions Within Management Team','Delphi Energy Announces Promotions Within Management Team','2006-02-16','/mirror_PDF/DEE-2006-02-16.pdf',NULL,NULL,NULL),(140,'Delphi Energy Closes $14 Million Financing and Banking Arrangement','Delphi Energy Closes $14 Million Financing and Banking Arrangement','2005-12-29','/mirror_PDF/DEE-2005-12-29.pdf',NULL,NULL,NULL),(141,'Delphi Energy Closes $14 Million Flow-Through Financing','Delphi Energy Closes $14 Million Flow-Through Financing','2005-12-13','/mirror_PDF/DEE-2005-12-13.pdf',NULL,NULL,NULL),(142,'Delphi Energy Corp. Announces \'Bought Deal\' Financing','Delphi Energy Corp. Announces \'Bought Deal\' Financing','2005-12-08','/mirror_PDF/DEE-2005-12-08.pdf',NULL,NULL,NULL),(143,'Delphi Energy Announces 2006 Capital Program, Increases Guidance','Delphi Energy Announces 2006 Capital Program, Increases Guidance','2005-12-06','/mirror_PDF/DEE-2005-12-06.pdf',NULL,NULL,NULL),(144,'Delphi Energy Announces Flow-Through Financing','Delphi Energy Announces Flow-Through Financing','2005-11-28','/mirror_PDF/DEE-2005-11-28.pdf',NULL,NULL,NULL),(145,'Delphi Energy To Boost Production, Reserves By Capturing Bigfoot','Delphi Energy To Boost Production, Reserves By Capturing Bigfoot','2005-11-23','/mirror_PDF/DEE-2005-11-23.pdf',NULL,NULL,NULL),(146,'Delphi Energy Announces Record Cash Flow and Earnings in Q3 2005','Delphi Energy Announces Record Cash Flow and Earnings in Q3 2005','2005-11-09','/mirror_PDF/DEE-2005-11-09-Q3Release-Final.pdf',NULL,NULL,NULL),(147,'Delphi Energy Announces Record Second Quarter 2005 Results','Delphi Energy Announces Record Second Quarter 2005 Results','2005-08-11','/mirror_PDF/DEE-2005-08-10.pdf',NULL,NULL,NULL),(148,'Delphi Energy Drills 21 Wells in Q1 2005, Increases Production 170%','Delphi Energy Drills 21 Wells in Q1 2005, Increases Production 170%','2005-05-05','/mirror_PDF/DEE-2005-05-05.pdf',NULL,NULL,NULL),(149,'Delphi Energy Closes $12 Million Flow-Through Financing','Delphi Energy Closes $12 Million Flow-Through Financing','2005-03-31','/mirror_PDF/DEE-2005-03-31.pdf',NULL,NULL,NULL),(150,'Delphi Increases Production, Cash Flow, Reserves in 2004','Delphi Increases Production, Cash Flow, Reserves in 2004','2005-03-23','/mirror_PDF/DEE-2005-03-23.pdf',NULL,NULL,NULL),(151,'Delphi Energy Increases Flow-Through Offering After Over-Subscription','Delphi Energy Increases Flow-Through Offering After Over-Subscription','2005-03-10','/mirror_PDF/DEE-2005-03-10.pdf',NULL,NULL,NULL),(152,'Delphi Energy Corp. Announces Flow-Through Financing','Delphi Energy Corp. Announces Flow-Through Financing','2005-03-09','/mirror_PDF/DEE-2005-03-09.pdf',NULL,NULL,NULL),(153,'Delphi Energy Closes $52 Million Property Acquisition','Delphi Energy Closes $52 Million Property Acquisition','2005-02-01','/mirror_PDF/DEE-2005-02-01.pdf',NULL,NULL,NULL),(154,'Delphi Energy Adds to Management Team','Delphi Energy Adds to Management Team','2005-01-12','/mirror_PDF/DEE-2005-01-12.pdf',NULL,NULL,NULL),(155,'Delphi Energy Closes $36 Million Bought Deal Financing','Delphi Energy Closes $36 Million Bought Deal Financing','2004-12-23','/mirror_PDF/DEE-2004-12-23.pdf',NULL,NULL,NULL),(156,'Delphi Energy Increases Equity Offering After Over-Subscription','Delphi Energy Increases Equity Offering After Over-Subscription','2004-12-15','/mirror_PDF/DEE-2004-12-15.pdf',NULL,NULL,NULL),(157,'Delphi Energy Corp. Announces Bought Deal Financing','Delphi Energy Corp. Announces Bought Deal Financing','2004-12-14','/mirror_PDF/DEE-2004-12-14.pdf',NULL,NULL,NULL),(158,'Delphi Energy Closes $56.0 Million Acquisition','Delphi Energy Closes $56.0 Million Acquisition','2004-12-09','/mirror_PDF/DEE-2004-12-09.pdf',NULL,NULL,NULL),(159,'Delphi Energy Corp. Announces Another Significant Acquisition','Delphi Energy Corp. Announces Another Significant Acquisition','2004-12-06','/mirror_PDF/DEE-2004-12-06.pdf',NULL,NULL,NULL),(160,'Delphi Energy Closes $20 Million Bought Deal Financing','Delphi Energy Closes $20 Million Bought Deal Financing','2004-11-24','/mirror_PDF/DEE-2004-11-24.pdf',NULL,NULL,NULL),(161,'Delphi Energy Appoints Chief Financial Officer','Delphi Energy Appoints Chief Financial Officer','2004-11-23','/mirror_PDF/DEE-2004-11-23.pdf',NULL,NULL,NULL),(162,'Delphi Energy Corp. Announces Third Quarter 2004 Results','Delphi Energy Corp. Announces Third Quarter 2004 Results','2004-11-15','/mirror_PDF/DEE-2004-11-15.pdf',NULL,NULL,NULL),(163,'Delphi Energy Corp. Announces Closing of Flow-Through Common Share Financing','Delphi Energy Corp. Announces Closing of Flow-Through Common Share Financing','2004-11-10','/mirror_PDF/DEE-2004-11-10.pdf',NULL,NULL,NULL),(164,'Delphi Energy Corp. Announces Common Share and Debt Financing and Mailing of its Take-Over Bid Circular for its Previously Announced Corporate Acquisition','Delphi Energy Corp. Announces Common Share and Debt Financing and Mailing of its Take-Over Bid Circular for its Previously Announced Corporate Acquisition','2004-11-03','/mirror_PDF/DEE-2004-11-03.pdf',NULL,NULL,NULL),(165,'Delphi Energy Corp. Announces Flow-Through Financing','Delphi Energy Corp. Announces Flow-Through Financing','2004-10-28','/mirror_PDF/DEE-2004-10-28.pdf',NULL,NULL,NULL),(166,'Delphi Energy Corp. Announces Significant Corporate Acquisition','Delphi Energy Corp. Announces Significant Corporate Acquisition','2004-10-26','/mirror_PDF/DEE-2004-10-26%20Acquisition.pdf',NULL,NULL,NULL),(167,'Delphi Energy Provides Management Team Update','Delphi Energy Provides Management Team Update','2004-09-27','/mirror_PDF/DEE-2004-09-27.pdf',NULL,NULL,NULL),(168,'Delphi Energy Announces Second Quarter 2004 Results','Delphi Energy Announces Second Quarter 2004 Results','2004-08-19','/mirror_PDF/DEE-2004-08-19-Q2.pdf',NULL,NULL,NULL),(169,'Delphi Energy to Trade on the Toronto Stock Exchange','Delphi Energy to Trade on the Toronto Stock Exchange','2004-07-30','/mirror_PDF/DEE-2004-07-30.pdf',NULL,NULL,NULL),(170,'Delphi Energy Announces Filing of Reserves Report and Oil and Gas Information','Delphi Energy Announces Filing of Reserves Report and Oil and Gas Information','2004-05-19','/mirror_PDF/DEE-2004-05-19.pdf',NULL,NULL,NULL),(171,'Delphi Energy Announces Appointment of Officer','Delphi Energy Announces Appointment of Officer','2004-05-18','/mirror_PDF/DEE-2003-05-18.pdf',NULL,NULL,NULL),(172,'Delphi Energy Announces 2004 First Quarter Results','Delphi Energy Announces 2004 First Quarter Results','2004-05-06','/mirror_PDF/DEE-2004-Q1.pdf',NULL,NULL,NULL),(173,'Delphi Energy Announces 2003 Year-End Results','Delphi Energy Announces 2003 Year-End Results','2004-03-31','/mirror_PDF/DEE-2004-03-31-yrend.pdf',NULL,NULL,NULL),(174,'Delphi Energy More Than Doubles Reserves in 2003','Delphi Energy More Than Doubles Reserves in 2003','2004-03-17','/mirror_PDF/DEE-2004-03-17.pdf',NULL,NULL,NULL),(175,'Delphi Energy Provides Corporate Update','Delphi Energy Provides Corporate Update','2004-01-14','/mirror_PDF/DEE-2004-01-14.pdf',NULL,NULL,NULL),(176,'Delphi Energy Announces Closing of Flow-Through Common Share Financing','Delphi Energy Announces Closing of Flow-Through Common Share Financing','2003-12-18','/mirror_PDF/DEE-2003-12-18.pdf',NULL,NULL,NULL),(177,'Delphi Energy Announces Flow-Through Share Equity Financing','Delphi Energy Announces Flow-Through Share Equity Financing','2003-11-28','/mirror_PDF/DEE-2003-11-28.pdf',NULL,NULL,NULL),(178,'Delphi Energy Announces Third Quarter Results','Delphi Energy Announces Third Quarter Results','2003-11-27','/mirror_PDF/DEE-2003-11-27-Q3.pdf',NULL,NULL,NULL),(179,'Delphi Energy Closes Purchase of Fish Creek Resources','Delphi Energy Closes Purchase of Fish Creek Resources','2003-11-03','/mirror_PDF/DEE-2003-11-03.pdf',NULL,NULL,NULL),(180,'Delphi Energy Enters Into Purchase Agreement with Shareholders of Fish Creek Resources','Delphi Energy Enters Into Purchase Agreement with Shareholders of Fish Creek Resources','2003-10-27','/mirror_PDF/DEE-2003-10-27.pdf',NULL,NULL,NULL),(181,'Delphi Energy Announces Appointment of Officer','Delphi Energy Announces Appointment of Officer','2003-10-17','/mirror_PDF/DEE-2003-10-17.pdf',NULL,NULL,NULL),(182,'Delphi Energy Closes Purchase of Murias Energy Corporation','Delphi Energy Closes Purchase of Murias Energy Corporation','2003-09-23','/mirror_PDF/DEE-2003-09-23.pdf',NULL,NULL,NULL),(183,'Delphi Energy Enters Into Purchase Agreement with Shareholders of Murias Energy Corporation','Delphi Energy Enters Into Purchase Agreement with Shareholders of Murias Energy Corporation','2003-09-16','/mirror_PDF/DEE-2003-09-16.pdf',NULL,NULL,NULL),(184,'Delphi Energy is Pleased to Announce Q2 Results','Delphi Energy is Pleased to Announce Q2 Results','2003-09-02','/mirror_PDF/DEE-Q2-2003.pdf',NULL,NULL,NULL),(185,'Delphi Energy Increases Bigstone Montney Exposure By 60 Percent With Recent Farm-In','Delphi Energy Increases Bigstone Montney Exposure By 60 Percent With Recent Farm-In','2012-11-12','/upload/news_release/185/01/dee-2012-12-11.pdf','2013-10-29 23:01:33','2013-10-29 23:01:33',5),(186,'Delphi Energy Reports Second Quarter Results','Delphi Energy Reports Second Quarter Results','2013-08-14','/upload/news_release/186/01/dee-2013-08-14.pdf','2013-10-29 23:06:01','2013-10-29 23:06:01',5),(187,'Delphi Energy Releases Midyear 2013 Reserves Update','Delphi Energy Releases Midyear 2013 Reserves Update','2013-09-03','/upload/news_release/187/01/dee-2013-09-03.pdf','2013-10-29 23:06:29','2013-10-29 23:06:29',5),(188,'Delphi Energy Continues Growth in Bigstone Montney Land Position','Delphi Energy Continues Growth in Bigstone Montney Land Position','2013-09-10','/upload/news_release/188/01/dee-2013-09-10.pdf','2013-10-29 23:07:03','2013-10-29 23:07:03',5),(189,'Delphi Energy Reports Continued Drilling Success','Delphi Energy Reports Continued Drilling Success','2013-10-23','/upload/news_release/189/01/dee-2013-10-23.pdf','2013-10-29 23:07:21','2013-10-29 23:07:21',5),(190,'Delphi Reports Montney Exploration Success at South Bigstone','Delphi Reports Montney Exploration Success at South Bigstone','2014-01-14','/upload/news_release/190/01/dee-2014-01-14.pdf','2015-02-13 20:51:18','2015-02-13 20:51:18',2),(191,'Delphi Extends Montney Play Westward With the 15-21 Well','Delphi Extends Montney Play Westward With the 15-21 Well','2014-01-27','/upload/news_release/191/01/dee-2014-01-27.pdf','2015-02-13 20:52:55','2015-02-13 20:52:55',2),(192,'Delphi Releases Year-end 2013 Reserves','Delphi Releases Year-end 2013 Reserves','2014-02-12','/upload/news_release/192/01/dee-2014-02-12.pdf','2015-02-13 21:28:51','2015-02-13 21:28:51',2),(193,'Delphi Reports 2013 Year End Results','Delphi Reports 2013 Year End Results','2014-03-19','/upload/news_release/193/01/dee-2014-03-19.pdf','2015-02-13 14:29:24','2015-02-13 21:29:41',2),(194,'Delphi Announces Increased Credit Facility and Provides Operations Update ','Delphi Announces Increased Credit Facility and Provides Operations Update ','2014-03-31','/upload/news_release/194/01/dee-2014-03-31.pdf','2015-02-13 21:30:40','2015-02-13 21:30:40',2),(195,'Delphi Reports Record Quarterly Results','Delphi Reports Record Quarterly Results','2014-05-14','/upload/news_release/195/01/dee-2014-05-14.pdf','2015-02-13 21:31:06','2015-02-13 21:31:06',2),(196,'Delphi Energy Announces Annual Meeting Results','Delphi Energy Announces Annual Meeting Results','2014-06-03','/upload/news_release/196/01/dee-2014-06-03.pdf','2015-02-13 21:31:34','2015-02-13 21:31:34',2),(197,'Delphi Energy Provides July 2014 Operations Update','Delphi Energy Provides Operations Update','2014-07-24','/upload/news_release/197/01/dee-2014-07-24.pdf','2015-02-13 14:32:37','2015-02-13 21:33:42',2),(198,'Delphi Energy Reports Second Quarter 2014 Results','Delphi Energy Reports Second Quarter Results','2014-08-13','/upload/news_release/198/01/dee-2014-08-13.pdf','2015-02-13 14:33:27','2015-02-13 21:34:43',2),(199,'Delphi Energy Montney Success Continues','Delphi Energy Montney Success Continues','2014-09-09','/upload/news_release/199/01/dee-2014-09-09.pdf','2015-02-13 21:34:16','2015-02-13 21:34:16',2),(200,'Delphi Energy Provides October 2014 Operations Update','Delphi Energy Provides Operations Update','2014-10-23','/upload/news_release/200/01/dee-2014-10-23.pdf','2015-02-13 14:35:24','2015-02-13 21:36:17',2),(201,'Delphi Energy Reports Third Quarter Results','Delphi Energy Reports Third Quarter Results','2014-11-12','/upload/news_release/201/01/dee-2014-11-12.pdf','2015-02-13 21:35:54','2015-02-13 21:35:54',2),(202,'Delphi Energy Announces Increased Credit Facility','Delphi Energy Announces Increased Credit Facility','2014-12-19','/upload/news_release/202/01/dee-2014-12-19.pdf','2015-02-13 21:36:36','2015-02-13 21:36:36',2),(203,'Delphi Energy Releases Year End 2014 Reserves','Delphi Energy Releases Year End 2014 Reserves','2015-02-25','/upload/news_release/203/01/15-02-25-reserves-press-release-final.pdf','2015-03-04 05:03:39','2015-03-04 05:03:39',2);

--
-- Table structure for table `page`
--

CREATE TABLE `page` (
  `id` int(11) NOT NULL AUTO_INCREMENT,
  `parent_id` int(11) DEFAULT NULL,
  `path` varchar(255) NOT NULL DEFAULT '',
  `title` varchar(255) NOT NULL DEFAULT '',
  `filename` varchar(64) NOT NULL DEFAULT '',
  `page_template_id` int(11) NOT NULL DEFAULT '0',
  `visible` tinyint(1) NOT NULL DEFAULT '1',
  `active` tinyint(1) NOT NULL DEFAULT '1',
  `printable` tinyint(1) NOT NULL DEFAULT '1',
  `cache_lifetime` int(11) NOT NULL DEFAULT '0',
  `client_cache_lifetime` int(11) NOT NULL DEFAULT '3600',
  `secure_page` tinyint(1) NOT NULL DEFAULT '0',
  `permissions_id` int(11) NOT NULL DEFAULT '0',
  `sort_order` int(11) NOT NULL DEFAULT '0',
  `external_url` varchar(255) NOT NULL DEFAULT '',
  `external_url_popout` tinyint(1) NOT NULL DEFAULT '0',
  `workflow_group_id` int(11) NOT NULL DEFAULT '0',
  `workflow_recursive` tinyint(1) NOT NULL DEFAULT '1',
  `disclaimer_required` tinyint(1) NOT NULL DEFAULT '0',
  `disclaimer_recursive` tinyint(1) NOT NULL DEFAULT '0',
  `meta_keywords` varchar(255) NOT NULL DEFAULT '',
  `meta_description` varchar(255) NOT NULL DEFAULT '',
  `cms_deleted` tinyint(1) NOT NULL DEFAULT '0',
  `cms_created` datetime NOT NULL,
  `cms_modified` datetime NOT NULL,
  `cms_modified_by_user` int(11) NOT NULL DEFAULT '0',
  PRIMARY KEY (`id`)
) ENGINE=InnoDB AUTO_INCREMENT=42 DEFAULT CHARSET=utf8;

--
-- Dumping data for table `page`
--

INSERT INTO `page` VALUES (1,NULL,'','Home','home',2,1,1,1,-1,3600,0,0,0,'',0,0,0,0,0,'','',0,'2013-07-10 20:51:36','2013-07-10 20:51:36',0),(2,1,'/sitemap','Site Map','sitemap',1,0,1,1,-1,3600,0,0,9,'',0,0,0,0,0,'','',0,'2013-07-10 08:51:36','2013-10-04 17:00:22',2),(3,1,'/search','Search','search',1,0,1,1,-1,3600,0,0,10,'',0,0,0,0,0,'','',0,'2013-07-10 14:51:36','2013-07-10 22:12:56',5),(4,29,'/utility-pages/404_error','404 Error','404_error',1,0,1,1,-1,3600,0,0,9,'',0,0,0,0,0,'','',0,'2013-07-10 14:51:36','2013-07-17 17:34:17',5),(5,1,'/home','Home','home',1,1,1,1,-1,3600,0,0,0,'/_page1',0,0,1,0,0,'','',1,'2013-07-10 22:12:42','2013-07-10 22:12:42',5),(6,1,'/about-us','About Us','about-us',1,1,1,1,-1,3600,0,0,1,'/_page11',0,0,1,0,0,'','',0,'2013-07-10 16:13:29','2013-07-15 15:30:53',5),(7,1,'/operations','Operations','operations',1,1,1,1,-1,3600,0,0,2,'/_page15',0,0,1,0,0,'','',0,'2013-07-10 16:13:35','2013-07-15 15:49:36',5),(8,1,'/investors','Investors','investors',1,1,1,1,-1,3600,0,0,3,'/_page21',0,0,1,0,0,'','',0,'2013-07-09 22:13:56','2013-10-03 23:20:50',2),(9,1,'/careers','Careers','careers',1,1,1,1,-1,3600,0,0,5,'',0,0,1,0,0,'','',0,'2013-07-10 22:14:04','2013-07-10 22:14:04',5),(10,1,'/contact','Contact','contact',1,1,1,1,-1,3600,0,0,6,'',0,0,1,0,0,'','',0,'2013-07-10 22:14:10','2013-07-10 22:14:10',5),(11,6,'/about-us/why-delphi','Why Delphi','why-delphi',1,1,1,1,-1,3600,0,0,0,'',0,0,1,0,0,'','',0,'2013-07-11 22:53:07','2013-07-11 22:53:07',5),(12,6,'/about-us/management','Management','management',1,1,1,1,-1,3600,0,0,2,'',0,0,1,0,0,'','',0,'2013-07-11 22:53:16','2013-07-11 22:53:16',5),(13,6,'/about-us/board-of-directors','Board of Directors','board-of-directors',1,1,1,1,-1,3600,0,0,3,'',0,0,1,0,0,'','',0,'2013-07-11 16:53:27','2013-10-02 19:24:16',2),(14,37,'/about-us/corporate-governance/whistleblower-policy','Whistleblower Policy','whistleblower-policy',1,1,1,1,-1,3600,0,0,1,'',0,0,1,0,0,'','',0,'2013-07-11 16:53:45','2013-10-02 19:22:17',2),(15,7,'/operations/core-areas','Core Areas','core-areas',1,1,1,1,-1,3600,0,0,0,'',0,0,1,0,0,'','',0,'2013-07-15 15:48:15','2013-07-15 15:48:15',5),(16,7,'/operations/north-west-alberta','NW Alberta','north-west-alberta',1,1,1,1,-1,3600,0,0,0,'/_page19',0,0,1,0,0,'','',1,'2013-07-15 03:48:51','2013-07-15 16:12:46',5),(17,7,'/operations/north-east-british-columbia','NE British Columbia','north-east-british-columbia',1,1,1,1,-1,3600,0,0,0,'',0,0,1,0,0,'','',1,'2013-07-15 09:49:09','2013-07-15 15:59:35',5),(18,7,'/operations/hythe','Hythe','hythe',1,1,1,1,-1,3600,0,0,3,'',0,0,1,0,0,'','',0,'2013-07-15 10:08:23','2013-10-02 19:26:02',2),(19,39,'/operations/bigstone/montney','Montney','montney',1,1,1,1,-1,3600,0,0,0,'',0,0,1,0,0,'','',0,'2013-07-14 22:08:31','2013-10-02 19:34:52',2),(20,7,'/operations/wapiti','Wapiti','wapiti',1,1,1,1,-1,3600,0,0,4,'',0,0,1,0,0,'','',0,'2013-07-15 04:08:44','2013-10-02 19:31:22',2),(21,8,'/investors/news-releases','News Releases','news-releases',1,1,1,1,-1,3600,0,0,0,'',0,0,1,0,0,'','',0,'2013-07-15 16:14:04','2013-07-15 16:14:04',2),(22,8,'/investors/events-presentations','Events & Presentations','events-presentations',1,1,1,1,-1,3600,0,0,1,'',0,0,1,0,0,'','',0,'2013-07-15 16:14:26','2013-07-15 16:14:26',2),(23,6,'/about-us/company-profile','Company Profile','company-profile',1,1,1,1,-1,3600,0,0,1,'',0,0,1,0,0,'','',0,'2013-07-15 04:14:39','2013-10-02 19:23:44',2),(24,8,'/investors/capitalization','Capitalization','capitalization',1,1,1,1,-1,3600,0,0,2,'',0,0,1,0,0,'','',0,'2013-07-15 16:14:52','2013-07-15 16:14:52',2),(25,8,'/investors/financial-statements','Financial Statements','financial-statements',1,1,1,1,-1,3600,0,0,3,'',0,0,1,0,0,'','',0,'2013-07-15 04:15:04','2013-10-03 23:16:43',2),(26,8,'/investors/analyst-coverage','Analyst Coverage','analyst-coverage',1,1,1,1,-1,3600,0,0,6,'',0,0,1,0,0,'','',0,'2013-07-15 16:15:17','2013-07-15 16:15:17',2),(27,8,'/investors/annual-information-form','Annual Information Form','annual-information-form',1,1,1,1,-1,3600,0,0,4,'',0,0,1,0,0,'','',0,'2013-07-15 16:15:31','2013-07-15 16:15:31',2),(28,25,'/investors/financial-statements/archive','Archive','archive',1,1,1,1,-1,3600,0,0,0,'',0,0,1,0,0,'','',0,'2013-07-15 20:10:23','2013-07-16 20:16:06',2),(29,1,'/utility-pages','Admin Pages','utility-pages',1,0,1,1,-1,3600,0,0,11,'',0,0,1,0,0,'','',0,'2013-07-17 10:23:54','2013-07-17 17:22:11',5),(30,29,'/utility-pages/default-footer-navigation','Default Footer Navigation','default-footer-navigation',1,0,0,1,-1,3600,0,0,0,'',0,0,1,0,0,'','',0,'2013-07-17 10:24:13','2013-07-17 17:18:18',5),(31,1,'/disclaimer','Disclaimer','disclaimer',1,0,1,1,-1,3600,0,0,8,'',0,0,1,0,0,'','',0,'2013-07-17 17:33:39','2013-07-17 17:33:39',5),(32,29,'/utility-pages/default-banner','Default Banner','default-banner',1,0,0,1,-1,3600,0,0,0,'',0,0,1,0,0,'','',0,'2013-07-17 17:36:47','2013-07-17 17:36:47',5),(33,1,'/test-page','Test Page','test-page',1,0,1,1,-1,3600,0,0,12,'',0,0,1,0,0,'','',0,'2013-07-18 18:37:08','2013-07-18 18:37:08',5),(34,1,'/gallery','Gallery','gallery',1,0,1,1,-1,3600,0,0,4,'',0,0,1,0,0,'','',0,'2013-10-02 10:32:58','2015-03-04 20:53:41',2),(35,1,'/glossary','Glossary','glossary',1,0,1,1,-1,3600,0,0,7,'',0,0,1,0,0,'','',0,'2013-10-02 10:33:08','2013-10-02 17:28:37',5),(36,1,'/home','Home','home',1,1,1,1,-1,3600,0,0,0,'/_page1',0,0,1,0,0,'','',0,'2013-10-02 17:28:24','2013-10-02 17:28:24',5),(37,6,'/about-us/corporate-governance','Corporate Governance','corporate-governance',1,1,1,1,-1,3600,0,0,4,'',0,0,1,0,0,'','',0,'2013-10-02 19:21:59','2013-10-02 19:21:59',2),(38,37,'/about-us/corporate-governance/committees','Committees','committees',1,1,1,1,-1,3600,0,0,0,'',0,0,1,0,0,'','',0,'2013-10-02 19:22:46','2013-10-02 19:22:46',2),(39,7,'/operations/bigstone','Bigstone','bigstone',1,1,1,1,-1,3600,0,0,1,'/_page19',0,0,1,0,0,'','',0,'2013-10-02 13:33:38','2013-10-02 19:34:09',2),(40,39,'/operations/bigstone/cretaceous','Cretaceous','cretaceous',1,1,1,1,-1,3600,0,0,1,'',0,0,1,0,0,'','',0,'2013-10-02 13:35:03','2015-03-04 20:48:56',2),(41,8,'/investors/management-information-circular','Management Information Circular','management-information-circular',1,1,1,1,-1,3600,0,0,5,'',0,0,1,0,0,'','',0,'2013-10-03 22:52:15','2013-10-03 22:52:15',2);

--
-- Table structure for table `page_content`
--

CREATE TABLE `page_content` (
  `id` int(11) NOT NULL AUTO_INCREMENT,
  `page_id` int(11) NOT NULL DEFAULT '0',
  `page_template_container_id` int(11) NOT NULL DEFAULT '0',
  `content_asset` varchar(255) NOT NULL DEFAULT '',
  `content_asset_id` int(11) NOT NULL DEFAULT '0',
  `content_order` smallint(6) NOT NULL DEFAULT '0',
  `timed_start` datetime DEFAULT NULL,
  `timed_end` datetime DEFAULT NULL,
  `cms_workflow` int(11) NOT NULL DEFAULT '0',
  `cms_created` datetime NOT NULL,
  `cms_modified` datetime NOT NULL,
  `cms_modified_by_user` int(11) NOT NULL DEFAULT '0',
  PRIMARY KEY (`id`)
) ENGINE=InnoDB AUTO_INCREMENT=146 DEFAULT CHARSET=utf8;

--
-- Dumping data for table `page_content`
--

INSERT INTO `page_content` VALUES (4,1,3,'text',1,0,NULL,NULL,0,'2013-07-15 14:44:49','2013-07-15 14:44:49',5),(6,11,2,'text',2,0,NULL,NULL,0,'2013-07-15 15:30:10','2013-07-15 15:30:10',5),(7,12,2,'text',3,0,NULL,NULL,0,'2013-07-15 15:41:36','2013-07-15 15:41:36',5),(8,13,2,'text',4,0,NULL,NULL,0,'2013-07-15 15:42:59','2013-07-15 15:42:59',5),(9,14,2,'text',5,0,NULL,NULL,0,'2013-07-15 15:45:10','2013-07-15 15:45:10',5),(10,15,2,'text',6,0,NULL,NULL,0,'2013-07-15 15:52:58','2013-07-15 15:52:58',5),(13,19,2,'text',7,0,NULL,NULL,0,'2013-07-15 16:09:12','2013-07-15 16:09:12',5),(14,18,2,'text',9,0,NULL,NULL,0,'2013-07-15 16:11:00','2013-07-15 16:11:00',5),(15,20,2,'text',10,0,NULL,NULL,0,'2013-07-15 16:12:25','2013-07-15 16:12:25',5),(16,21,2,'text',11,0,'0000-00-00 00:00:00','0000-00-00 00:00:00',0,'2013-07-15 16:16:43','2013-07-15 16:16:43',5),(17,26,2,'text',12,0,NULL,NULL,0,'2013-07-15 16:23:18','2013-07-15 16:23:18',5),(18,21,2,'code_caller',4,0,'0000-00-00 00:00:00','0000-00-00 00:00:00',0,'2013-07-15 18:13:27','2013-07-15 18:13:27',5),(19,22,2,'text',13,0,NULL,NULL,0,'2013-07-15 21:19:52','2013-07-15 21:19:52',5),(20,23,2,'text',14,0,NULL,NULL,0,'2013-07-15 21:48:49','2013-07-15 21:48:49',5),(21,24,2,'text',15,0,NULL,NULL,0,'2013-07-15 21:55:15','2013-07-15 21:55:15',5),(22,25,2,'text',16,0,NULL,NULL,0,'2013-07-15 22:05:18','2013-07-15 22:05:18',5),(23,25,2,'text',17,5,'0000-00-00 00:00:00','0000-00-00 00:00:00',0,'2013-07-15 22:05:46','2013-07-15 22:05:46',5),(24,25,2,'media_element',4,9,'0000-00-00 00:00:00','0000-00-00 00:00:00',0,'2013-07-16 19:50:28','2013-07-16 19:50:28',5),(25,25,2,'text',18,10,'0000-00-00 00:00:00','0000-00-00 00:00:00',0,'2013-07-16 19:51:37','2013-07-16 19:51:37',5),(26,25,2,'media_element',5,11,'0000-00-00 00:00:00','0000-00-00 00:00:00',0,'2013-07-16 19:53:08','2013-07-16 19:53:08',5),(27,25,2,'media_element',6,12,NULL,NULL,0,'2013-07-16 19:57:06','2013-07-16 19:57:06',5),(28,25,2,'media_element',7,13,'0000-00-00 00:00:00','0000-00-00 00:00:00',0,'2013-07-16 19:57:36','2013-07-16 19:57:36',5),(29,25,2,'media_element',8,14,'0000-00-00 00:00:00','0000-00-00 00:00:00',0,'2013-07-16 19:57:58','2013-07-16 19:57:58',5),(30,25,2,'text',19,15,'0000-00-00 00:00:00','0000-00-00 00:00:00',0,'2013-07-16 19:58:35','2013-07-16 19:58:35',5),(31,25,2,'media_element',9,16,'0000-00-00 00:00:00','0000-00-00 00:00:00',0,'2013-07-16 19:59:09','2013-07-16 19:59:09',5),(32,25,2,'media_element',10,17,NULL,NULL,0,'2013-07-16 19:59:26','2013-07-16 19:59:26',5),(33,25,2,'media_element',11,18,NULL,NULL,0,'2013-07-16 19:59:49','2013-07-16 19:59:49',5),(34,25,2,'media_element',12,19,NULL,NULL,0,'2013-07-16 20:00:12','2013-07-16 20:00:12',5),(35,25,2,'text',20,20,'0000-00-00 00:00:00','0000-00-00 00:00:00',0,'2013-07-16 20:01:20','2013-07-16 20:01:20',5),(36,25,2,'media_element',13,21,'0000-00-00 00:00:00','0000-00-00 00:00:00',0,'2013-07-16 20:02:02','2013-07-16 20:02:02',5),(37,25,2,'media_element',14,22,'0000-00-00 00:00:00','0000-00-00 00:00:00',0,'2013-07-16 20:02:56','2013-07-16 20:02:56',5),(38,25,2,'media_element',15,23,'0000-00-00 00:00:00','0000-00-00 00:00:00',0,'2013-07-16 20:03:20','2013-07-16 20:03:20',5),(39,25,2,'media_element',16,24,'0000-00-00 00:00:00','0000-00-00 00:00:00',0,'2013-07-16 20:03:46','2013-07-16 20:03:46',5),(40,25,2,'media_element',17,26,'0000-00-00 00:00:00','0000-00-00 00:00:00',0,'2013-07-16 20:04:44','2013-07-16 20:04:44',5),(41,25,2,'media_element',18,27,'0000-00-00 00:00:00','0000-00-00 00:00:00',0,'2013-07-16 20:05:01','2013-07-16 20:05:01',5),(42,25,2,'media_element',19,28,'0000-00-00 00:00:00','0000-00-00 00:00:00',0,'2013-07-16 20:05:23','2013-07-16 20:05:23',5),(43,25,2,'media_element',20,29,'0000-00-00 00:00:00','0000-00-00 00:00:00',0,'2013-07-16 20:05:43','2013-07-16 20:05:43',5),(44,25,2,'text',21,25,'0000-00-00 00:00:00','0000-00-00 00:00:00',0,'2013-07-16 20:06:19','2013-07-16 20:06:19',5),(45,25,2,'text',22,30,NULL,NULL,0,'2013-07-16 20:11:17','2013-07-16 20:11:17',5),(46,28,2,'text',23,0,NULL,NULL,0,'2013-07-16 20:13:02','2013-07-16 20:13:02',5),(48,28,2,'media_element',21,1,'0000-00-00 00:00:00','0000-00-00 00:00:00',0,'2013-07-16 20:17:39','2013-07-16 20:17:39',5),(49,28,2,'media_element',22,2,'0000-00-00 00:00:00','0000-00-00 00:00:00',0,'2013-07-16 20:17:56','2013-07-16 20:17:56',5),(50,28,2,'media_element',23,3,'0000-00-00 00:00:00','0000-00-00 00:00:00',0,'2013-07-16 20:19:24','2013-07-16 20:19:24',5),(51,28,2,'media_element',24,4,'0000-00-00 00:00:00','0000-00-00 00:00:00',0,'2013-07-16 20:19:40','2013-07-16 20:19:40',5),(53,28,2,'media_element',25,6,NULL,NULL,0,'2013-07-16 20:20:50','2013-07-16 20:20:50',5),(54,28,2,'media_element',26,7,'0000-00-00 00:00:00','0000-00-00 00:00:00',0,'2013-07-16 20:21:30','2013-07-16 20:21:30',5),(55,28,2,'media_element',27,8,'0000-00-00 00:00:00','0000-00-00 00:00:00',0,'2013-07-16 20:21:49','2013-07-16 20:21:49',5),(56,28,2,'media_element',28,9,'0000-00-00 00:00:00','0000-00-00 00:00:00',0,'2013-07-16 20:22:36','2013-07-16 20:22:36',5),(57,28,2,'media_element',29,11,'0000-00-00 00:00:00','0000-00-00 00:00:00',0,'2013-07-16 20:27:23','2013-07-16 20:27:23',5),(58,28,2,'media_element',30,12,'0000-00-00 00:00:00','0000-00-00 00:00:00',0,'2013-07-16 20:27:49','2013-07-16 20:27:49',5),(59,28,2,'media_element',31,13,'0000-00-00 00:00:00','0000-00-00 00:00:00',0,'2013-07-16 20:28:10','2013-07-16 20:28:10',5),(60,28,2,'media_element',32,14,'0000-00-00 00:00:00','0000-00-00 00:00:00',0,'2013-07-16 20:28:31','2013-07-16 20:28:31',5),(61,28,2,'media_element',33,16,'0000-00-00 00:00:00','0000-00-00 00:00:00',0,'2013-07-16 20:29:08','2013-07-16 20:29:08',5),(62,28,2,'media_element',34,17,'0000-00-00 00:00:00','0000-00-00 00:00:00',0,'2013-07-16 20:29:25','2013-07-16 20:29:25',5),(63,28,2,'media_element',35,18,'0000-00-00 00:00:00','0000-00-00 00:00:00',0,'2013-07-16 20:29:44','2013-07-16 20:29:44',5),(64,28,2,'media_element',36,19,'0000-00-00 00:00:00','0000-00-00 00:00:00',0,'2013-07-16 20:30:03','2013-07-16 20:30:03',5),(65,28,2,'media_element',37,21,'0000-00-00 00:00:00','0000-00-00 00:00:00',0,'2013-07-16 20:30:36','2013-07-16 20:30:36',5),(66,28,2,'media_element',38,22,'0000-00-00 00:00:00','0000-00-00 00:00:00',0,'2013-07-16 20:30:54','2013-07-16 20:30:54',5),(67,28,2,'media_element',39,23,'0000-00-00 00:00:00','0000-00-00 00:00:00',0,'2013-07-16 20:31:28','2013-07-16 20:31:28',5),(68,28,2,'media_element',40,24,'0000-00-00 00:00:00','0000-00-00 00:00:00',0,'2013-07-16 20:32:08','2013-07-16 20:32:08',5),(69,28,2,'media_element',41,26,'0000-00-00 00:00:00','0000-00-00 00:00:00',0,'2013-07-16 20:33:04','2013-07-16 20:33:04',5),(70,28,2,'media_element',42,27,'0000-00-00 00:00:00','0000-00-00 00:00:00',0,'2013-07-16 20:33:22','2013-07-16 20:33:22',5),(71,28,2,'media_element',43,28,'0000-00-00 00:00:00','0000-00-00 00:00:00',0,'2013-07-16 20:33:46','2013-07-16 20:33:46',5),(72,28,2,'text',26,25,'0000-00-00 00:00:00','0000-00-00 00:00:00',0,'2013-07-16 20:34:31','2013-07-16 20:34:31',5),(73,28,2,'text',26,5,NULL,NULL,0,'2013-07-16 20:35:10','2013-07-16 20:35:10',5),(74,28,2,'text',26,10,NULL,NULL,0,'2013-07-16 20:35:33','2013-07-16 20:35:33',5),(75,28,2,'text',26,15,NULL,NULL,0,'2013-07-16 20:36:00','2013-07-16 20:36:00',5),(76,28,2,'text',26,20,NULL,NULL,0,'2013-07-16 20:36:10','2013-07-16 20:36:10',5),(77,27,2,'text',27,0,NULL,NULL,0,'2013-07-16 20:40:32','2013-07-16 20:40:32',5),(78,30,6,'code_caller',5,0,NULL,NULL,0,'2013-07-17 16:31:41','2013-07-17 16:31:41',5),(79,30,6,'code_caller',6,0,NULL,NULL,0,'2013-07-17 16:35:39','2013-07-17 16:35:39',5),(80,30,6,'code_caller',7,0,'0000-00-00 00:00:00','0000-00-00 00:00:00',0,'2013-07-17 16:46:34','2013-07-17 16:46:34',5),(81,30,6,'code_caller',8,0,NULL,NULL,0,'2013-07-17 16:55:24','2013-07-17 16:55:24',5),(82,30,2,'text',28,0,NULL,NULL,0,'2013-07-17 17:16:13','2013-07-17 17:16:13',5),(83,4,2,'text',29,0,'0000-00-00 00:00:00','0000-00-00 00:00:00',0,'2013-07-17 17:35:12','2013-07-17 17:35:12',5),(84,32,1,'body_image',11,0,NULL,NULL,0,'2013-07-17 17:37:58','2013-07-17 17:37:58',5),(85,32,2,'text',30,0,NULL,NULL,0,'2013-07-17 17:52:52','2013-07-17 17:52:52',5),(86,2,2,'code_caller',1,0,NULL,NULL,0,'2013-07-17 18:24:41','2013-07-17 18:24:41',5),(89,3,2,'code_caller',2,0,NULL,NULL,0,'2013-07-17 18:44:44','2013-07-17 18:44:44',5),(90,27,2,'media_element',44,2,'0000-00-00 00:00:00','0000-00-00 00:00:00',0,'2013-07-17 19:26:02','2013-07-17 19:26:02',5),(91,27,2,'media_element',45,3,'0000-00-00 00:00:00','0000-00-00 00:00:00',0,'2013-07-17 19:26:40','2013-07-17 19:26:40',5),(92,27,2,'media_element',46,4,'0000-00-00 00:00:00','0000-00-00 00:00:00',0,'2013-07-17 19:27:05','2013-07-17 19:27:05',5),(93,27,2,'media_element',47,5,'0000-00-00 00:00:00','0000-00-00 00:00:00',0,'2013-07-17 19:27:25','2013-07-17 19:27:25',5),(94,27,2,'media_element',48,6,'0000-00-00 00:00:00','0000-00-00 00:00:00',0,'2013-07-17 19:27:48','2013-07-17 19:27:48',5),(95,27,2,'media_element',49,7,'0000-00-00 00:00:00','0000-00-00 00:00:00',0,'2013-07-17 19:28:07','2013-07-17 19:28:07',5),(96,27,2,'media_element',50,8,'0000-00-00 00:00:00','0000-00-00 00:00:00',0,'2013-07-17 19:28:26','2013-07-17 19:28:26',5),(97,27,2,'media_element',51,9,'0000-00-00 00:00:00','0000-00-00 00:00:00',0,'2013-07-17 19:28:45','2013-07-17 19:28:45',5),(98,27,2,'media_element',52,10,'0000-00-00 00:00:00','0000-00-00 00:00:00',0,'2013-07-17 19:29:08','2013-07-17 19:29:08',5),(99,27,2,'media_element',53,11,'0000-00-00 00:00:00','0000-00-00 00:00:00',0,'2013-07-17 19:29:29','2013-07-17 19:29:29',5),(101,10,2,'text',34,0,NULL,NULL,0,'2013-07-17 21:28:40','2013-07-17 21:28:40',5),(102,9,2,'text',35,0,NULL,NULL,0,'2013-07-17 21:29:51','2013-07-17 21:29:51',5),(103,31,2,'text',36,0,NULL,NULL,0,'2013-07-17 21:42:01','2013-07-17 21:42:01',5),(105,33,2,'text',37,0,'0000-00-00 00:00:00','0000-00-00 00:00:00',0,'2013-07-18 18:37:58','2013-07-18 18:37:58',5),(106,1,7,'text',32,0,NULL,NULL,0,'2013-10-02 16:42:13','2013-10-02 16:42:13',5),(107,1,8,'text',31,0,NULL,NULL,0,'2013-10-02 16:42:30','2013-10-02 16:42:30',5),(109,34,2,'body_image',12,1,'0000-00-00 00:00:00','0000-00-00 00:00:00',0,'2013-10-02 18:34:46','2013-10-02 18:34:46',5),(110,34,2,'body_image',13,2,'0000-00-00 00:00:00','0000-00-00 00:00:00',0,'2013-10-02 18:35:14','2013-10-02 18:35:14',5),(111,34,2,'body_image',14,3,'0000-00-00 00:00:00','0000-00-00 00:00:00',0,'2013-10-02 18:35:38','2013-10-02 18:35:38',5),(112,34,2,'body_image',15,4,'0000-00-00 00:00:00','0000-00-00 00:00:00',0,'2013-10-02 18:36:13','2013-10-02 18:36:13',5),(113,34,2,'body_image',16,5,'0000-00-00 00:00:00','0000-00-00 00:00:00',0,'2013-10-02 18:36:35','2013-10-02 18:36:35',5),(114,34,2,'body_image',17,6,'0000-00-00 00:00:00','0000-00-00 00:00:00',0,'2013-10-02 18:48:57','2013-10-02 18:48:57',5),(115,34,2,'body_image',18,7,'0000-00-00 00:00:00','0000-00-00 00:00:00',0,'2013-10-02 18:49:28','2013-10-02 18:49:28',5),(116,34,2,'body_image',19,8,'0000-00-00 00:00:00','0000-00-00 00:00:00',0,'2013-10-02 18:49:53','2013-10-02 18:49:53',5),(117,34,2,'body_image',20,9,'0000-00-00 00:00:00','0000-00-00 00:00:00',0,'2013-10-02 18:50:19','2013-10-02 18:50:19',5),(118,34,2,'body_image',21,10,'0000-00-00 00:00:00','0000-00-00 00:00:00',0,'2013-10-02 18:50:39','2013-10-02 18:50:39',5),(119,34,2,'body_image',22,11,'0000-00-00 00:00:00','0000-00-00 00:00:00',0,'2013-10-02 18:51:02','2013-10-02 18:51:02',5),(120,34,2,'body_image',23,12,'0000-00-00 00:00:00','0000-00-00 00:00:00',0,'2013-10-02 18:51:25','2013-10-02 18:51:25',5),(121,34,2,'body_image',24,13,'0000-00-00 00:00:00','0000-00-00 00:00:00',0,'2013-10-02 18:51:53','2013-10-02 18:51:53',5),(122,34,2,'body_image',25,14,'0000-00-00 00:00:00','0000-00-00 00:00:00',0,'2013-10-02 18:52:17','2013-10-02 18:52:17',5),(123,34,2,'body_image',26,15,'0000-00-00 00:00:00','0000-00-00 00:00:00',0,'2013-10-02 18:52:45','2013-10-02 18:52:45',5),(124,34,2,'body_image',27,16,'0000-00-00 00:00:00','0000-00-00 00:00:00',0,'2013-10-02 18:53:22','2013-10-02 18:53:22',5),(125,34,2,'body_image',28,17,'0000-00-00 00:00:00','0000-00-00 00:00:00',0,'2013-10-02 18:54:00','2013-10-02 18:54:00',5),(126,34,2,'body_image',29,18,'0000-00-00 00:00:00','0000-00-00 00:00:00',0,'2013-10-02 18:54:21','2013-10-02 18:54:21',5),(127,34,2,'body_image',30,19,'0000-00-00 00:00:00','0000-00-00 00:00:00',0,'2013-10-02 18:54:46','2013-10-02 18:54:46',5),(128,40,2,'text',39,0,NULL,NULL,0,'2013-10-02 21:26:05','2013-10-02 21:26:05',2),(129,41,2,'text',40,0,'0000-00-00 00:00:00','0000-00-00 00:00:00',0,'2013-10-03 23:05:01','2013-10-03 23:05:01',2),(130,41,2,'media_element',56,0,NULL,NULL,0,'2013-10-03 23:16:02','2013-10-03 23:16:02',2),(131,22,2,'event_summary',1,1,NULL,NULL,0,'2013-10-04 16:15:02','2013-10-04 16:15:02',5),(135,34,2,'text',42,0,'0000-00-00 00:00:00','0000-00-00 00:00:00',0,'2013-10-04 17:01:48','2013-10-04 17:01:48',2),(136,25,2,'media_element',58,8,'0000-00-00 00:00:00','0000-00-00 00:00:00',0,'2015-02-13 22:12:23','2015-02-13 22:12:23',2),(137,25,2,'media_element',59,7,'0000-00-00 00:00:00','0000-00-00 00:00:00',0,'2015-02-13 22:13:04','2015-02-13 22:13:04',2),(138,25,2,'media_element',60,6,'0000-00-00 00:00:00','0000-00-00 00:00:00',0,'2015-02-13 22:13:49','2015-02-13 22:13:49',2),(139,25,2,'text',43,1,NULL,NULL,0,'2015-02-13 22:14:58','2015-02-13 22:14:58',2),(140,25,2,'media_element',61,4,'0000-00-00 00:00:00','0000-00-00 00:00:00',0,'2015-02-13 22:16:30','2015-02-13 22:16:30',2),(141,25,2,'media_element',62,3,'0000-00-00 00:00:00','0000-00-00 00:00:00',0,'2015-02-13 22:17:01','2015-02-13 22:17:01',2),(142,25,2,'media_element',63,2,'0000-00-00 00:00:00','0000-00-00 00:00:00',0,'2015-02-13 22:17:46','2015-02-13 22:17:46',2),(143,27,2,'media_element',64,1,NULL,NULL,0,'2015-02-13 22:23:42','2015-02-13 22:23:42',2),(144,35,2,'text',44,0,NULL,NULL,0,'2015-03-04 21:19:41','2015-03-04 21:19:41',2),(145,38,2,'text',45,0,'0000-00-00 00:00:00','0000-00-00 00:00:00',0,'2015-03-04 22:36:18','2015-03-04 22:36:18',2);

--
-- Table structure for table `page_mirror`
--

CREATE TABLE `page_mirror` (
  `id` int(11) NOT NULL AUTO_INCREMENT,
  `cms_headline` varchar(255) NOT NULL DEFAULT '',
  `page_id` int(11) NOT NULL DEFAULT '0',
  `cms_active` tinyint(1) NOT NULL DEFAULT '1',
  `cms_deleted` tinyint(1) NOT NULL DEFAULT '0',
  `cms_draft` tinyint(1) NOT NULL DEFAULT '0',
  `cms_created` datetime NOT NULL,
  `cms_modified` datetime NOT NULL,
  `cms_modified_by_user` int(11) NOT NULL DEFAULT '0',
  PRIMARY KEY (`id`),
  KEY `cms_active` (`cms_active`),
  KEY `cms_deleted` (`cms_deleted`)
) ENGINE=InnoDB DEFAULT CHARSET=utf8;

--
-- Dumping data for table `page_mirror`
--


--
-- Table structure for table `page_template`
--

CREATE TABLE `page_template` (
  `id` int(11) NOT NULL AUTO_INCREMENT,
  `template_name` varchar(255) NOT NULL DEFAULT '',
  `template_filename` varchar(255) NOT NULL DEFAULT '',
  `cms_created` datetime NOT NULL,
  `cms_modified` datetime NOT NULL,
  `cms_modified_by_user` int(11) NOT NULL DEFAULT '0',
  PRIMARY KEY (`id`)
) ENGINE=InnoDB AUTO_INCREMENT=3 DEFAULT CHARSET=utf8;

--
-- Dumping data for table `page_template`
--

INSERT INTO `page_template` VALUES (1,'Main','default','2013-07-10 20:51:37','2013-07-10 20:51:37',0),(2,'Home','home','2013-07-10 20:51:37','2013-07-10 20:51:37',0);

--
-- Table structure for table `page_template_containers`
--

CREATE TABLE `page_template_containers` (
  `id` int(11) NOT NULL AUTO_INCREMENT,
  `page_template_id` int(11) NOT NULL DEFAULT '0',
  `container_name` varchar(255) NOT NULL DEFAULT '',
  `container_var` varchar(255) NOT NULL DEFAULT '',
  `cms_created` datetime NOT NULL,
  `cms_modified` datetime NOT NULL,
  `cms_modified_by_user` int(11) NOT NULL DEFAULT '0',
  PRIMARY KEY (`id`)
) ENGINE=InnoDB AUTO_INCREMENT=9 DEFAULT CHARSET=utf8;

--
-- Dumping data for table `page_template_containers`
--

INSERT INTO `page_template_containers` VALUES (1,1,'Banner','BANNER','2013-07-10 14:51:37','2013-07-12 17:10:43',5),(2,1,'Main Content','MAIN_CONTENT','2013-07-10 14:51:37','2013-07-12 17:11:52',5),(3,2,'Main Content','MAIN_CONTENT','2013-07-10 20:51:37','2013-07-10 20:51:37',0),(4,2,'Sidebar','SIDEBAR','2013-07-10 20:51:37','2013-07-10 20:51:37',0),(5,1,'Sidebar','SIDEBAR','2013-07-12 17:12:44','2013-07-12 17:12:44',5),(6,1,'Footer','FOOTER','2013-07-12 17:13:22','2013-07-12 17:13:22',5),(7,2,'Column 1','COLUMN_ONE','2013-07-17 18:27:23','2013-07-17 18:27:23',5),(8,2,'Column 2','COLUMN_TWO','2013-07-17 18:27:53','2013-07-17 18:27:53',5);

--
-- Table structure for table `permissions`
--

CREATE TABLE `permissions` (
  `id` int(11) NOT NULL AUTO_INCREMENT,
  `cms_headline` varchar(255) NOT NULL DEFAULT '',
  `type` varchar(255) NOT NULL DEFAULT '',
  `group_id` int(11) NOT NULL DEFAULT '0',
  `cms_active` tinyint(1) NOT NULL DEFAULT '1',
  `cms_deleted` tinyint(1) NOT NULL DEFAULT '0',
  `cms_created` datetime NOT NULL,
  `cms_modified` datetime NOT NULL,
  `cms_modified_by_user` int(11) NOT NULL DEFAULT '0',
  PRIMARY KEY (`id`)
) ENGINE=InnoDB DEFAULT CHARSET=utf8;

--
-- Dumping data for table `permissions`
--


--
-- Table structure for table `permissions_group`
--

CREATE TABLE `permissions_group` (
  `id` int(11) NOT NULL AUTO_INCREMENT,
  `cms_headline` varchar(255) NOT NULL DEFAULT '',
  `group_name` varchar(255) NOT NULL DEFAULT '',
  `cms_active` tinyint(1) NOT NULL DEFAULT '1',
  `cms_deleted` tinyint(1) NOT NULL DEFAULT '0',
  `cms_created` datetime NOT NULL,
  `cms_modified` datetime NOT NULL,
  `cms_modified_by_user` int(11) NOT NULL DEFAULT '0',
  PRIMARY KEY (`id`)
) ENGINE=InnoDB DEFAULT CHARSET=utf8;

--
-- Dumping data for table `permissions_group`
--


--
-- Table structure for table `permissions_user_group`
--

CREATE TABLE `permissions_user_group` (
  `id` int(11) NOT NULL AUTO_INCREMENT,
  `cms_headline` varchar(255) NOT NULL DEFAULT '',
  `group_id` int(11) NOT NULL DEFAULT '0',
  `user_id` int(11) NOT NULL DEFAULT '0',
  `cms_active` tinyint(1) NOT NULL DEFAULT '1',
  `cms_deleted` tinyint(1) NOT NULL DEFAULT '0',
  `cms_created` datetime NOT NULL,
  `cms_modified` datetime NOT NULL,
  `cms_modified_by_user` int(11) NOT NULL DEFAULT '0',
  PRIMARY KEY (`id`)
) ENGINE=InnoDB DEFAULT CHARSET=utf8;

--
-- Dumping data for table `permissions_user_group`
--


--
-- Table structure for table `redirect`
--

CREATE TABLE `redirect` (
  `id` int(11) NOT NULL AUTO_INCREMENT,
  `cms_headline` varchar(255) NOT NULL DEFAULT '',
  `url` varchar(255) NOT NULL DEFAULT '',
  `redirect` varchar(255) NOT NULL DEFAULT '',
  `regex` tinyint(1) NOT NULL DEFAULT '0',
  `count` int(11) NOT NULL DEFAULT '0',
  `cms_active` tinyint(1) NOT NULL DEFAULT '1',
  `cms_deleted` tinyint(1) NOT NULL DEFAULT '0',
  `cms_created` datetime NOT NULL,
  `cms_modified` datetime NOT NULL,
  `cms_modified_by_user` int(11) NOT NULL DEFAULT '0',
  PRIMARY KEY (`id`)
) ENGINE=InnoDB DEFAULT CHARSET=utf8;

--
-- Dumping data for table `redirect`
--


--
-- Table structure for table `schema_migrations`
--

CREATE TABLE `schema_migrations` (
  `version` varchar(255) NOT NULL,
  UNIQUE KEY `unique_schema_migrations` (`version`)
) ENGINE=InnoDB DEFAULT CHARSET=utf8;

--
-- Dumping data for table `schema_migrations`
--

INSERT INTO `schema_migrations` VALUES ('0'),('20130715173439');

--
-- Table structure for table `section_heading`
--

CREATE TABLE `section_heading` (
  `id` int(11) NOT NULL AUTO_INCREMENT,
  `cms_headline` varchar(255) NOT NULL DEFAULT '',
  `title` varchar(255) NOT NULL,
  `cms_active` tinyint(1) NOT NULL DEFAULT '1',
  `cms_deleted` tinyint(1) NOT NULL DEFAULT '0',
  `cms_draft` tinyint(1) NOT NULL DEFAULT '0',
  `cms_created` datetime NOT NULL,
  `cms_modified` datetime NOT NULL,
  `cms_modified_by_user` int(11) NOT NULL DEFAULT '0',
  PRIMARY KEY (`id`),
  KEY `cms_active` (`cms_active`),
  KEY `cms_deleted` (`cms_deleted`)
) ENGINE=InnoDB DEFAULT CHARSET=utf8;

--
-- Dumping data for table `section_heading`
--


--
-- Table structure for table `smarty_cache`
--

CREATE TABLE `smarty_cache` (
  `cache_id` int(11) NOT NULL AUTO_INCREMENT,
  `cache_contents` longtext NOT NULL,
  PRIMARY KEY (`cache_id`)
) ENGINE=InnoDB DEFAULT CHARSET=utf8;

--
-- Dumping data for table `smarty_cache`
--


--
-- Table structure for table `tab`
--

CREATE TABLE `tab` (
  `id` int(11) NOT NULL AUTO_INCREMENT,
  `cms_headline` varchar(255) NOT NULL DEFAULT '',
  `title` varchar(255) DEFAULT NULL,
  `cms_active` tinyint(1) NOT NULL DEFAULT '1',
  `cms_deleted` tinyint(1) NOT NULL DEFAULT '0',
  `cms_draft` tinyint(1) NOT NULL DEFAULT '0',
  `cms_created` datetime NOT NULL,
  `cms_modified` datetime NOT NULL,
  `cms_modified_by_user` int(11) NOT NULL DEFAULT '0',
  PRIMARY KEY (`id`)
) ENGINE=InnoDB DEFAULT CHARSET=utf8;

--
-- Dumping data for table `tab`
--


--
-- Table structure for table `text`
--

CREATE TABLE `text` (
  `id` int(11) NOT NULL AUTO_INCREMENT,
  `cms_headline` varchar(255) NOT NULL DEFAULT '',
  `content` text,
  `cms_active` tinyint(1) NOT NULL DEFAULT '1',
  `cms_deleted` tinyint(1) NOT NULL DEFAULT '0',
  `cms_draft` tinyint(1) NOT NULL DEFAULT '0',
  `cms_created` datetime NOT NULL,
  `cms_modified` datetime NOT NULL,
  `cms_modified_by_user` int(11) NOT NULL DEFAULT '0',
  PRIMARY KEY (`id`)
) ENGINE=InnoDB AUTO_INCREMENT=46 DEFAULT CHARSET=utf8;

--
-- Dumping data for table `text`
--

INSERT INTO `text` VALUES (1,'Home Text','<h1 class=\"feature\">\r\n	Delphi Energy Corp. explores, develops and produces oil &amp; gas in Western Canada</h1>\r\n<p>\r\n	Delphi Energy Corp. is a Calgary-based company that explores, develops and produces oil and natural gas in Western Canada. The Company is well positioned for growth through the drill bit with a large inventory of development opportunities focused in the deep basin at its core areas of Bigstone, Hythe and Wapiti/Gold Creek in northwest Alberta. Delphi is managed by a proven technical team and trades on the Toronto Stock Exchange under the symbol DEE.</p>\r\n',1,0,0,'2013-07-15 02:44:49','2013-07-15 14:45:43',5),(2,'Why Delphi?','<h1>Why Delphi?</h1>\r\n\r\n<p>Delphi off​ers the following characteristics:</p>\r\n\r\n<p><strong>Inventory of scalable development opportunities</strong></p>\r\n\r\n<ul>\r\n	<li>Montney land base has grown to 118 sections</li>\r\n	<li>Field operations benefiting from continuous operations</li>\r\n</ul>\r\n\r\n<p><strong>Cash generating capability</strong></p>\r\n\r\n<ul>\r\n	<li>Montney field netback of +$28/boe at $3.50/mcf</li>\r\n	<li>Montney C3+ NGL Yields 55-95 bbls/mmcf (ave 65% C5+)</li>\r\n	<li>Improved gas prices in 2013 over 2012</li>\r\n	<li>Hedge position in 2013</li>\r\n</ul>\r\n\r\n<p><strong>Accelerated reserve growth</strong></p>\r\n\r\n<ul>\r\n	<li>TP reserves increased 35% at June 2013 from YE 2012</li>\r\n	<li>P+P reserves increased 30% at June 2013 from YE 2012</li>\r\n	<li>Increased NGLs by 47% at June 2013 to 13.9 mmboe</li>\r\n</ul>\r\n\r\n<p><strong>Montney program acceleration</strong></p>\r\n\r\n<ul>\r\n	<li>Robust economics and shortened payouts</li>\r\n	<li>Significant unbooked value at Bigstone Montney</li>\r\n</ul>\r\n',1,0,0,'2013-07-13 15:09:06','2015-02-13 19:11:41',2),(3,'Management','<h1>Management</h1>\r\n\r\n<p><strong>David Reid, P.Eng. (President &amp; CEO, Director)</strong></p>\r\n\r\n<ul>\r\n	<li>Former President &amp; CEO of DT Energy, Renata Resources and COO of Ballistic Energy</li>\r\n	<li>Professional engineer with over 28 years of experience</li>\r\n</ul>\r\n\r\n<p><strong>Brian Kohlhammer, C.A. (Senior Vice President Finance &amp; CFO)</strong></p>\r\n\r\n<ul>\r\n	<li>Formerly VP &amp; CFO at Virtus Energy and Renata Resources</li>\r\n	<li>Chartered accountant with over 23 years experience in the oil and gas industry</li>\r\n</ul>\r\n\r\n<p><strong>Tony Angelidis, P.Geol. (Senior Vice President Exploration, Director)</strong></p>\r\n\r\n<ul>\r\n	<li>Former VP Exploration of DT Energy, Renata Resources and Prize Energy</li>\r\n	<li>Professional geologist with over 27 years of experience</li>\r\n</ul>\r\n\r\n<p><strong>Rod Hume, P.Eng. (Senior Vice President Engineering)</strong></p>\r\n\r\n<ul>\r\n	<li>Formerly with Dominion Exploration Canada, Devon Canada and Anderson Exploration</li>\r\n	<li>Professional engineer with over 15 years of experience</li>\r\n</ul>\r\n\r\n<p><strong>Hugo Batteke, P.Eng. (Vice President Operations)</strong></p>\r\n\r\n<ul>\r\n	<li>Over 25 years experience in the oil and gas industry</li>\r\n	<li>Extensive experience in Delphi&#39;s major operating areas in Alberta and British Columbia</li>\r\n</ul>\r\n\r\n<p><strong>Mike Galvin (Vice President Land)</strong></p>\r\n\r\n<ul>\r\n	<li>Formerly with Rockyview Energy and Nexen</li>\r\n	<li>Land negotiator with over 15 years experience</li>\r\n</ul>\r\n',1,0,0,'2013-07-15 03:41:36','2015-02-13 19:12:52',2),(4,'Board of Directors','<h1>Board of Directors</h1>\r\n\r\n<p><strong>David Reid</strong><br />\r\nPresident &amp; CEO of Delphi Energy</p>\r\n\r\n<p><strong>Tony Angelidis</strong><br />\r\nSenior Vice President Exploration of Delphi Energy</p>\r\n\r\n<p><strong>Harry Campbell, Q.C.</strong><br />\r\nChairman, Burnet, Duckworth &amp; Palmer LLP</p>\r\n\r\n<p><strong>Robert Lehodey, Q.C. </strong><br />\r\nPartner, Osler, Hoskin &amp; Harcourt LLP<br />\r\n<br />\r\n<strong>Andrew Osis </strong><br />\r\nIndependent Businessman<br />\r\n<br />\r\n<strong>Lamont Tolley</strong><br />\r\nIndependent Businessman</p>\r\n\r\n<p><strong>David Sandmeyer</strong><br />\r\nDirector of Freehold Royalties Ltd.</p>\r\n\r\n<p><strong>Stephen Mulherin</strong><br />\r\nPartner, Polar Capital Corporation and serves on the Board of Fort Chicago Energy Partners and Lockerbie &amp; Hole Inc.</p>\r\n',1,0,0,'2013-07-15 03:42:59','2015-02-13 19:13:20',2),(5,'Whistleblower Policy','<h1>Whistleblower Policy</h1>\r\n\r\n<p>Delphi has established procedures for the confidential and anonymous submission by <strong>employees</strong> of complaints or concerns regarding financial statement disclosures, accounting, internal accounting controls or auditing matters. <strong>External third parties</strong> may also submit complaints relating to similar matters. All submissions are to be mailed or emailed directly to the Chairman of the Audit Committee care of Delphi Energy:</p>\r\n\r\n<p style=\"margin-left: 40px;\">Delphi Energy Corp.<br />\r\nSuite 300, 500 &ndash; 4 Avenue SW<br />\r\nCalgary, Alberta T2P 2V6<br />\r\nCanada<br />\r\nEmail:&nbsp;<a href=\"mailto:whistleblower@delphienergy.ca\">whistleblower@delphienergy.ca</a></p>\r\n\r\n<p>The chair of the Audit Committee will review the complaint, investigate the matter to the extent deemed necessary and communicate the matter to the Audit Committee.</p>\r\n',1,0,0,'2013-07-14 21:45:10','2015-02-13 19:14:23',2),(6,'Core Areas','<h1>Core Areas</h1>\r\n\r\n<p><img alt=\"\" src=\"/upload/body_image/attachments/11/Delphi map C1 WEB.jpg\" style=\"width: 612px; height: 434px; border-width: 10px; border-style: solid;\" /></p>\r\n',1,0,0,'2013-07-13 09:52:58','2015-02-13 20:33:10',2),(7,'Bigstone-Montney','<h1>Northwest Alberta - Montney</h1>\r\n\r\n<h2><img alt=\"\" src=\"/upload/body_image/attachments/12/Screen Shot 2015-02-13 at 12.25.33 PM.png\" style=\"float: right; width: 327px; height: 280px; border-width: 10px; border-style: solid; margin: 10px 20px;\" /></h2>\r\n\r\n<ul>\r\n	<li>One of the largest Montney landowners on mapsheet.</li>\r\n	<li>Continue to grow Montney production, reserves and undeveloped land position at Bigstone.</li>\r\n	<li>Leader in the evolution of the liquids-rich play.</li>\r\n	<li>Continue to accelerate program<br />\r\n	with robust economics,<br />\r\n	shortened payouts and<br />\r\n	significant unbooked value.</li>\r\n</ul>\r\n\r\n<h2>Bigstone East</h2>\r\n\r\n<ul>\r\n	<li>Held four sections of legacy Montney rights below existing DEE production.</li>\r\n	<li>Added 12 sections of Montney rights through acquisitions and farm-in 2011/2012.</li>\r\n	<li>Farm-in adds an additional 2.5 sections (75% WI).</li>\r\n	<li>Acquisition added 30 gross (89% WI).</li>\r\n	<li>Recent farm-in adds 10 sections (100% WI).</li>\r\n	<li>Recent Crown sales and acquisitions add 10 sections.</li>\r\n	<li>Recent acquisition of 8.0 sections (3.5 net) added Sept/14.</li>\r\n</ul>\r\n\r\n<h2>Bigstone West</h2>\r\n\r\n<ul>\r\n	<li>Acquired (100% WI) in 2010/2011.</li>\r\n	<li>Liquids-rich Upper Montney being de-risked at West Bigstone.</li>\r\n	<li>Upper and middle Montney thicken.\r\n	<ul type=\"circle\">\r\n		<li>Natural gas is sweet to marginally sour.</li>\r\n		<li>Condensate and NGL yields appear greatter than East Bigstone.</li>\r\n	</ul>\r\n	</li>\r\n	<li>Slickwater &quot;frac design&quot; being perfected.</li>\r\n	<li>26.3 sections of Cretaceous added Sept/14.\r\n	<ul type=\"circle\">\r\n		<li>Includes strategic infrastructure.</li>\r\n	</ul>\r\n	</li>\r\n</ul>\r\n\r\n<h2>Bigstone South</h2>\r\n\r\n<ul>\r\n	<li>Farm-in added an additional 33 sections (75% WI).</li>\r\n	<li>Includes Nordegg / Montney rights, excludes all Duverney rights.</li>\r\n</ul>\r\n',1,0,0,'2013-07-07 22:00:59','2015-02-13 20:25:28',2),(8,'North East British Columbia','<h1>\r\n	North East British Columbia</h1>\r\n<p>\r\n	<span style=\"line-height: 1.25em;\"><img alt=\"\" src=\"/upload/body_image/attachments/2/ne_bc.gif\" style=\"width: 300px; height: 352px; float: right; margin-left: 20px; margin-right: 20px;\" />Delphi&#39;s assets in North East British Columbia produce from various fields and formations, including the shallow Cretaceous Bluesky at Kotcho, the deeper Permian Mattson at Windlfower, the Mississippian Debolt at Helmet and the deep Devonian Jean Marie and Slave Point carbonates at Helmet North and Missile.</span></p>\r\n<p>\r\n	<span style=\"line-height: 1.25em;\">At Peggo, Delphi has 2,900 acres of undeveloped land, a 100 percent working interest in 13 kilometres of a sour gas transmission pipeline and a 50 percent working interest in a 30 mmcf/d processing facility.</span></p>\r\n<p>\r\n	&nbsp;</p>\r\n',1,0,0,'2013-07-15 10:06:55','2013-07-15 16:07:20',5),(9,'Hythe','<h1>Northwest Alberta - Hythe</h1>\r\n\r\n<p><img alt=\"\" src=\"/upload/body_image/attachments/3/DEE-Hythe-2013-01-17.gif\" style=\"width: 299px; height: 210px; margin: 20px; float: right; border-width: 10px; border-style: solid;\" /></p>\r\n\r\n<ul>\r\n	<li>The Hythe property is located 60 kilometres northwest of Grande Prairie, AB.</li>\r\n	<li>Delphi has an average 67% interest in 165,469 acres of land, of which 91,153 acres are undeveloped.</li>\r\n	<li>The Hythe property offers several additional multiple stacked targets down to depths of 2,400 metres. The primary natural gas horizons in the area are: Dunvegan, Notikewin, Falher, Bluesky, Gething and Nikanassin formations, with the oil horizons being primarily the DOE Creek and Dunvegan.</li>\r\n	<li>Delphi continues to be encouraged by the performance of its Doe Creek horizontal oil wells.</li>\r\n</ul>\r\n',1,0,0,'2013-07-13 22:11:00','2015-02-13 20:26:24',2),(10,'Wapiti','<h1>Northwest Alberta - Wapiti</h1>\r\n\r\n<p><img alt=\"\" src=\"/upload/body_image/attachments/4/DEE-Wapiti-2013-01-17.gif\" style=\"width: 299px; height: 199px; margin: 10px 20px; float: right; border-width: 10px; border-style: solid;\" /></p>\r\n\r\n<ul>\r\n	<li>The Wapiti property is located 50 kilometres south of the city of Grand Prairie, AB.</li>\r\n	<li>Delphi has an average 58% interest in 60,004 acres of land, of which 31,844 acres (21,585 net) are undeveloped.</li>\r\n	<li>Recently initiated a public sale process to potentially sell its Wapiti assets.</li>\r\n</ul>\r\n',1,0,0,'2013-07-14 10:12:25','2015-02-13 20:26:51',2),(11,'News Releases','<h1>\r\n	News Releases</h1>\r\n',1,0,0,'2013-07-15 16:16:43','2013-07-15 16:16:43',5),(12,'Analyst Coverage','<h1>Analyst Coverage</h1>\r\n\r\n<table cellpadding=\"5\" cellspacing=\"1\">\r\n	<tbody>\r\n		<tr>\r\n			<th>Name &amp; Company</th>\r\n			<th>Email &amp; Website</th>\r\n			<th>Phone</th>\r\n		</tr>\r\n		<tr>\r\n			<td>\r\n			<p>Patrick J. O&rsquo;Rourke, Analyst<br />\r\n			AltaCorp Capital</p>\r\n			</td>\r\n			<td>\r\n			<p><a href=\"mailto:porourke@altacorp.com\">porourke@altacorp.com</a><br />\r\n			<a href=\"http://www.altacorp.com\" target=\"_blank\">www.altacorp.com</a></p>\r\n			</td>\r\n			<td>\r\n			<p>(403) 539-8615</p>\r\n			</td>\r\n		</tr>\r\n		<tr>\r\n			<td>\r\n			<p>Michael J. Hearn, Analyst<br />\r\n			FirstEnergy Capital Corp.</p>\r\n			</td>\r\n			<td>\r\n			<p><a href=\"mailto:mjhearn@firstenergy.com\">mjhearn@firstenergy.com</a><br />\r\n			<a href=\"http://www.firstenergy.com\" target=\"_blank\">www.firstenergy.com</a></p>\r\n			</td>\r\n			<td>\r\n			<p>(403) 444-8273</p>\r\n			</td>\r\n		</tr>\r\n		<tr>\r\n			<td>\r\n			<p>Aaron Swanson, Analyst<br />\r\n			GMP Securities L.P.</p>\r\n			</td>\r\n			<td>\r\n			<p><a href=\"mailto:aswanson@gmpsucurities.com\">aswanson@gmpsucurities.com</a><br />\r\n			<a href=\"http://www.gmpsecurities.com\" target=\"_blank\">www.gmpsecurities.com</a></p>\r\n			</td>\r\n			<td>\r\n			<p>(403) 543-3563</p>\r\n			</td>\r\n		</tr>\r\n		<tr>\r\n			<td>\r\n			<p>Mark Heim, Analyst<br />\r\n			Mackie Research Capital Corp.</p>\r\n			</td>\r\n			<td>\r\n			<p><a href=\"mailto:mheim@mackieresearch.com\">mheim@mackieresearch.com</a><br />\r\n			<a href=\"http://www.mackieresearch.com\" target=\"_blank\">www.mackieresearch.com</a></p>\r\n			</td>\r\n			<td>\r\n			<p>(403) 292-9485</p>\r\n			</td>\r\n		</tr>\r\n		<tr>\r\n			<td>\r\n			<p>Josef Schachter, Analyst<br />\r\n			Maison Placements Canada</p>\r\n			</td>\r\n			<td>\r\n			<p><a href=\"mailto:josef@sami.com\" target=\"_blank\">josef@sami.com</a></p>\r\n			</td>\r\n			<td>\r\n			<p>(403) 264-5777</p>\r\n			</td>\r\n		</tr>\r\n		<tr>\r\n			<td>\r\n			<p>Matthew Taylor, Analyst<br />\r\n			National Bank Financial</p>\r\n			</td>\r\n			<td>\r\n			<p><a href=\"mailto:matthew.taylor@nbc.ca\">matthew.taylor@nbc.ca</a><br />\r\n			<a href=\"http://www.nbc.ca\" target=\"_blank\">www.nbc.ca</a></p>\r\n			</td>\r\n			<td>\r\n			<p>(403) 290-5625</p>\r\n			</td>\r\n		</tr>\r\n		<tr>\r\n			<td height=\"36\">Dan Grager, Analyst<br />\r\n			Peters &amp; Co.</td>\r\n			<td>\r\n			<p><a href=\"mailto:dgrager@petersco.com\">dgrager@petersco.com</a><br />\r\n			<a href=\"http://www.petersco.com\" target=\"_blank\">www.petersco.com</a></p>\r\n			</td>\r\n			<td>(403) 261-2243</td>\r\n		</tr>\r\n		<tr>\r\n			<td height=\"36\">\r\n			<p>William Lee, Analyst<br />\r\n			Scotia Capital</p>\r\n			</td>\r\n			<td>\r\n			<p><a href=\"mailto:william.lee@scotiabankl.com\">william.lee@scotiabank.com</a><br />\r\n			<a href=\"http://www.scotiabank.com\" target=\"_blank\">www.scotiabank.com</a></p>\r\n			</td>\r\n			<td>\r\n			<p>(403) 213-7331</p>\r\n			</td>\r\n		</tr>\r\n		<tr>\r\n			<td height=\"36\">\r\n			<p>Kurt Molnar, Analyst<br />\r\n			Raymond James</p>\r\n			</td>\r\n			<td>\r\n			<p><a href=\"mailto:kurt.molnar@raymondjames.ca\">kurt.molnar@raymondjames.ca</a><br />\r\n			<a href=\"http://www.raymondjames.ca\" target=\"_blank\">www.raymondjames.ca</a></p>\r\n			</td>\r\n			<td>\r\n			<p>(403) 221-0414</p>\r\n			</td>\r\n		</tr>\r\n	</tbody>\r\n</table>\r\n\r\n<p align=\"justify\">Readers are cautioned that the above list of analysts who cover Delphi Energy Corp. (&ldquo;Delphi&rdquo;) is provided as a service only. Any opinions, estimates or forecasts made by the above analysts regarding Delphi&#39;s past, present or future performance do not necessarily reflect the facts. Delphi believes but does not guarantee that the list of analysts is comprehensive. All the above contact information has been posted with permission.</p>\r\n',1,0,0,'2013-07-14 10:23:18','2015-03-04 22:54:22',2),(13,'Events & Presentations','<h1>Events &amp; Presentations</h1>\r\n',1,0,0,'2013-07-12 15:19:51','2013-10-04 16:15:55',5),(14,'Company Profile','<h1>Company Profile</h1>\r\n\r\n<p>Delphi Energy is a public oil and natural gas company based out of Calgary, operating mainly in the deep basin of North West Alberta. The corporation is well positioned for significant organic growth with a large inventory of drilling opportunities on its resource-style development projects utilizing horizontal drilling with multi-stage fracturing technology.</p>\r\n\r\n<p>We are currently updating our corporate profile. Please check back soon.</p>\r\n',1,0,0,'2013-07-15 03:48:49','2015-02-13 22:28:16',2),(15,'Capitalization','<h1>Capitalization</h1>\r\n\r\n<div><img alt=\"\" src=\"/upload/body_image/attachments/9/stock_button.gif\" style=\"width: 130px; height: 62px; float: right;\" /></div>\r\n\r\n<table style=\"width: 75%;\">\r\n	<tbody>\r\n		<tr>\r\n			<td><strong>Exchange Listing (TSX)</strong></td>\r\n			<td>DEE</td>\r\n		</tr>\r\n		<tr>\r\n			<td colspan=\"2\" rowspan=\"1\"><strong>Shares Outstanding (000s) (December 31, 2014)</strong></td>\r\n		</tr>\r\n		<tr>\r\n			<td><strong>- Basic</strong></td>\r\n			<td>155,477</td>\r\n		</tr>\r\n		<tr>\r\n			<td><strong>- Diluted</strong></td>\r\n			<td>168,288</td>\r\n		</tr>\r\n		<tr>\r\n			<td><strong>Total Assets (Sept. 30, 2014)</strong></td>\r\n			<td>518,050</td>\r\n		</tr>\r\n		<tr>\r\n			<td colspan=\"2\" rowspan=\"1\"><strong>2014 Forecast</strong></td>\r\n		</tr>\r\n		<tr>\r\n			<td><strong>- Funds from Operations (MM)</strong></td>\r\n			<td>$67 - $69</td>\r\n		</tr>\r\n		<tr>\r\n			<td><strong>- Net Capital Program (MM)</strong></td>\r\n			<td>$103 - $106</td>\r\n		</tr>\r\n		<tr>\r\n			<td><strong>- Net Debt at Dec. 31/14 (MM)</strong></td>\r\n			<td>$175</td>\r\n		</tr>\r\n		<tr>\r\n			<td><strong>Senior Credit Facilities (MM)</strong></td>\r\n			<td>$190</td>\r\n		</tr>\r\n		<tr>\r\n			<td><strong>Total Credit Capacity (MM)</strong></td>\r\n			<td>$210</td>\r\n		</tr>\r\n		<tr>\r\n			<td><strong>Market Cap (Dec. 31, 2014)</strong></td>\r\n			<td>$233 million</td>\r\n		</tr>\r\n	</tbody>\r\n</table>\r\n\r\n<p>&nbsp;</p>\r\n',1,0,0,'2013-07-14 03:55:15','2015-02-13 22:09:54',2),(16,'Financial Statements','<h1>Financial Statements</h1>\r\n',1,0,0,'2013-07-15 10:05:18','2013-10-04 17:02:32',2),(17,'Financials - 2013 heading','<h2>\r\n	2013</h2>\r\n',1,0,0,'2013-07-15 22:05:46','2013-07-15 22:05:46',5),(18,'Financials - 2012 heading','<h2>2012</h2>\r\n',1,0,0,'2013-07-16 19:51:37','2013-07-16 19:51:37',5),(19,'Financials - 2011 heading','<h2>2011</h2>\r\n',1,0,0,'2013-07-16 19:58:35','2013-07-16 19:58:35',5),(20,'Financials - 2010 heading','<h2>2010</h2>\r\n',1,0,0,'2013-07-16 20:01:20','2013-07-16 20:01:20',5),(21,'Financials - 2009 heading','<h2>2009</h2>\r\n',1,0,0,'2013-07-16 20:06:19','2013-07-16 20:06:19',5),(22,'Financial Reports Archives Link','<p>View archived Financial Reports <a href=\"/_page28\">here</a>.</p>\r\n',1,0,0,'2013-07-16 08:11:17','2013-10-29 21:59:27',2),(23,'Financial Reports Archives','<h1>Financial Reports - Archives</h1>\r\n\r\n<p>View current financial reports&nbsp;<a href=\"/_page25\">here</a></p>\r\n',1,0,0,'2013-07-16 08:13:02','2013-07-16 20:38:55',5),(24,'Financials - 2008 heading','<h2>2008</h2>\r\n',1,0,0,'2013-07-16 20:17:21','2013-07-16 20:17:21',5),(25,'Financials - 2007 heading','<h2>2007</h2>\r\n',1,0,0,'2013-07-16 20:20:26','2013-07-16 20:20:26',5),(26,'----------------------','<hr />',1,0,0,'2013-07-16 14:34:31','2013-07-16 20:36:41',5),(27,'Annual Information Form','<h1>Annual Information Form</h1>\r\n\r\n<p>An annual information form (AIF) must be filed annually by TSX-listed companies. The AIF is intended to provide material information about the company and its business. The AIF describes the company, its operations and prospects, risks and other external factors that impact the company:</p>\r\n',1,0,0,'2013-07-16 08:40:32','2013-07-17 19:24:57',5),(28,'Default Footer Instructions','<h1>Default Footer</h1>\r\n\r\n<p>If you want to change the default footer, edit the footer elements on this page, then click <a href=\"/nterchange/site_admin/clear_all_cache\">clear all cache</a> to update all pages.</p>\r\n',1,0,0,'2013-07-17 11:16:13','2013-07-17 17:16:28',5),(29,'404 Error','<h1>Page Not Found</h1>\r\n\r\n<p>Sorry, the page you requested could not be found.</p>\r\n',1,0,0,'2013-07-17 17:35:12','2013-07-17 17:35:12',5),(30,'Default Banner Instructions','<h1>Default Banner</h1>\r\n\r\n<p>If you want to change the default banner, edit the banner on this page, then click <a href=\"/nterchange/site_admin/clear_all_cache\" target=\"_blank\">clear all cache</a> to update all pages.</p>\r\n\r\n<p>The banners depend on a blue color and should be tall enough to allow room to grow vertically. <a href=\"/upload/media_element/attachments/4/banner-template.psd.zip\" target=\"_blank\">Download the PSD banner template</a>.&nbsp;</p>\r\n',1,0,0,'2013-07-17 05:52:52','2013-07-17 19:57:43',5),(31,'Home Column - Presentation','<h3>Presentation</h3>\r\n\r\n<p>We invite you to review Delphi Energy&#39;s March 2015 corporate presentation.</p>\r\n\r\n<p><a class=\"btn\" href=\"/upload/media_element/attachments/7/2015 March Presentation.pdf\" target=\"_blank\">Download </a></p>\r\n',1,0,0,'2013-07-15 00:28:58','2015-03-04 17:34:00',2),(32,'Home Column - Upcoming Events','<h3>Events</h3>\r\n\r\n<p>March 19, 2015&nbsp; &ndash; Q4 2014 and Year End Earnings Conference Call and Webcast</p>\r\n\r\n<p><a class=\"btn\" href=\"http://www.gowebcasting.com/6322\" target=\"_blank\">Listen to Webcast </a></p>\r\n',1,0,0,'2013-07-14 12:37:18','2015-03-04 17:34:19',2),(33,'Investor Quick Links','<h3>Quick Links</h3>\r\n\r\n<ul>\r\n	<li><a href=\"/upload/media_element/5/01/dee-2012-ar-web.pdf\">2012 Annual Report</a></li>\r\n	<li><a href=\"/upload/media_element/44/01/dee-2013-aif.pdf\">2013 Annual Information Form</a></li>\r\n</ul>\r\n',1,0,0,'2013-07-17 02:04:18','2013-07-17 21:45:15',5),(34,'Contact','<h1>Contact</h1>\r\n\r\n<h2>Delphi Energy Corp<strong>.</strong></h2>\r\n\r\n<p>Suite 300, 500 &ndash; 4 Avenue SW<br />\r\nCalgary, Alberta&nbsp;T2P 2V6<br />\r\nCanada<br />\r\n<br />\r\nT (403) 265-6171<br />\r\nF (403) 265-6207<br />\r\nE <a href=\"mailto:info@delphienergy.ca\">Click here to send email to Delphi</a><br />\r\nEmergency Number: 1-800-430-7207<br />\r\n<br />\r\nIf you would like to receive ongoing updates from Delphi Energy Corp. such as news releases and invitations, please send your name, company, title, phone number, fax number and email address to <a href=\"mailto:info@delphienergy.ca\">info@delphienergy.ca</a></p>\r\n',1,0,0,'2013-07-16 09:28:40','2013-10-16 18:06:04',2),(35,'Careers','<h1>Careers</h1>\r\n\r\n<p><a href=\"/upload/media_element/attachments/6/Job Description - Financial Accountant v2.pdf\" target=\"_blank\">FINANCIAL ACCOUNTANT</a></p>\r\n\r\n<p>All interested parties are asked to forward their resume to <a href=\"mailto:info@delphienergy.ca\" target=\"_blank\">info@delphienergy.ca</a>. We thank all applicants for their interest, but only those selected for an interview will be contacted.</p>\r\n',1,0,0,'2013-07-16 03:29:51','2015-02-13 22:40:03',2),(36,'Disclaimer','<h1>Disclaimer</h1>\r\n\r\n<h2>Legal</h2>\r\n\r\n<p>By accessing and browsing this website, you signify your agreement to these terms of use.</p>\r\n\r\n<h2>General</h2>\r\n\r\n<p>All information provided on this website was believed to be accurate and reliable at the time of posting. However, Delphi Energy does not warrant its accuracy, completeness and currency at all times.</p>\r\n\r\n<h2>Copyright</h2>\r\n\r\n<p>All material provided on this website is protected under copyright laws unless otherwise noted. Usage of Delphi&rsquo;s logo, icons, graphics, design and certain words and phrases for non-personal reasons is strictly prohibited without prior written permission from Delphi Energy.</p>\r\n\r\n<h2>Disclaimer of Liability</h2>\r\n\r\n<p>The contents of this website are offered as information only and are not intended to provide financial, legal, investment, accounting or tax advice, and should not be relied upon in that respect. Delphi expressly disclaims all liability from loss of any kind resulting from interpretation of material provided on this website.</p>\r\n\r\n<h2>Third-Party Websites</h2>\r\n\r\n<p>As a courtesy, this website contains links to third-party sites. Delphi is not responsible for the accuracy or reliability of any content found on these sites, nor is Delphi responsible for Internet technical difficulties, software or transmission problems, computer viruses or any such destructive programs that may occur as a result of using this or any linked website.</p>\r\n\r\n<h2>Forward-Looking Statements</h2>\r\n\r\n<p>Some of the information which can be obtained on this website may contain projections or other forward-looking statements regarding future events or the future financial performance of Delphi. Such statements are subject to certain risks, uncertainties and assumptions that could cause actual results to differ materially from those expressed or implied in the forward-looking statements.</p>\r\n',1,0,0,'2013-07-17 03:42:00','2013-10-04 16:59:09',2),(37,'Test Content','<p>This is a test div</p>\r\n\r\n<div class=\"cool\">cool?</div>\r\n',1,0,0,'2013-07-18 18:37:58','2013-07-18 18:37:58',5),(38,'Gallery Intro','<h1>Gallery</h1>\r\n',1,0,0,'2013-10-02 18:19:43','2013-10-02 18:19:43',5),(39,'Bigstone-Other','<h1>Cretaceous</h1>\r\n\r\n<p>The Bigstone property is located 150 kilometres southeast of the city of Grande Prairie. The sweet natural gas production from the shallower Cretaceous zones at Bigstone was the Company&rsquo;s fourth largest producing asset in 2013, contributing an average of 1,020 boe/d, of which 19 percent was oil and natural gas liquids. Important infrastructure ownership in the area for this production includes the Company&rsquo;s 25.2 percent working interest in the Bigstone West gas plant with a gross capacity of 85 mmcf/d. The Company has an average working interest of 69.5 percent in 37,440 acres of land, of which 14,560 acres (12,044 net) are undeveloped. The Cretaceous Gething formation at Bigstone offers significant horizontal development potential. The Company&rsquo;s successful Gething horizontal well at 12-16-60-23W5 confirms that this formation is more efficiently exploited by using horizontal drilling and multifrac technology. This development approach is used to access the gas and natural gas liquids contained in both the lower permeability and higher permeability sandstone reservoirs. The Company has identified 57 undrilled Gething horizontal locations on its lands.</p>\r\n',1,0,0,'2013-10-01 15:26:05','2015-03-04 20:50:12',2),(40,'Management Information Circular','<h1>Management Information Circular</h1>\r\n',1,0,0,'2013-10-03 23:05:01','2013-10-03 23:05:01',2),(41,'Glossary','<h1>Glossary</h1>\r\n',1,1,0,'2013-10-04 16:58:13','2013-10-04 16:58:13',2),(42,'Gallery','<h1>Gallery</h1>\r\n',1,0,0,'2013-10-04 17:01:48','2013-10-04 17:01:48',2),(43,'Financials - 2014 Heading','<h2>2014</h2>\r\n',1,0,0,'2015-02-13 15:14:58','2015-02-13 22:15:24',2),(44,'Glossary','<h1>Glossary</h1>\r\n\r\n<h2>Abbreviations</h2>\r\n\r\n<p><strong>bbls</strong> - barrels</p>\r\n\r\n<p><strong>bbls/d</strong> - barrels per day</p>\r\n\r\n<p><strong>bcf </strong>- billion cubic feet</p>\r\n\r\n<p><strong>bcf/d</strong> &ndash; billion cubic feet per day</p>\r\n\r\n<p><strong>boe</strong> - barrels of oil equivalent (6 mcf:1 bbl)</p>\r\n\r\n<p><strong>boe/d</strong> - barrels of oil equivalent per day</p>\r\n\r\n<p><strong>btu</strong> &ndash; British thermal unit</p>\r\n\r\n<p><strong>GJ</strong> - gigajoules</p>\r\n\r\n<p><strong>mbbls</strong> - thousand barrels</p>\r\n\r\n<p><strong>mboe</strong> &ndash; thousand barrels of oil equivalent</p>\r\n\r\n<p><strong>mcf </strong>- thousand cubic feet</p>\r\n\r\n<p><strong>mcf/d</strong> - thousand cubic feet per day</p>\r\n\r\n<p><strong>mmboe</strong> - million barrels of oil equivalent</p>\r\n\r\n<p><strong>mmcf</strong> - million cubic feet&nbsp;&nbsp;&nbsp;&nbsp;&nbsp;&nbsp;&nbsp;&nbsp;&nbsp;</p>\r\n\r\n<p><strong>mmcf/d</strong> - million cubic feet per day</p>\r\n\r\n<p><strong>NGL</strong> - natural gas liquids</p>\r\n\r\n<p>&nbsp;</p>\r\n\r\n<h2>Natural Gas Equivalents</h2>\r\n\r\n<p>1 cf&nbsp;&nbsp;&nbsp;&nbsp;&nbsp;&nbsp;&nbsp;&nbsp;&nbsp;&nbsp;&nbsp;&nbsp;&nbsp;&nbsp;&nbsp;&nbsp;&nbsp;&nbsp; 1 MBtu</p>\r\n\r\n<p>1 Mcf&nbsp;&nbsp;&nbsp;&nbsp;&nbsp;&nbsp;&nbsp;&nbsp;&nbsp;&nbsp;&nbsp;&nbsp;&nbsp;&nbsp;&nbsp; 1 MMBtu</p>\r\n\r\n<p>1 Mcf&nbsp;&nbsp;&nbsp;&nbsp;&nbsp;&nbsp;&nbsp;&nbsp;&nbsp;&nbsp;&nbsp;&nbsp;&nbsp;&nbsp;&nbsp; 1.054615 GJs</p>\r\n\r\n<p>6 Mcf&nbsp;&nbsp;&nbsp;&nbsp;&nbsp;&nbsp;&nbsp;&nbsp;&nbsp;&nbsp;&nbsp;&nbsp;&nbsp;&nbsp;&nbsp; 1 Bbl</p>\r\n\r\n<p>1 MMBtu&nbsp;&nbsp;&nbsp;&nbsp;&nbsp;&nbsp;&nbsp;&nbsp;&nbsp;&nbsp; 1.054615 GJs</p>\r\n\r\n<p>&nbsp;</p>\r\n\r\n<h1>A</h1>\r\n\r\n<p><strong>Abandonment</strong><br />\r\nConverting a drilled well to a condition that can be left indefinitely without further attention and will not damage freshwater supplies, potential petroleum reservoirs or the environment.</p>\r\n\r\n<p><strong>Associated Gas</strong><br />\r\nGas that is produced from the same reservoir in association with crude oil, either as free gas or in solution.</p>\r\n\r\n<h1>B</h1>\r\n\r\n<p><strong>Basis Differential</strong><br />\r\nIn the case of natural gas, the basis differential is the cost of moving gas from one location to another.</p>\r\n\r\n<h1>C</h1>\r\n\r\n<p><strong>Casing</strong><br />\r\nA type of pipe that is used for encasing a smaller diameter carrier pipe for installation in a well. Casing is used to send off fluids from the hole or keep a hole from caving in.</p>\r\n\r\n<p><strong>Completion</strong><br />\r\nThe process by which a well is stimulated/prepared to produce oil and gas, involving such steps as running and perforating the casing.</p>\r\n\r\n<p><strong>Condensate</strong><br />\r\nLiquids recovered during the production of natural gas, consisting primarily of pentane and heavier hydrocarbons.</p>\r\n\r\n<p><strong>Core</strong><br />\r\nA continuous cylinder of rock, usually from five to 10 centimetres in diameter, cut from the bottom of a well-bore. Cores are cut during the drilling of a well and are used in the study of underground formations.</p>\r\n\r\n<p><strong>Crown Land</strong><br />\r\nMineral rights owned by the federal or provincial governments in Canada.</p>\r\n\r\n<h1>D</h1>\r\n\r\n<p><strong>Dry Gas</strong><br />\r\nNatural gas from the well that is free of liquid hydrocarbons, or gas that has been treated to remove all liquids; pipeline gas.</p>\r\n\r\n<h1>E</h1>\r\n\r\n<h1>F</h1>\r\n\r\n<p><strong>Farmout</strong><br />\r\nAn arrangement whereby the owner of a lease assigns all or some portion of the lease or licences to another company for undertaking exploration or development activity.</p>\r\n\r\n<p><strong>Finding &amp; Development Costs (F&amp;D)</strong><br />\r\nThe capital costs to find and develop a barrel of oil equivalent, expressed in dollars per boe.</p>\r\n\r\n<p><strong>Formation</strong><br />\r\nA designated mapable sub-surface layer that is composed of substantially the same kind of rock or rock types.</p>\r\n\r\n<p><strong>Fracturing (or fracing)</strong><br />\r\nThe practice of pumping special fluids down the well under high pressure; fracturing causes the formation to crack open, creating passages for the reservoir fluids to flow more easily into the wellbore.</p>\r\n\r\n<h1>G</h1>\r\n\r\n<h1>H</h1>\r\n\r\n<p><strong>Horizontal Drilling</strong><br />\r\nDrilling a well that deviates from the vertical and travels horizontally through a prospective reservoir.</p>\r\n\r\n<p><strong>Hydraulic Fracturing</strong><br />\r\nA controlled operation that pumps a fluid and a propping agent through the wellbore to the target formation at a high pressure in multiple intervals, or stages. A safe and proven way to develop natural gas, hydraulic fracturing has been used throughout the oil and natural gas industry for about 60 years. The fracturing fluids are designed to ensure effective fracturing of the target reservoir and recovery of fluids. The process breaks up the target formation, much like a stone fracturing a windshield, to create pathways that allow the gas to flow from the very low permeability reservoir toward the wellbore.</p>\r\n\r\n<p><strong>Hydrogen Sulphide (H2S)</strong><br />\r\nA naturally occurring, highly toxic gas with the odour of rotten eggs, commonly found in association with natural gas.</p>\r\n\r\n<h1>I</h1>\r\n\r\n<p><strong>Infill Drilling</strong><br />\r\nWells drilled between established producing wells on a lease in order to increase production from the reservoir.</p>\r\n\r\n<h1>J</h1>\r\n\r\n<p><strong>Joint Venture</strong><br />\r\nA cooperative agreement between two or more companies for a specific project or&nbsp;business venture, usually with one company acting as operator. All involved companies share in the costs and profits of the venture.</p>\r\n\r\n<h1>K</h1>\r\n\r\n<h1>L</h1>\r\n\r\n<p><strong>Land</strong><br />\r\nIn the petroleum industry, &quot;land&quot; often refers to the oil and gas rights on a particular area of land. For example, in a &quot;land sale&quot;, the oil and/or gas rights are &quot;sold&quot; (although in reality only the oil and gas rights, not the land, are released).</p>\r\n\r\n<p><strong>Lease</strong><br />\r\nA formal agreement between two or more parties where the owner of the surface and/or mineral rights grants another party the right to drill and produce petroleum substances in exchange for payment.</p>\r\n\r\n<p><strong>Light Crude Oil</strong><br />\r\nLiquid petroleum characterized by low density&nbsp;that flows freely at room temperature.</p>\r\n\r\n<p><strong>Liquefied Natural Gas (LNG)</strong><br />\r\nSupercooled natural gas that is maintained as a liquid at or below 160 Celcius; LNG occupies 1/640th of its original volume and is therefore easier to transport if pipelines cannot be used.</p>\r\n\r\n<h1>M</h1>\r\n\r\n<p><strong>Mineral Rights</strong><br />\r\nThe rights to explore for and produce the resources below the surface. In the petroleum industry, mineral rights can also be referred to as land.</p>\r\n\r\n<p><strong>Multi-Zone Well Completion</strong><br />\r\nCompletion of a well such that production is obtained from several different formations.</p>\r\n\r\n<h1>N</h1>\r\n\r\n<p><strong>Natural Gas</strong><br />\r\nUnderground deposits of gases consisting of 50 to 90 percent methane (CH4) and small amounts of heavier gaseous hydrocarbon compounds such as propane (C3H8) and butane (C4H10).</p>\r\n\r\n<p><strong>Natural Gas Liquids (NGLs)</strong><br />\r\nLiquids obtained during production of natural gas, comprising ethane, propane, butane hexane and heptane.</p>\r\n\r\n<p><strong>Netback</strong><br />\r\nThe amount received from the sale of commodities after applicable deductions have been made. Normally, netbacks are expressed in dollars per unit.</p>\r\n\r\n<ul>\r\n	<li><em>Cash Flow Netback</em></li>\r\n</ul>\r\n\r\n<p>The amount received from the sale of oil and natural gas after cash expenses are deducted. Deducted expenses include operating and transportation interest costs, royalty payments, current taxes, and general and administrative costs.</p>\r\n\r\n<ul>\r\n	<li><em>Field Netback</em></li>\r\n</ul>\r\n\r\n<p>The amount received from the sale of oil and natural gas&nbsp;after royalty payments and operating and transportation interest costs have been deducted.</p>\r\n\r\n<h1>O</h1>\r\n\r\n<h1>P</h1>\r\n\r\n<p><strong>Perforate</strong><br />\r\nThe process of creating holes in the casing to allow hydrocarbons to flow into the wellbore for production; usually consists of a hardened metal rod powered by an explosive charge.</p>\r\n\r\n<p><strong>Permeability</strong><br />\r\nThe ability of a rock to transmit fluid through the pore spaces. &ndash; a key influence on the rate of flow, movement and drainage of the fluids.</p>\r\n\r\n<p><strong>Porosity</strong><br />\r\nVolume of space within a rock that might contain hydrocarbons (like the amount of water a sponge can hold). Represents the open or void space within rock &ndash; usually expressed as a percentage of the total rock volume. Porosity measures the capacity of the rock to hold natural gas, crude oil or water.</p>\r\n\r\n<p><strong>Proppant</strong><br />\r\nSmall particles, typically sand, mixed with the hydraulic fracturing fluid to hold fractures open after a hydraulic fracturing treatment.</p>\r\n\r\n<h1>Q</h1>\r\n\r\n<h1>R</h1>\r\n\r\n<p><strong>Raw Natural Gas</strong><br />\r\nA mixture containing methane plus all or some of the following: ethane, propane, butane, pentanes, condensates, nitrogen, carbon dioxide, hydrogen sulfide, helium, hydrogen, water vapour and minor impurities. Raw natural gas is the gas found naturally in the ground prior to processing. During processing, the volume decreases as impurities and liquids are removed.</p>\r\n\r\n<p><strong>Reserves</strong><br />\r\nRecoverable portion of resources available for use based on current knowledge, technology and economics.</p>\r\n\r\n<ul>\r\n	<li><em>Developed Non-Producing Reserves</em></li>\r\n</ul>\r\n\r\n<p>Those reserves that either have not been on production, or have previously been on production, but are shut-in and the date of resumption of production is unknown.</p>\r\n\r\n<ul>\r\n	<li><em>Developed Producing Reserves</em></li>\r\n</ul>\r\n\r\n<p>Those reserves that are expected to be recovered from completion intervals open at the time of the estimate. They may currently be&nbsp;producing, but if shut-in, must have previously been on production, and the date of resumption of production must be known with certainty.</p>\r\n\r\n<ul>\r\n	<li><em>Developed Reserves</em></li>\r\n</ul>\r\n\r\n<p>Those reserves that are expected to be recovered from existing wells and installed facilities or, if facilities have not been installed, that would involve a low expenditure to put the reserves on production. The developed category may be subdivided into producing and non-producing.</p>\r\n\r\n<ul>\r\n	<li><em>Probable Reserves</em></li>\r\n</ul>\r\n\r\n<p>Reserves believed to exist with reasonable certainty based on geological information.</p>\r\n\r\n<ul>\r\n	<li><em>Proved Reserves</em></li>\r\n</ul>\r\n\r\n<p>Reserves that can be economically produced with a large degree of certainty from known reservoirs using existing technology.</p>\r\n\r\n<ul>\r\n	<li><em>Undeveloped Reserves</em></li>\r\n</ul>\r\n\r\n<p>Those reserves that are expected to be recovered from known accumulations where a significant expenditure is required to render them capable of production.</p>\r\n\r\n<p><strong>Reserve Life Index (RLI) or Reserves to Production Ratio (RPR)</strong><br />\r\nThe hypothetical number of years it would take to deplete reserves at the current production rate. Normally calculated using the latest reported reserves (proved or proved plus probable) divided by the latest reported daily production (annualized). The actual productive life of the reserves can be significantly longer as production declines over time.</p>\r\n\r\n<p><strong>Return on Capital</strong><br />\r\nIt is also known as the return on invested capital (ROIC) and is a measure of how effectively a company utilizes its net assets to generate revenue.</p>\r\n\r\n<p><strong>Royalty</strong><br />\r\nThe owner&rsquo;s share of production or revenues retained by government or freehold mineral rights holders. In oil and natural gas operations, the royalty is usually based on a percentage of the total production.</p>\r\n\r\n<h1>S</h1>\r\n\r\n<p><strong>Seismic</strong><br />\r\nA method of mapping subsurface structures using data derived from transmitting acoustic energy into the earth and recording the energy reflected back from the subsurface geological boundaries.</p>\r\n\r\n<p><strong>Shale</strong><br />\r\nA sedimentary rock formed from the deposition of clay.</p>\r\n\r\n<p><strong>Shrinkage</strong><br />\r\nThe reduction in volume of wet natural gas due to the extraction of some of its constituents, such as hydrocarbon products, hydrogen sulphide, carbon dioxide, nitrogen, helium and water vapour.</p>\r\n\r\n<p><strong>Slick Water Fracturing</strong><br />\r\nA stimulation process where a specially designed water and sand proppant solution is injected into a horizontal well under high pressure to enable the flow of trapped oil and raw natural gas through the fracture channels created.</p>\r\n\r\n<p><strong>Sour Gas</strong><br />\r\nRaw natural gas with a relatively high concentration of sulfur compounds, such as hydrogen sulfide. All natural gas containing more than one percent hydrogen sulfide is considered sour.</p>\r\n\r\n<p><strong>Surface Casing</strong><br />\r\nThe first string of casing put into a well. Surface casing is cemented into bedrock and serves to shut out shallow water formations and as a foundation for well control during drilling operations.</p>\r\n\r\n<p><strong>Surface Rights</strong><br />\r\nThe rights to work on the surface of the land.</p>\r\n\r\n<p><strong>Sweet Gas</strong><br />\r\nRaw natural gas with a relatively low concentration of sulphur compounds, such as hydrogen sulphide.</p>\r\n\r\n<h1>T</h1>\r\n\r\n<h1>U</h1>\r\n\r\n<h1>V</h1>\r\n\r\n<p><strong>Viscosity</strong><br />\r\nThe resistance to flow, or &ldquo;stickiness,&rdquo; of a fluid.</p>\r\n\r\n<h1>W</h1>\r\n\r\n<p><strong>Wellbore</strong><br />\r\nA hole drilled or bored into the earth, usually cased with metal pipe, for the production of natural gas or oil.</p>\r\n\r\n<p><strong>Wellhead</strong><br />\r\nEquipment used to maintain surface control of a well.</p>\r\n\r\n<p><strong>Working Interest</strong><br />\r\nA percentage of ownership in an oil and gas lease granting its owner the right to explore, drill and produce oil and gas from a tract of property. Working interest owners are obligated to pay a corresponding percentage of the cost of leasing, drilling, producing and operating a well or unit. After royalties are paid, the working interest also entitles its owner to share in production revenues with other working interest owners, based on the percentage of working interest owned.</p>\r\n\r\n<h1>X</h1>\r\n\r\n<h1>Y</h1>\r\n\r\n<h1>Z</h1>\r\n',1,0,0,'2015-03-03 17:19:41','2015-03-04 21:30:13',2),(45,'Committees','<h1>Committees</h1>\r\n\r\n<p>Audit Committee</p>\r\n\r\n<p>Reserves Committee</p>\r\n\r\n<p>Corporate Governance and Compensation Committee</p>\r\n',1,0,0,'2015-03-04 22:36:18','2015-03-04 22:36:18',2);

--
-- Table structure for table `whats_new`
--

CREATE TABLE `whats_new` (
  `id` int(11) NOT NULL AUTO_INCREMENT,
  `cms_headline` varchar(255) NOT NULL DEFAULT '',
  `date_submitted` date DEFAULT NULL,
  `summary` varchar(255) NOT NULL DEFAULT '',
  `content` varchar(255) NOT NULL DEFAULT '',
  `link` varchar(255) NOT NULL DEFAULT '',
  `cms_active` tinyint(1) NOT NULL DEFAULT '1',
  `cms_deleted` tinyint(1) NOT NULL DEFAULT '0',
  `cms_draft` tinyint(1) NOT NULL DEFAULT '0',
  `cms_created` datetime NOT NULL,
  `cms_modified` datetime NOT NULL,
  `cms_modified_by_user` int(11) NOT NULL DEFAULT '0',
  PRIMARY KEY (`id`)
) ENGINE=InnoDB DEFAULT CHARSET=utf8;

--
-- Dumping data for table `whats_new`
--


--
-- Table structure for table `workflow`
--

CREATE TABLE `workflow` (
  `id` int(11) NOT NULL AUTO_INCREMENT,
  `page_id` int(11) NOT NULL DEFAULT '0',
  `page_content_id` int(11) NOT NULL DEFAULT '0',
  `workflow_group_id` int(11) NOT NULL DEFAULT '0',
  `asset` varchar(255) NOT NULL DEFAULT '',
  `asset_id` int(11) NOT NULL DEFAULT '0',
  `action` int(11) NOT NULL DEFAULT '0',
  `draft` longtext NOT NULL,
  `submitted` tinyint(1) NOT NULL DEFAULT '0',
  `approved` tinyint(1) NOT NULL DEFAULT '0',
  `comments` text NOT NULL,
  `timed_start` datetime DEFAULT NULL,
  `timed_end` datetime DEFAULT NULL,
  `parent_workflow` int(11) NOT NULL DEFAULT '0',
  `completed` tinyint(1) NOT NULL DEFAULT '0',
  `cms_created` datetime NOT NULL,
  `cms_modified` datetime NOT NULL,
  `cms_modified_by_user` int(11) NOT NULL DEFAULT '0',
  PRIMARY KEY (`id`),
  KEY `object` (`asset`),
  KEY `object_id` (`asset_id`)
) ENGINE=InnoDB DEFAULT CHARSET=utf8;

--
-- Dumping data for table `workflow`
--


--
-- Table structure for table `workflow_group`
--

CREATE TABLE `workflow_group` (
  `id` int(11) NOT NULL AUTO_INCREMENT,
  `workflow_title` varchar(255) NOT NULL DEFAULT '',
  `cms_created` datetime NOT NULL,
  `cms_modified` datetime NOT NULL,
  `cms_modified_by_user` int(11) NOT NULL DEFAULT '0',
  PRIMARY KEY (`id`)
) ENGINE=InnoDB DEFAULT CHARSET=utf8;

--
-- Dumping data for table `workflow_group`
--


--
-- Table structure for table `workflow_users`
--

CREATE TABLE `workflow_users` (
  `id` int(11) NOT NULL AUTO_INCREMENT,
  `workflow_group_id` int(11) NOT NULL DEFAULT '0',
  `user_id` int(11) NOT NULL DEFAULT '0',
  `role` int(11) NOT NULL DEFAULT '0',
  `cms_created` datetime NOT NULL,
  `cms_modified` datetime NOT NULL,
  `cms_modified_by_user` int(11) NOT NULL DEFAULT '0',
  PRIMARY KEY (`id`)
) ENGINE=InnoDB DEFAULT CHARSET=utf8;

--
-- Dumping data for table `workflow_users`
--



